{"id":71,"date":"2021-02-25T15:00:33","date_gmt":"2021-02-25T14:00:33","guid":{"rendered":"http:\/\/www.sausseron-impressionnistes.fr\/?page_id=71"},"modified":"2021-03-02T11:13:17","modified_gmt":"2021-03-02T10:13:17","slug":"a-auvers-sur-oise","status":"publish","type":"page","link":"https:\/\/www.sausseron-impressionnistes.fr\/index.php\/a-auvers-sur-oise\/","title":{"rendered":"Le Sausseron"},"content":{"rendered":"\n<div class=\"wp-block-image is-style-rounded\"><figure class=\"aligncenter size-large is-resized\"><img decoding=\"async\" src=\"https:\/\/www.sausseron-impressionnistes.fr\/wp-content\/uploads\/2021\/03\/sausseron-1024x685.jpg\" alt=\"\" class=\"wp-image-341\" width=\"539\" height=\"360\" srcset=\"https:\/\/www.sausseron-impressionnistes.fr\/wp-content\/uploads\/2021\/03\/sausseron-1024x685.jpg 1024w, https:\/\/www.sausseron-impressionnistes.fr\/wp-content\/uploads\/2021\/03\/sausseron-300x201.jpg 300w, https:\/\/www.sausseron-impressionnistes.fr\/wp-content\/uploads\/2021\/03\/sausseron-768x514.jpg 768w, https:\/\/www.sausseron-impressionnistes.fr\/wp-content\/uploads\/2021\/03\/sausseron.jpg 1280w\" sizes=\"(max-width: 539px) 100vw, 539px\" \/><\/figure><\/div>\n\n\n\n<p>Le Sausseron traverse ou borde, dans deux d\u00e9partements, onze communes d&rsquo;amont en aval :<\/p>\n\n\n\n<p>\u2022 Oise, Neuville-Bosc (source).<\/p>\n\n\n\n<p>\u2022 Val-d&rsquo;Oise, Haravilliers, Berville (Amblainville dans l&rsquo;Oise est bord\u00e9e en rive gauche sur une courte distance), Arronville, M\u00e9nouville, Vallangoujard, Labbeville, Nesles-la-Vall\u00e9e, Valmondois, Parmain (rive gauche).<\/p>\n\n\n\n<p>Les quatre intercommunalit\u00e9s concern\u00e9es sont les Communaut\u00e9 de Communes des Sablons, Communaut\u00e9 de Communes Vexin Centre, Communaut\u00e9 de Communes Sausseron-Impressionnistes, et Communaut\u00e9 de Communes de la Vall\u00e9e de l&rsquo;Oise et des Trois For\u00eats.<\/p>\n\n\n\n<p>Le Sausseron est jalonn\u00e9 de vingt-et-un moulins au XIIIe si\u00e8cle, dont 7 \u00e0 Valmondois. Le plus ancien tourne depuis 1164. En 1899, six moulins \u00e0 eau sont encore en activit\u00e9 sur le cours de la rivi\u00e8re \u00e0 Valmondois.<\/p>\n\n\n\n<p>\u2022 <strong><span class=\"has-inline-color has-vivid-green-cyan-color\">Le Moulin de Labbeville<\/span><\/strong> date du XVIIIe si\u00e8cle, il \u00e9tait le moulin \u00e0 eau le plus performant de la vall\u00e9e du Sausseron gr\u00e2ce \u00e0 une roue \u00e0 aubes de grand diam\u00e8tre et une hauteur de chute d&rsquo;eau de 3 m\u00e8tres, obtenue par une d\u00e9viation du Sausseron par le parc du ch\u00e2teau, \u00e0 l&rsquo;ouest du village. Le moulin a \u00e9t\u00e9 transform\u00e9 en usine m\u00e9tallurgique en 1906, puis converti en habitation.<\/p>\n\n\n\n<p>\u2022 <strong><span class=\"has-inline-color has-vivid-green-cyan-color\">Le Moulin de la Naze \u00e0 Valmondois<\/span><\/strong>, (inscrit monument historique) : Ce moulin \u00e0 eau \u00e9tabli sur le Sausseron est attest\u00e9 depuis 1403. C\u2019est ce moulin qui aurait fourni l\u2019inspiration \u00e0 Jean de La Fontaine, alors h\u00f4te du prince de Conti, pour sa fable \u00ab Le Meunier, son fils et l&rsquo;\u00e2ne \u00bb.<\/p>\n\n\n\n<p>Le moulin est aujourd&rsquo;hui partag\u00e9 entre une habitation et la maison de la Meunerie, l&rsquo;un des mus\u00e9es et maisons \u00e0 th\u00e8me du Parc Naturel R\u00e9gional du Vexin Fran\u00e7ais. Il pr\u00e9sente toujours une roue dite Poncelet, qui tourne de nouveau, et son m\u00e9canisme ancien, qui n&rsquo;a toutefois pas \u00e9t\u00e9 remis en \u00e9tat de fonctionnement.<\/p>\n\n\n\n<p><strong><span class=\"has-inline-color has-vivid-green-cyan-color\">Le Sausseron est entretenu en partie par l\u2019association de p\u00eache \u00abLa Truite du Sausseron\u00bb.<\/span><\/strong>(Le site : http:\/\/la-truite-du-sausseron.eklablog.com)<\/p>\n\n\n\n<p>Le parcours traverse sur plusieurs communes de Labbeville jusqu\u2019\u00e0 Valmondois. Ce qui fait environ 10 Km.<\/p>\n\n\n\n<p><strong><span class=\"has-inline-color has-vivid-green-cyan-color\">L&rsquo;association SAUVEGARDE-VEXIN-SAUSSERON se charge de :<\/span><\/strong><\/p>\n\n\n\n<p>\u2022 Pr\u00e9server le patrimoine natuel et sa biodiversit\u00e9 : faune, flore, eau, rivi\u00e8res et zones humides, espaces bois\u00e9s et for\u00eats, lutte contre les pollutions.<\/p>\n\n\n\n<p>\u2022 Sauvegarder le patrimoine mat\u00e9riel et immat\u00e9riel de la Vall\u00e9e du Sausseron.<\/p>\n\n\n\n<p>\u2022 Pr\u00e9server et r\u00e9habiliter le patrimoine architectural, particuli\u00e8rement le b\u00e2ti rural ancien et les mat\u00e9riaux traditionnels.<\/p>\n\n\n\n<p>(Le site : https:\/\/www.sauvegardevexinsausseron.fr)<\/p>\n","protected":false},"excerpt":{"rendered":"<p>Le Sausseron traverse ou borde, dans deux d\u00e9partements, onze communes d&rsquo;amont en aval : \u2022 Oise, Neuville-Bosc (source). \u2022 Val-d&rsquo;Oise, Haravilliers, Berville (Amblainville dans l&rsquo;Oise est bord\u00e9e en rive gauche sur une courte distance), Arronville, M\u00e9nouville, Vallangoujard, Labbeville, Nesles-la-Vall\u00e9e, Valmondois, Parmain (rive gauche). Les quatre intercommunalit\u00e9s concern\u00e9es sont les Communaut\u00e9 de Communes des Sablons, Communaut\u00e9 &hellip; <\/p>\n<p class=\"link-more\"><a href=\"https:\/\/www.sausseron-impressionnistes.fr\/index.php\/a-auvers-sur-oise\/\" class=\"more-link\">Continuer la lecture<span class=\"screen-reader-text\"> de &laquo;&nbsp;Le Sausseron&nbsp;&raquo;<\/span><\/a><\/p>\n","protected":false},"author":1,"featured_media":0,"parent":0,"menu_order":0,"comment_status":"closed","ping_status":"closed","template":"","meta":{"footnotes":""},"class_list":["post-71","page","type-page","status-publish","hentry"],"yoast_head":"<!-- This site is optimized with the Yoast SEO plugin v27.5 - https:\/\/yoast.com\/product\/yoast-seo-wordpress\/ -->\n<title>Le Sausseron - Communaut\u00e9 de Communes Sausseron Impressionnistes<\/title>\n<meta name=\"robots\" content=\"index, follow, max-snippet:-1, max-image-preview:large, max-video-preview:-1\" \/>\n<link rel=\"canonical\" href=\"https:\/\/www.sausseron-impressionnistes.fr\/index.php\/a-auvers-sur-oise\/\" \/>\n<meta property=\"og:locale\" content=\"fr_FR\" \/>\n<meta property=\"og:type\" content=\"article\" \/>\n<meta property=\"og:title\" content=\"Le Sausseron - Communaut\u00e9 de Communes Sausseron Impressionnistes\" \/>\n<meta property=\"og:description\" content=\"Le Sausseron traverse ou borde, dans deux d\u00e9partements, onze communes d&rsquo;amont en aval : \u2022 Oise, Neuville-Bosc (source). \u2022 Val-d&rsquo;Oise, Haravilliers, Berville (Amblainville dans l&rsquo;Oise est bord\u00e9e en rive gauche sur une courte distance), Arronville, M\u00e9nouville, Vallangoujard, Labbeville, Nesles-la-Vall\u00e9e, Valmondois, Parmain (rive gauche). Les quatre intercommunalit\u00e9s concern\u00e9es sont les Communaut\u00e9 de Communes des Sablons, Communaut\u00e9 &hellip; Continuer la lecture de &laquo;&nbsp;Le Sausseron&nbsp;&raquo;\" \/>\n<meta property=\"og:url\" content=\"https:\/\/www.sausseron-impressionnistes.fr\/index.php\/a-auvers-sur-oise\/\" \/>\n<meta property=\"og:site_name\" content=\"Communaut\u00e9 de Communes Sausseron Impressionnistes\" \/>\n<meta property=\"article:modified_time\" content=\"2021-03-02T10:13:17+00:00\" \/>\n<meta property=\"og:image\" content=\"http:\/\/www.sausseron-impressionnistes.fr\/wp-content\/uploads\/2021\/03\/sausseron-1024x685.jpg\" \/>\n<meta name=\"twitter:card\" content=\"summary_large_image\" \/>\n<meta name=\"twitter:label1\" content=\"Dur\u00e9e de lecture estim\u00e9e\" \/>\n\t<meta name=\"twitter:data1\" content=\"2 minutes\" \/>\n<script type=\"application\/ld+json\" class=\"yoast-schema-graph\">{\"@context\":\"https:\\\/\\\/schema.org\",\"@graph\":[{\"@type\":\"WebPage\",\"@id\":\"https:\\\/\\\/www.sausseron-impressionnistes.fr\\\/index.php\\\/a-auvers-sur-oise\\\/\",\"url\":\"https:\\\/\\\/www.sausseron-impressionnistes.fr\\\/index.php\\\/a-auvers-sur-oise\\\/\",\"name\":\"Le Sausseron - Communaut\u00e9 de Communes Sausseron Impressionnistes\",\"isPartOf\":{\"@id\":\"https:\\\/\\\/www.sausseron-impressionnistes.fr\\\/#website\"},\"primaryImageOfPage\":{\"@id\":\"https:\\\/\\\/www.sausseron-impressionnistes.fr\\\/index.php\\\/a-auvers-sur-oise\\\/#primaryimage\"},\"image\":{\"@id\":\"https:\\\/\\\/www.sausseron-impressionnistes.fr\\\/index.php\\\/a-auvers-sur-oise\\\/#primaryimage\"},\"thumbnailUrl\":\"http:\\\/\\\/www.sausseron-impressionnistes.fr\\\/wp-content\\\/uploads\\\/2021\\\/03\\\/sausseron-1024x685.jpg\",\"datePublished\":\"2021-02-25T14:00:33+00:00\",\"dateModified\":\"2021-03-02T10:13:17+00:00\",\"breadcrumb\":{\"@id\":\"https:\\\/\\\/www.sausseron-impressionnistes.fr\\\/index.php\\\/a-auvers-sur-oise\\\/#breadcrumb\"},\"inLanguage\":\"fr-FR\",\"potentialAction\":[{\"@type\":\"ReadAction\",\"target\":[\"https:\\\/\\\/www.sausseron-impressionnistes.fr\\\/index.php\\\/a-auvers-sur-oise\\\/\"]}]},{\"@type\":\"ImageObject\",\"inLanguage\":\"fr-FR\",\"@id\":\"https:\\\/\\\/www.sausseron-impressionnistes.fr\\\/index.php\\\/a-auvers-sur-oise\\\/#primaryimage\",\"url\":\"http:\\\/\\\/www.sausseron-impressionnistes.fr\\\/wp-content\\\/uploads\\\/2021\\\/03\\\/sausseron-1024x685.jpg\",\"contentUrl\":\"http:\\\/\\\/www.sausseron-impressionnistes.fr\\\/wp-content\\\/uploads\\\/2021\\\/03\\\/sausseron-1024x685.jpg\"},{\"@type\":\"BreadcrumbList\",\"@id\":\"https:\\\/\\\/www.sausseron-impressionnistes.fr\\\/index.php\\\/a-auvers-sur-oise\\\/#breadcrumb\",\"itemListElement\":[{\"@type\":\"ListItem\",\"position\":1,\"name\":\"Accueil\",\"item\":\"https:\\\/\\\/www.sausseron-impressionnistes.fr\\\/\"},{\"@type\":\"ListItem\",\"position\":2,\"name\":\"Le Sausseron\"}]},{\"@type\":\"WebSite\",\"@id\":\"https:\\\/\\\/www.sausseron-impressionnistes.fr\\\/#website\",\"url\":\"https:\\\/\\\/www.sausseron-impressionnistes.fr\\\/\",\"name\":\"Communaut\u00e9 de Communes Sausseron Impressionnistes\",\"description\":\"\",\"potentialAction\":[{\"@type\":\"SearchAction\",\"target\":{\"@type\":\"EntryPoint\",\"urlTemplate\":\"https:\\\/\\\/www.sausseron-impressionnistes.fr\\\/?s={search_term_string}\"},\"query-input\":{\"@type\":\"PropertyValueSpecification\",\"valueRequired\":true,\"valueName\":\"search_term_string\"}}],\"inLanguage\":\"fr-FR\"}]}<\/script>\n<!-- \/ Yoast SEO plugin. -->","yoast_head_json":{"title":"Le Sausseron - Communaut\u00e9 de Communes Sausseron Impressionnistes","robots":{"index":"index","follow":"follow","max-snippet":"max-snippet:-1","max-image-preview":"max-image-preview:large","max-video-preview":"max-video-preview:-1"},"canonical":"https:\/\/www.sausseron-impressionnistes.fr\/index.php\/a-auvers-sur-oise\/","og_locale":"fr_FR","og_type":"article","og_title":"Le Sausseron - Communaut\u00e9 de Communes Sausseron Impressionnistes","og_description":"Le Sausseron traverse ou borde, dans deux d\u00e9partements, onze communes d&rsquo;amont en aval : \u2022 Oise, Neuville-Bosc (source). \u2022 Val-d&rsquo;Oise, Haravilliers, Berville (Amblainville dans l&rsquo;Oise est bord\u00e9e en rive gauche sur une courte distance), Arronville, M\u00e9nouville, Vallangoujard, Labbeville, Nesles-la-Vall\u00e9e, Valmondois, Parmain (rive gauche). Les quatre intercommunalit\u00e9s concern\u00e9es sont les Communaut\u00e9 de Communes des Sablons, Communaut\u00e9 &hellip; Continuer la lecture de &laquo;&nbsp;Le Sausseron&nbsp;&raquo;","og_url":"https:\/\/www.sausseron-impressionnistes.fr\/index.php\/a-auvers-sur-oise\/","og_site_name":"Communaut\u00e9 de Communes Sausseron Impressionnistes","article_modified_time":"2021-03-02T10:13:17+00:00","og_image":[{"url":"http:\/\/www.sausseron-impressionnistes.fr\/wp-content\/uploads\/2021\/03\/sausseron-1024x685.jpg","type":"","width":"","height":""}],"twitter_card":"summary_large_image","twitter_misc":{"Dur\u00e9e de lecture estim\u00e9e":"2 minutes"},"schema":{"@context":"https:\/\/schema.org","@graph":[{"@type":"WebPage","@id":"https:\/\/www.sausseron-impressionnistes.fr\/index.php\/a-auvers-sur-oise\/","url":"https:\/\/www.sausseron-impressionnistes.fr\/index.php\/a-auvers-sur-oise\/","name":"Le Sausseron - Communaut\u00e9 de Communes Sausseron Impressionnistes","isPartOf":{"@id":"https:\/\/www.sausseron-impressionnistes.fr\/#website"},"primaryImageOfPage":{"@id":"https:\/\/www.sausseron-impressionnistes.fr\/index.php\/a-auvers-sur-oise\/#primaryimage"},"image":{"@id":"https:\/\/www.sausseron-impressionnistes.fr\/index.php\/a-auvers-sur-oise\/#primaryimage"},"thumbnailUrl":"http:\/\/www.sausseron-impressionnistes.fr\/wp-content\/uploads\/2021\/03\/sausseron-1024x685.jpg","datePublished":"2021-02-25T14:00:33+00:00","dateModified":"2021-03-02T10:13:17+00:00","breadcrumb":{"@id":"https:\/\/www.sausseron-impressionnistes.fr\/index.php\/a-auvers-sur-oise\/#breadcrumb"},"inLanguage":"fr-FR","potentialAction":[{"@type":"ReadAction","target":["https:\/\/www.sausseron-impressionnistes.fr\/index.php\/a-auvers-sur-oise\/"]}]},{"@type":"ImageObject","inLanguage":"fr-FR","@id":"https:\/\/www.sausseron-impressionnistes.fr\/index.php\/a-auvers-sur-oise\/#primaryimage","url":"http:\/\/www.sausseron-impressionnistes.fr\/wp-content\/uploads\/2021\/03\/sausseron-1024x685.jpg","contentUrl":"http:\/\/www.sausseron-impressionnistes.fr\/wp-content\/uploads\/2021\/03\/sausseron-1024x685.jpg"},{"@type":"BreadcrumbList","@id":"https:\/\/www.sausseron-impressionnistes.fr\/index.php\/a-auvers-sur-oise\/#breadcrumb","itemListElement":[{"@type":"ListItem","position":1,"name":"Accueil","item":"https:\/\/www.sausseron-impressionnistes.fr\/"},{"@type":"ListItem","position":2,"name":"Le Sausseron"}]},{"@type":"WebSite","@id":"https:\/\/www.sausseron-impressionnistes.fr\/#website","url":"https:\/\/www.sausseron-impressionnistes.fr\/","name":"Communaut\u00e9 de Communes Sausseron Impressionnistes","description":"","potentialAction":[{"@type":"SearchAction","target":{"@type":"EntryPoint","urlTemplate":"https:\/\/www.sausseron-impressionnistes.fr\/?s={search_term_string}"},"query-input":{"@type":"PropertyValueSpecification","valueRequired":true,"valueName":"search_term_string"}}],"inLanguage":"fr-FR"}]}},"_links":{"self":[{"href":"https:\/\/www.sausseron-impressionnistes.fr\/index.php\/wp-json\/wp\/v2\/pages\/71","targetHints":{"allow":["GET"]}}],"collection":[{"href":"https:\/\/www.sausseron-impressionnistes.fr\/index.php\/wp-json\/wp\/v2\/pages"}],"about":[{"href":"https:\/\/www.sausseron-impressionnistes.fr\/index.php\/wp-json\/wp\/v2\/types\/page"}],"author":[{"embeddable":true,"href":"https:\/\/www.sausseron-impressionnistes.fr\/index.php\/wp-json\/wp\/v2\/users\/1"}],"replies":[{"embeddable":true,"href":"https:\/\/www.sausseron-impressionnistes.fr\/index.php\/wp-json\/wp\/v2\/comments?post=71"}],"version-history":[{"count":3,"href":"https:\/\/www.sausseron-impressionnistes.fr\/index.php\/wp-json\/wp\/v2\/pages\/71\/revisions"}],"predecessor-version":[{"id":482,"href":"https:\/\/www.sausseron-impressionnistes.fr\/index.php\/wp-json\/wp\/v2\/pages\/71\/revisions\/482"}],"wp:attachment":[{"href":"https:\/\/www.sausseron-impressionnistes.fr\/index.php\/wp-json\/wp\/v2\/media?parent=71"}],"curies":[{"name":"wp","href":"https:\/\/api.w.org\/{rel}","templated":true}]}}