{"id":30,"date":"2021-02-25T14:25:48","date_gmt":"2021-02-25T13:25:48","guid":{"rendered":"http:\/\/www.sausseron-impressionnistes.fr\/?page_id=30"},"modified":"2025-12-03T18:15:29","modified_gmt":"2025-12-03T17:15:29","slug":"a-propos-de","status":"publish","type":"page","link":"https:\/\/www.sausseron-impressionnistes.fr\/index.php\/a-propos-de\/","title":{"rendered":"La Vall\u00e9e du Sausseron et des Impressionnistes"},"content":{"rendered":"\n<figure class=\"wp-block-image size-large\"><img decoding=\"async\" width=\"1024\" height=\"774\" src=\"https:\/\/www.sausseron-impressionnistes.fr\/wp-content\/uploads\/2021\/03\/Nouvelle-carte-3--1024x774.png\" alt=\"\" class=\"wp-image-210\" srcset=\"https:\/\/www.sausseron-impressionnistes.fr\/wp-content\/uploads\/2021\/03\/Nouvelle-carte-3--1024x774.png 1024w, https:\/\/www.sausseron-impressionnistes.fr\/wp-content\/uploads\/2021\/03\/Nouvelle-carte-3--300x227.png 300w, https:\/\/www.sausseron-impressionnistes.fr\/wp-content\/uploads\/2021\/03\/Nouvelle-carte-3--768x581.png 768w, https:\/\/www.sausseron-impressionnistes.fr\/wp-content\/uploads\/2021\/03\/Nouvelle-carte-3--1536x1161.png 1536w, https:\/\/www.sausseron-impressionnistes.fr\/wp-content\/uploads\/2021\/03\/Nouvelle-carte-3-.png 1873w\" sizes=\"(max-width: 706px) 89vw, (max-width: 767px) 82vw, 740px\" \/><\/figure>\n\n\n\n<p>Situ\u00e9e au coeur du Parc Naturel R\u00e9gional du Vexin Fran\u00e7ais, la vall\u00e9e du Sausseron garde son caract\u00e8re pittoresque et historique unique.&nbsp;<\/p>\n\n\n\n<p>Un certain nombre de motifs paysagers affirment sa forte identit\u00e9 : vall\u00e9e encaiss\u00e9e, bois et vastes champs, villages et rues implant\u00e9s sur les pentes du rebord de coteau, b\u00e2ti group\u00e9 bien pr\u00e9serv\u00e9, fermes remarquables dans les bourgs ou plus rarement majestueusement isol\u00e9es, \u00e9glises perch\u00e9es, ch\u00e2teaux et parcs de fond de vall\u00e9e, riche patrimoine li\u00e9 \u00e0 l\u2019eau (moulins, lavoirs, abreuvoirs ponts) , paysages apaisants des vall\u00e9es.&nbsp;<\/p>\n\n\n\n<p>Cr\u00e9\u00e9e en 2003, la Communaut\u00e9 de Communes a d\u2019abord regroup\u00e9 12 villes (environ 9 000 habitants).&nbsp;<\/p>\n\n\n\n<p>En 2013 la Commune de FROUVILLE y sera rattach\u00e9e.&nbsp;<\/p>\n\n\n\n<p>La r\u00e9forme territoriale engag\u00e9e en 2015 (Loi NOTRe) a conduit, au 1er janvier 2016 le rattachement de 3 nouvelles villes issues de l&rsquo;\u00e9clatement de la Communaut\u00e9 de Communes de la Vall\u00e9e de l\u2019Oise et des Impressionnistes (CCVOI). La ville de BERVILLE choisira d\u2019adh\u00e9rer \u00e0 la Communaut\u00e9 Vexin-Centre.&nbsp;<\/p>\n\n\n\n<p><span class=\"has-inline-color has-luminous-vivid-amber-color\"><strong>\u00c0<\/strong> <strong>ce jour la Communaut\u00e9 regroupe 15 villes pour 19 672 habitants :&nbsp;<\/strong><\/span><\/p>\n\n\n\n<p><strong>Pr\u00e9sidente : <\/strong>Mme Isabelle M\u00e9zi\u00e8res, Maire d&rsquo;Auvers-sur-Oise<\/p>\n\n\n\n<figure class=\"wp-block-table\"><table><tbody><tr><td class=\"has-text-align-center\" data-align=\"center\">Arronville<\/td><td class=\"has-text-align-center\" data-align=\"center\">Frouville<\/td><td class=\"has-text-align-center\" data-align=\"center\">Livilliers<\/td><\/tr><tr><td class=\"has-text-align-center\" data-align=\"center\">Auvers-sur-Oise<\/td><td class=\"has-text-align-center\" data-align=\"center\">G\u00e9nicourt<\/td><td class=\"has-text-align-center\" data-align=\"center\">M\u00e9nouville<\/td><\/tr><tr><td class=\"has-text-align-center\" data-align=\"center\">Butry-sur-Oise<\/td><td class=\"has-text-align-center\" data-align=\"center\">H\u00e9douville<\/td><td class=\"has-text-align-center\" data-align=\"center\">Nesles-la-Vall\u00e9e<\/td><\/tr><tr><td class=\"has-text-align-center\" data-align=\"center\">Ennery<\/td><td class=\"has-text-align-center\" data-align=\"center\">H\u00e9rouville-en-Vexin<\/td><td class=\"has-text-align-center\" data-align=\"center\">Valmondois<\/td><\/tr><tr><td class=\"has-text-align-center\" data-align=\"center\">\u00c9piais-Rhus<\/td><td class=\"has-text-align-center\" data-align=\"center\">Labbeville<\/td><td class=\"has-text-align-center\" data-align=\"center\">Vallangoujard<\/td><\/tr><\/tbody><\/table><\/figure>\n\n\n\n<figure class=\"wp-block-image size-full\"><img decoding=\"async\" width=\"757\" height=\"905\" src=\"https:\/\/www.sausseron-impressionnistes.fr\/wp-content\/uploads\/2025\/10\/CCSI.png\" alt=\"\" class=\"wp-image-3441\" srcset=\"https:\/\/www.sausseron-impressionnistes.fr\/wp-content\/uploads\/2025\/10\/CCSI.png 757w, https:\/\/www.sausseron-impressionnistes.fr\/wp-content\/uploads\/2025\/10\/CCSI-251x300.png 251w\" sizes=\"(max-width: 706px) 89vw, (max-width: 767px) 82vw, 740px\" \/><\/figure>\n\n\n\n<p><\/p>\n","protected":false},"excerpt":{"rendered":"<p>Situ\u00e9e au coeur du Parc Naturel R\u00e9gional du Vexin Fran\u00e7ais, la vall\u00e9e du Sausseron garde son caract\u00e8re pittoresque et historique unique.&nbsp; Un certain nombre de motifs paysagers affirment sa forte identit\u00e9 : vall\u00e9e encaiss\u00e9e, bois et vastes champs, villages et rues implant\u00e9s sur les pentes du rebord de coteau, b\u00e2ti group\u00e9 bien pr\u00e9serv\u00e9, fermes remarquables &hellip; <\/p>\n<p class=\"link-more\"><a href=\"https:\/\/www.sausseron-impressionnistes.fr\/index.php\/a-propos-de\/\" class=\"more-link\">Continuer la lecture<span class=\"screen-reader-text\"> de &laquo;&nbsp;La Vall\u00e9e du Sausseron et des Impressionnistes&nbsp;&raquo;<\/span><\/a><\/p>\n","protected":false},"author":1,"featured_media":0,"parent":0,"menu_order":0,"comment_status":"closed","ping_status":"closed","template":"","meta":{"footnotes":""},"class_list":["post-30","page","type-page","status-publish","hentry"],"yoast_head":"<!-- This site is optimized with the Yoast SEO plugin v27.4 - https:\/\/yoast.com\/product\/yoast-seo-wordpress\/ -->\n<title>La Vall\u00e9e du Sausseron et des Impressionnistes - Communaut\u00e9 de Communes Sausseron Impressionnistes<\/title>\n<meta name=\"robots\" content=\"index, follow, max-snippet:-1, max-image-preview:large, max-video-preview:-1\" \/>\n<link rel=\"canonical\" href=\"https:\/\/www.sausseron-impressionnistes.fr\/index.php\/a-propos-de\/\" \/>\n<meta property=\"og:locale\" content=\"fr_FR\" \/>\n<meta property=\"og:type\" content=\"article\" \/>\n<meta property=\"og:title\" content=\"La Vall\u00e9e du Sausseron et des Impressionnistes - Communaut\u00e9 de Communes Sausseron Impressionnistes\" \/>\n<meta property=\"og:description\" content=\"Situ\u00e9e au coeur du Parc Naturel R\u00e9gional du Vexin Fran\u00e7ais, la vall\u00e9e du Sausseron garde son caract\u00e8re pittoresque et historique unique.&nbsp; Un certain nombre de motifs paysagers affirment sa forte identit\u00e9 : vall\u00e9e encaiss\u00e9e, bois et vastes champs, villages et rues implant\u00e9s sur les pentes du rebord de coteau, b\u00e2ti group\u00e9 bien pr\u00e9serv\u00e9, fermes remarquables &hellip; Continuer la lecture de &laquo;&nbsp;La Vall\u00e9e du Sausseron et des Impressionnistes&nbsp;&raquo;\" \/>\n<meta property=\"og:url\" content=\"https:\/\/www.sausseron-impressionnistes.fr\/index.php\/a-propos-de\/\" \/>\n<meta property=\"og:site_name\" content=\"Communaut\u00e9 de Communes Sausseron Impressionnistes\" \/>\n<meta property=\"article:modified_time\" content=\"2025-12-03T17:15:29+00:00\" \/>\n<meta property=\"og:image\" content=\"http:\/\/www.sausseron-impressionnistes.fr\/wp-content\/uploads\/2021\/03\/Nouvelle-carte-3--1024x774.png\" \/>\n<meta name=\"twitter:card\" content=\"summary_large_image\" \/>\n<meta name=\"twitter:label1\" content=\"Dur\u00e9e de lecture estim\u00e9e\" \/>\n\t<meta name=\"twitter:data1\" content=\"2 minutes\" \/>\n<script type=\"application\/ld+json\" class=\"yoast-schema-graph\">{\"@context\":\"https:\\\/\\\/schema.org\",\"@graph\":[{\"@type\":\"WebPage\",\"@id\":\"https:\\\/\\\/www.sausseron-impressionnistes.fr\\\/index.php\\\/a-propos-de\\\/\",\"url\":\"https:\\\/\\\/www.sausseron-impressionnistes.fr\\\/index.php\\\/a-propos-de\\\/\",\"name\":\"La Vall\u00e9e du Sausseron et des Impressionnistes - Communaut\u00e9 de Communes Sausseron Impressionnistes\",\"isPartOf\":{\"@id\":\"https:\\\/\\\/www.sausseron-impressionnistes.fr\\\/#website\"},\"primaryImageOfPage\":{\"@id\":\"https:\\\/\\\/www.sausseron-impressionnistes.fr\\\/index.php\\\/a-propos-de\\\/#primaryimage\"},\"image\":{\"@id\":\"https:\\\/\\\/www.sausseron-impressionnistes.fr\\\/index.php\\\/a-propos-de\\\/#primaryimage\"},\"thumbnailUrl\":\"http:\\\/\\\/www.sausseron-impressionnistes.fr\\\/wp-content\\\/uploads\\\/2021\\\/03\\\/Nouvelle-carte-3--1024x774.png\",\"datePublished\":\"2021-02-25T13:25:48+00:00\",\"dateModified\":\"2025-12-03T17:15:29+00:00\",\"breadcrumb\":{\"@id\":\"https:\\\/\\\/www.sausseron-impressionnistes.fr\\\/index.php\\\/a-propos-de\\\/#breadcrumb\"},\"inLanguage\":\"fr-FR\",\"potentialAction\":[{\"@type\":\"ReadAction\",\"target\":[\"https:\\\/\\\/www.sausseron-impressionnistes.fr\\\/index.php\\\/a-propos-de\\\/\"]}]},{\"@type\":\"ImageObject\",\"inLanguage\":\"fr-FR\",\"@id\":\"https:\\\/\\\/www.sausseron-impressionnistes.fr\\\/index.php\\\/a-propos-de\\\/#primaryimage\",\"url\":\"http:\\\/\\\/www.sausseron-impressionnistes.fr\\\/wp-content\\\/uploads\\\/2021\\\/03\\\/Nouvelle-carte-3--1024x774.png\",\"contentUrl\":\"http:\\\/\\\/www.sausseron-impressionnistes.fr\\\/wp-content\\\/uploads\\\/2021\\\/03\\\/Nouvelle-carte-3--1024x774.png\"},{\"@type\":\"BreadcrumbList\",\"@id\":\"https:\\\/\\\/www.sausseron-impressionnistes.fr\\\/index.php\\\/a-propos-de\\\/#breadcrumb\",\"itemListElement\":[{\"@type\":\"ListItem\",\"position\":1,\"name\":\"Accueil\",\"item\":\"https:\\\/\\\/www.sausseron-impressionnistes.fr\\\/\"},{\"@type\":\"ListItem\",\"position\":2,\"name\":\"La Vall\u00e9e du Sausseron et des Impressionnistes\"}]},{\"@type\":\"WebSite\",\"@id\":\"https:\\\/\\\/www.sausseron-impressionnistes.fr\\\/#website\",\"url\":\"https:\\\/\\\/www.sausseron-impressionnistes.fr\\\/\",\"name\":\"Communaut\u00e9 de Communes Sausseron Impressionnistes\",\"description\":\"\",\"potentialAction\":[{\"@type\":\"SearchAction\",\"target\":{\"@type\":\"EntryPoint\",\"urlTemplate\":\"https:\\\/\\\/www.sausseron-impressionnistes.fr\\\/?s={search_term_string}\"},\"query-input\":{\"@type\":\"PropertyValueSpecification\",\"valueRequired\":true,\"valueName\":\"search_term_string\"}}],\"inLanguage\":\"fr-FR\"}]}<\/script>\n<!-- \/ Yoast SEO plugin. -->","yoast_head_json":{"title":"La Vall\u00e9e du Sausseron et des Impressionnistes - Communaut\u00e9 de Communes Sausseron Impressionnistes","robots":{"index":"index","follow":"follow","max-snippet":"max-snippet:-1","max-image-preview":"max-image-preview:large","max-video-preview":"max-video-preview:-1"},"canonical":"https:\/\/www.sausseron-impressionnistes.fr\/index.php\/a-propos-de\/","og_locale":"fr_FR","og_type":"article","og_title":"La Vall\u00e9e du Sausseron et des Impressionnistes - Communaut\u00e9 de Communes Sausseron Impressionnistes","og_description":"Situ\u00e9e au coeur du Parc Naturel R\u00e9gional du Vexin Fran\u00e7ais, la vall\u00e9e du Sausseron garde son caract\u00e8re pittoresque et historique unique.&nbsp; Un certain nombre de motifs paysagers affirment sa forte identit\u00e9 : vall\u00e9e encaiss\u00e9e, bois et vastes champs, villages et rues implant\u00e9s sur les pentes du rebord de coteau, b\u00e2ti group\u00e9 bien pr\u00e9serv\u00e9, fermes remarquables &hellip; Continuer la lecture de &laquo;&nbsp;La Vall\u00e9e du Sausseron et des Impressionnistes&nbsp;&raquo;","og_url":"https:\/\/www.sausseron-impressionnistes.fr\/index.php\/a-propos-de\/","og_site_name":"Communaut\u00e9 de Communes Sausseron Impressionnistes","article_modified_time":"2025-12-03T17:15:29+00:00","og_image":[{"url":"http:\/\/www.sausseron-impressionnistes.fr\/wp-content\/uploads\/2021\/03\/Nouvelle-carte-3--1024x774.png","type":"","width":"","height":""}],"twitter_card":"summary_large_image","twitter_misc":{"Dur\u00e9e de lecture estim\u00e9e":"2 minutes"},"schema":{"@context":"https:\/\/schema.org","@graph":[{"@type":"WebPage","@id":"https:\/\/www.sausseron-impressionnistes.fr\/index.php\/a-propos-de\/","url":"https:\/\/www.sausseron-impressionnistes.fr\/index.php\/a-propos-de\/","name":"La Vall\u00e9e du Sausseron et des Impressionnistes - Communaut\u00e9 de Communes Sausseron Impressionnistes","isPartOf":{"@id":"https:\/\/www.sausseron-impressionnistes.fr\/#website"},"primaryImageOfPage":{"@id":"https:\/\/www.sausseron-impressionnistes.fr\/index.php\/a-propos-de\/#primaryimage"},"image":{"@id":"https:\/\/www.sausseron-impressionnistes.fr\/index.php\/a-propos-de\/#primaryimage"},"thumbnailUrl":"http:\/\/www.sausseron-impressionnistes.fr\/wp-content\/uploads\/2021\/03\/Nouvelle-carte-3--1024x774.png","datePublished":"2021-02-25T13:25:48+00:00","dateModified":"2025-12-03T17:15:29+00:00","breadcrumb":{"@id":"https:\/\/www.sausseron-impressionnistes.fr\/index.php\/a-propos-de\/#breadcrumb"},"inLanguage":"fr-FR","potentialAction":[{"@type":"ReadAction","target":["https:\/\/www.sausseron-impressionnistes.fr\/index.php\/a-propos-de\/"]}]},{"@type":"ImageObject","inLanguage":"fr-FR","@id":"https:\/\/www.sausseron-impressionnistes.fr\/index.php\/a-propos-de\/#primaryimage","url":"http:\/\/www.sausseron-impressionnistes.fr\/wp-content\/uploads\/2021\/03\/Nouvelle-carte-3--1024x774.png","contentUrl":"http:\/\/www.sausseron-impressionnistes.fr\/wp-content\/uploads\/2021\/03\/Nouvelle-carte-3--1024x774.png"},{"@type":"BreadcrumbList","@id":"https:\/\/www.sausseron-impressionnistes.fr\/index.php\/a-propos-de\/#breadcrumb","itemListElement":[{"@type":"ListItem","position":1,"name":"Accueil","item":"https:\/\/www.sausseron-impressionnistes.fr\/"},{"@type":"ListItem","position":2,"name":"La Vall\u00e9e du Sausseron et des Impressionnistes"}]},{"@type":"WebSite","@id":"https:\/\/www.sausseron-impressionnistes.fr\/#website","url":"https:\/\/www.sausseron-impressionnistes.fr\/","name":"Communaut\u00e9 de Communes Sausseron Impressionnistes","description":"","potentialAction":[{"@type":"SearchAction","target":{"@type":"EntryPoint","urlTemplate":"https:\/\/www.sausseron-impressionnistes.fr\/?s={search_term_string}"},"query-input":{"@type":"PropertyValueSpecification","valueRequired":true,"valueName":"search_term_string"}}],"inLanguage":"fr-FR"}]}},"_links":{"self":[{"href":"https:\/\/www.sausseron-impressionnistes.fr\/index.php\/wp-json\/wp\/v2\/pages\/30","targetHints":{"allow":["GET"]}}],"collection":[{"href":"https:\/\/www.sausseron-impressionnistes.fr\/index.php\/wp-json\/wp\/v2\/pages"}],"about":[{"href":"https:\/\/www.sausseron-impressionnistes.fr\/index.php\/wp-json\/wp\/v2\/types\/page"}],"author":[{"embeddable":true,"href":"https:\/\/www.sausseron-impressionnistes.fr\/index.php\/wp-json\/wp\/v2\/users\/1"}],"replies":[{"embeddable":true,"href":"https:\/\/www.sausseron-impressionnistes.fr\/index.php\/wp-json\/wp\/v2\/comments?post=30"}],"version-history":[{"count":7,"href":"https:\/\/www.sausseron-impressionnistes.fr\/index.php\/wp-json\/wp\/v2\/pages\/30\/revisions"}],"predecessor-version":[{"id":3501,"href":"https:\/\/www.sausseron-impressionnistes.fr\/index.php\/wp-json\/wp\/v2\/pages\/30\/revisions\/3501"}],"wp:attachment":[{"href":"https:\/\/www.sausseron-impressionnistes.fr\/index.php\/wp-json\/wp\/v2\/media?parent=30"}],"curies":[{"name":"wp","href":"https:\/\/api.w.org\/{rel}","templated":true}]}}