{"id":2992,"date":"2025-01-13T17:17:00","date_gmt":"2025-01-13T16:17:00","guid":{"rendered":"https:\/\/www.sausseron-impressionnistes.fr\/?page_id=2992"},"modified":"2026-03-12T18:04:52","modified_gmt":"2026-03-12T17:04:52","slug":"maison-des-familles","status":"publish","type":"page","link":"https:\/\/www.sausseron-impressionnistes.fr\/index.php\/maison-des-familles\/","title":{"rendered":"Maison des familles"},"content":{"rendered":"<div class=\"wp-block-image\">\n<figure class=\"aligncenter size-full is-resized\"><img decoding=\"async\" width=\"361\" height=\"316\" src=\"https:\/\/www.sausseron-impressionnistes.fr\/wp-content\/uploads\/2025\/01\/LOGO-MAISON-DES-FAMILLES.png\" alt=\"\" class=\"wp-image-3036\" style=\"width:204px;height:auto\" srcset=\"https:\/\/www.sausseron-impressionnistes.fr\/wp-content\/uploads\/2025\/01\/LOGO-MAISON-DES-FAMILLES.png 361w, https:\/\/www.sausseron-impressionnistes.fr\/wp-content\/uploads\/2025\/01\/LOGO-MAISON-DES-FAMILLES-300x263.png 300w\" sizes=\"(max-width: 361px) 100vw, 361px\" \/><\/figure>\n<\/div>\n\n\n<p>La Maison des Familles est un espace d&rsquo;accueil d\u00e9di\u00e9 au soutien \u00e0 la parentalit\u00e9. Elle permet \u00e0 chacun et chacune de rencontrer des professionnels mais aussi d&rsquo;autres parents avec lesquels partager ses exp\u00e9riences. <\/p>\n\n\n\n<div class=\"wp-block-columns is-layout-flex wp-container-core-columns-is-layout-9d6595d7 wp-block-columns-is-layout-flex\">\n<div class=\"wp-block-column is-layout-flow wp-block-column-is-layout-flow\" style=\"flex-basis:100%\">\n<div class=\"wp-block-columns is-layout-flex wp-container-core-columns-is-layout-9d6595d7 wp-block-columns-is-layout-flex\">\n<div class=\"wp-block-column is-layout-flow wp-block-column-is-layout-flow\">\n<figure class=\"wp-block-image size-large\"><img decoding=\"async\" width=\"1024\" height=\"724\" src=\"https:\/\/www.sausseron-impressionnistes.fr\/wp-content\/uploads\/2025\/07\/Photo-dateliers-MDF-sans-visage1-1-1024x724.jpg\" alt=\"\" class=\"wp-image-3329\" srcset=\"https:\/\/www.sausseron-impressionnistes.fr\/wp-content\/uploads\/2025\/07\/Photo-dateliers-MDF-sans-visage1-1-1024x724.jpg 1024w, https:\/\/www.sausseron-impressionnistes.fr\/wp-content\/uploads\/2025\/07\/Photo-dateliers-MDF-sans-visage1-1-300x212.jpg 300w, https:\/\/www.sausseron-impressionnistes.fr\/wp-content\/uploads\/2025\/07\/Photo-dateliers-MDF-sans-visage1-1-768x543.jpg 768w, https:\/\/www.sausseron-impressionnistes.fr\/wp-content\/uploads\/2025\/07\/Photo-dateliers-MDF-sans-visage1-1-1536x1086.jpg 1536w, https:\/\/www.sausseron-impressionnistes.fr\/wp-content\/uploads\/2025\/07\/Photo-dateliers-MDF-sans-visage1-1.jpg 1754w\" sizes=\"(max-width: 706px) 89vw, (max-width: 767px) 82vw, 740px\" \/><\/figure>\n<\/div>\n\n\n\n<div class=\"wp-block-column is-layout-flow wp-block-column-is-layout-flow\">\n<figure class=\"wp-block-image size-large\"><img decoding=\"async\" width=\"1024\" height=\"724\" src=\"https:\/\/www.sausseron-impressionnistes.fr\/wp-content\/uploads\/2025\/07\/Photo-dateliers-MDF-sans-visage2-1-1024x724.jpg\" alt=\"\" class=\"wp-image-3330\" srcset=\"https:\/\/www.sausseron-impressionnistes.fr\/wp-content\/uploads\/2025\/07\/Photo-dateliers-MDF-sans-visage2-1-1024x724.jpg 1024w, https:\/\/www.sausseron-impressionnistes.fr\/wp-content\/uploads\/2025\/07\/Photo-dateliers-MDF-sans-visage2-1-300x212.jpg 300w, https:\/\/www.sausseron-impressionnistes.fr\/wp-content\/uploads\/2025\/07\/Photo-dateliers-MDF-sans-visage2-1-768x543.jpg 768w, https:\/\/www.sausseron-impressionnistes.fr\/wp-content\/uploads\/2025\/07\/Photo-dateliers-MDF-sans-visage2-1-1536x1086.jpg 1536w, https:\/\/www.sausseron-impressionnistes.fr\/wp-content\/uploads\/2025\/07\/Photo-dateliers-MDF-sans-visage2-1.jpg 1754w\" sizes=\"(max-width: 706px) 89vw, (max-width: 767px) 82vw, 740px\" \/><\/figure>\n<\/div>\n\n\n\n<div class=\"wp-block-column is-layout-flow wp-block-column-is-layout-flow\">\n<figure class=\"wp-block-image size-large\"><img decoding=\"async\" width=\"1024\" height=\"724\" src=\"https:\/\/www.sausseron-impressionnistes.fr\/wp-content\/uploads\/2025\/07\/Photo-dateliers-MDF-sans-visage3-1024x724.jpg\" alt=\"\" class=\"wp-image-3331\" srcset=\"https:\/\/www.sausseron-impressionnistes.fr\/wp-content\/uploads\/2025\/07\/Photo-dateliers-MDF-sans-visage3-1024x724.jpg 1024w, https:\/\/www.sausseron-impressionnistes.fr\/wp-content\/uploads\/2025\/07\/Photo-dateliers-MDF-sans-visage3-300x212.jpg 300w, https:\/\/www.sausseron-impressionnistes.fr\/wp-content\/uploads\/2025\/07\/Photo-dateliers-MDF-sans-visage3-768x543.jpg 768w, https:\/\/www.sausseron-impressionnistes.fr\/wp-content\/uploads\/2025\/07\/Photo-dateliers-MDF-sans-visage3-1536x1086.jpg 1536w, https:\/\/www.sausseron-impressionnistes.fr\/wp-content\/uploads\/2025\/07\/Photo-dateliers-MDF-sans-visage3.jpg 1754w\" sizes=\"(max-width: 706px) 89vw, (max-width: 767px) 82vw, 740px\" \/><\/figure>\n<\/div>\n<\/div>\n<\/div>\n<\/div>\n\n\n\n<p>Ce que propose la Maison des familles :  <\/p>\n\n\n\n<ul class=\"wp-block-list\">\n<li>Un espace d&rsquo;accueil et de renseignements<\/li>\n\n\n\n<li>Des ateliers parents\/enfants de 0 \u00e0 12 ans, pour des moments privil\u00e9gies avec son enfant<\/li>\n\n\n\n<li>Des ateliers parents : temps d&rsquo;informations, d&rsquo;\u00e9changes et de d\u00e9tente autour d&rsquo;un th\u00e9, caf\u00e9<\/li>\n\n\n\n<li>Temps de jeux pour passer un moment ludique autour de jeux mis \u00e0 votre disposition<\/li>\n\n\n\n<li>Conf\u00e9rences avec des intervenants ext\u00e9rieurs<\/li>\n<\/ul>\n\n\n\n<div class=\"wp-block-columns is-layout-flex wp-container-core-columns-is-layout-9d6595d7 wp-block-columns-is-layout-flex\">\n<div class=\"wp-block-column is-layout-flow wp-block-column-is-layout-flow\">\n<figure class=\"wp-block-image size-large\"><img decoding=\"async\" width=\"1024\" height=\"724\" src=\"https:\/\/www.sausseron-impressionnistes.fr\/wp-content\/uploads\/2025\/07\/Photo-dateliers-MDF-sans-visage4-1024x724.jpg\" alt=\"\" class=\"wp-image-3332\" srcset=\"https:\/\/www.sausseron-impressionnistes.fr\/wp-content\/uploads\/2025\/07\/Photo-dateliers-MDF-sans-visage4-1024x724.jpg 1024w, https:\/\/www.sausseron-impressionnistes.fr\/wp-content\/uploads\/2025\/07\/Photo-dateliers-MDF-sans-visage4-300x212.jpg 300w, https:\/\/www.sausseron-impressionnistes.fr\/wp-content\/uploads\/2025\/07\/Photo-dateliers-MDF-sans-visage4-768x543.jpg 768w, https:\/\/www.sausseron-impressionnistes.fr\/wp-content\/uploads\/2025\/07\/Photo-dateliers-MDF-sans-visage4-1536x1086.jpg 1536w, https:\/\/www.sausseron-impressionnistes.fr\/wp-content\/uploads\/2025\/07\/Photo-dateliers-MDF-sans-visage4.jpg 1754w\" sizes=\"(max-width: 706px) 89vw, (max-width: 767px) 82vw, 740px\" \/><\/figure>\n<\/div>\n\n\n\n<div class=\"wp-block-column is-layout-flow wp-block-column-is-layout-flow\">\n<figure class=\"wp-block-image size-large\"><img decoding=\"async\" width=\"1024\" height=\"724\" src=\"https:\/\/www.sausseron-impressionnistes.fr\/wp-content\/uploads\/2025\/07\/Photo-dateliers-MDF-sans-visage5-1024x724.jpg\" alt=\"\" class=\"wp-image-3333\" srcset=\"https:\/\/www.sausseron-impressionnistes.fr\/wp-content\/uploads\/2025\/07\/Photo-dateliers-MDF-sans-visage5-1024x724.jpg 1024w, https:\/\/www.sausseron-impressionnistes.fr\/wp-content\/uploads\/2025\/07\/Photo-dateliers-MDF-sans-visage5-300x212.jpg 300w, https:\/\/www.sausseron-impressionnistes.fr\/wp-content\/uploads\/2025\/07\/Photo-dateliers-MDF-sans-visage5-768x543.jpg 768w, https:\/\/www.sausseron-impressionnistes.fr\/wp-content\/uploads\/2025\/07\/Photo-dateliers-MDF-sans-visage5-1536x1086.jpg 1536w, https:\/\/www.sausseron-impressionnistes.fr\/wp-content\/uploads\/2025\/07\/Photo-dateliers-MDF-sans-visage5.jpg 1754w\" sizes=\"(max-width: 706px) 89vw, (max-width: 767px) 82vw, 740px\" \/><\/figure>\n<\/div>\n<\/div>\n\n\n\n<p class=\"has-text-align-center\"><strong>PROGRAMME<\/strong><\/p>\n\n\n\n<figure class=\"wp-block-image size-large\"><img decoding=\"async\" width=\"1024\" height=\"724\" src=\"https:\/\/www.sausseron-impressionnistes.fr\/wp-content\/uploads\/2026\/03\/Tableau-programme-a-partager-MDF-mars2026_page-0001-1024x724.jpg\" alt=\"\" class=\"wp-image-3576\" srcset=\"https:\/\/www.sausseron-impressionnistes.fr\/wp-content\/uploads\/2026\/03\/Tableau-programme-a-partager-MDF-mars2026_page-0001-1024x724.jpg 1024w, https:\/\/www.sausseron-impressionnistes.fr\/wp-content\/uploads\/2026\/03\/Tableau-programme-a-partager-MDF-mars2026_page-0001-300x212.jpg 300w, https:\/\/www.sausseron-impressionnistes.fr\/wp-content\/uploads\/2026\/03\/Tableau-programme-a-partager-MDF-mars2026_page-0001-768x543.jpg 768w, https:\/\/www.sausseron-impressionnistes.fr\/wp-content\/uploads\/2026\/03\/Tableau-programme-a-partager-MDF-mars2026_page-0001-1536x1086.jpg 1536w, https:\/\/www.sausseron-impressionnistes.fr\/wp-content\/uploads\/2026\/03\/Tableau-programme-a-partager-MDF-mars2026_page-0001.jpg 1755w\" sizes=\"(max-width: 706px) 89vw, (max-width: 767px) 82vw, 740px\" \/><\/figure>\n\n\n\n<figure class=\"wp-block-image size-large\"><img decoding=\"async\" width=\"1024\" height=\"724\" src=\"https:\/\/www.sausseron-impressionnistes.fr\/wp-content\/uploads\/2026\/03\/Tableau-programme-a-partager-MDF-mars2026_page-0002-1024x724.jpg\" alt=\"\" class=\"wp-image-3577\" srcset=\"https:\/\/www.sausseron-impressionnistes.fr\/wp-content\/uploads\/2026\/03\/Tableau-programme-a-partager-MDF-mars2026_page-0002-1024x724.jpg 1024w, https:\/\/www.sausseron-impressionnistes.fr\/wp-content\/uploads\/2026\/03\/Tableau-programme-a-partager-MDF-mars2026_page-0002-300x212.jpg 300w, https:\/\/www.sausseron-impressionnistes.fr\/wp-content\/uploads\/2026\/03\/Tableau-programme-a-partager-MDF-mars2026_page-0002-768x543.jpg 768w, https:\/\/www.sausseron-impressionnistes.fr\/wp-content\/uploads\/2026\/03\/Tableau-programme-a-partager-MDF-mars2026_page-0002-1536x1086.jpg 1536w, https:\/\/www.sausseron-impressionnistes.fr\/wp-content\/uploads\/2026\/03\/Tableau-programme-a-partager-MDF-mars2026_page-0002.jpg 1755w\" sizes=\"(max-width: 706px) 89vw, (max-width: 767px) 82vw, 740px\" \/><\/figure>\n\n\n\n<div class=\"wp-block-columns is-layout-flex wp-container-core-columns-is-layout-9d6595d7 wp-block-columns-is-layout-flex\">\n<div class=\"wp-block-column is-layout-flow wp-block-column-is-layout-flow\">\n<figure class=\"wp-block-image size-large\"><img decoding=\"async\" width=\"1024\" height=\"724\" src=\"https:\/\/www.sausseron-impressionnistes.fr\/wp-content\/uploads\/2025\/07\/Photo-dateliers-MDF-sans-visage6-1024x724.jpg\" alt=\"\" class=\"wp-image-3334\" srcset=\"https:\/\/www.sausseron-impressionnistes.fr\/wp-content\/uploads\/2025\/07\/Photo-dateliers-MDF-sans-visage6-1024x724.jpg 1024w, https:\/\/www.sausseron-impressionnistes.fr\/wp-content\/uploads\/2025\/07\/Photo-dateliers-MDF-sans-visage6-300x212.jpg 300w, https:\/\/www.sausseron-impressionnistes.fr\/wp-content\/uploads\/2025\/07\/Photo-dateliers-MDF-sans-visage6-768x543.jpg 768w, https:\/\/www.sausseron-impressionnistes.fr\/wp-content\/uploads\/2025\/07\/Photo-dateliers-MDF-sans-visage6-1536x1086.jpg 1536w, https:\/\/www.sausseron-impressionnistes.fr\/wp-content\/uploads\/2025\/07\/Photo-dateliers-MDF-sans-visage6.jpg 1754w\" sizes=\"(max-width: 706px) 89vw, (max-width: 767px) 82vw, 740px\" \/><\/figure>\n<\/div>\n\n\n\n<div class=\"wp-block-column is-layout-flow wp-block-column-is-layout-flow\">\n<figure class=\"wp-block-image size-large\"><img decoding=\"async\" width=\"1024\" height=\"724\" src=\"https:\/\/www.sausseron-impressionnistes.fr\/wp-content\/uploads\/2025\/07\/Photo-dateliers-MDF-sans-visage7-1024x724.jpg\" alt=\"\" class=\"wp-image-3335\" srcset=\"https:\/\/www.sausseron-impressionnistes.fr\/wp-content\/uploads\/2025\/07\/Photo-dateliers-MDF-sans-visage7-1024x724.jpg 1024w, https:\/\/www.sausseron-impressionnistes.fr\/wp-content\/uploads\/2025\/07\/Photo-dateliers-MDF-sans-visage7-300x212.jpg 300w, https:\/\/www.sausseron-impressionnistes.fr\/wp-content\/uploads\/2025\/07\/Photo-dateliers-MDF-sans-visage7-768x543.jpg 768w, https:\/\/www.sausseron-impressionnistes.fr\/wp-content\/uploads\/2025\/07\/Photo-dateliers-MDF-sans-visage7-1536x1086.jpg 1536w, https:\/\/www.sausseron-impressionnistes.fr\/wp-content\/uploads\/2025\/07\/Photo-dateliers-MDF-sans-visage7.jpg 1754w\" sizes=\"(max-width: 706px) 89vw, (max-width: 767px) 82vw, 740px\" \/><\/figure>\n<\/div>\n<\/div>\n\n\n\n<div class=\"wp-block-columns is-layout-flex wp-container-core-columns-is-layout-9d6595d7 wp-block-columns-is-layout-flex\">\n<div class=\"wp-block-column is-layout-flow wp-block-column-is-layout-flow\">\n<figure class=\"wp-block-image size-large\"><img decoding=\"async\" width=\"1024\" height=\"724\" src=\"https:\/\/www.sausseron-impressionnistes.fr\/wp-content\/uploads\/2025\/07\/Photo-dateliers-MDF-sans-visage8-1024x724.jpg\" alt=\"\" class=\"wp-image-3336\" srcset=\"https:\/\/www.sausseron-impressionnistes.fr\/wp-content\/uploads\/2025\/07\/Photo-dateliers-MDF-sans-visage8-1024x724.jpg 1024w, https:\/\/www.sausseron-impressionnistes.fr\/wp-content\/uploads\/2025\/07\/Photo-dateliers-MDF-sans-visage8-300x212.jpg 300w, https:\/\/www.sausseron-impressionnistes.fr\/wp-content\/uploads\/2025\/07\/Photo-dateliers-MDF-sans-visage8-768x543.jpg 768w, https:\/\/www.sausseron-impressionnistes.fr\/wp-content\/uploads\/2025\/07\/Photo-dateliers-MDF-sans-visage8-1536x1086.jpg 1536w, https:\/\/www.sausseron-impressionnistes.fr\/wp-content\/uploads\/2025\/07\/Photo-dateliers-MDF-sans-visage8.jpg 1754w\" sizes=\"(max-width: 706px) 89vw, (max-width: 767px) 82vw, 740px\" \/><\/figure>\n<\/div>\n\n\n\n<div class=\"wp-block-column is-layout-flow wp-block-column-is-layout-flow\">\n<figure class=\"wp-block-image size-large\"><img decoding=\"async\" width=\"1024\" height=\"724\" src=\"https:\/\/www.sausseron-impressionnistes.fr\/wp-content\/uploads\/2025\/07\/Photo-dateliers-MDF-sans-visage9-1024x724.jpg\" alt=\"\" class=\"wp-image-3337\" srcset=\"https:\/\/www.sausseron-impressionnistes.fr\/wp-content\/uploads\/2025\/07\/Photo-dateliers-MDF-sans-visage9-1024x724.jpg 1024w, https:\/\/www.sausseron-impressionnistes.fr\/wp-content\/uploads\/2025\/07\/Photo-dateliers-MDF-sans-visage9-300x212.jpg 300w, https:\/\/www.sausseron-impressionnistes.fr\/wp-content\/uploads\/2025\/07\/Photo-dateliers-MDF-sans-visage9-768x543.jpg 768w, https:\/\/www.sausseron-impressionnistes.fr\/wp-content\/uploads\/2025\/07\/Photo-dateliers-MDF-sans-visage9-1536x1086.jpg 1536w, https:\/\/www.sausseron-impressionnistes.fr\/wp-content\/uploads\/2025\/07\/Photo-dateliers-MDF-sans-visage9.jpg 1754w\" sizes=\"(max-width: 706px) 89vw, (max-width: 767px) 82vw, 740px\" \/><\/figure>\n<\/div>\n<\/div>\n\n\n\n<h3 class=\"wp-block-heading\"><strong>informations<\/strong><\/h3>\n\n\n\n<p>Responsable : Sarah LEVARLET \/ TRAN VAN LOC<\/p>\n\n\n\n<p>Du lundi au vendredi selon les ateliers<\/p>\n\n\n\n<p>Mail : enfance@sausseron-impressionnistes.fr<\/p>\n\n\n\n<p>Tel : 06 02 11 25 38 <\/p>\n\n\n\n<p><\/p>\n","protected":false},"excerpt":{"rendered":"<p>La Maison des Familles est un espace d&rsquo;accueil d\u00e9di\u00e9 au soutien \u00e0 la parentalit\u00e9. Elle permet \u00e0 chacun et chacune de rencontrer des professionnels mais aussi d&rsquo;autres parents avec lesquels partager ses exp\u00e9riences. Ce que propose la Maison des familles : PROGRAMME informations Responsable : Sarah LEVARLET \/ TRAN VAN LOC Du lundi au vendredi &hellip; <\/p>\n<p class=\"link-more\"><a href=\"https:\/\/www.sausseron-impressionnistes.fr\/index.php\/maison-des-familles\/\" class=\"more-link\">Continuer la lecture<span class=\"screen-reader-text\"> de &laquo;&nbsp;Maison des familles&nbsp;&raquo;<\/span><\/a><\/p>\n","protected":false},"author":1,"featured_media":0,"parent":0,"menu_order":0,"comment_status":"closed","ping_status":"closed","template":"","meta":{"footnotes":""},"class_list":["post-2992","page","type-page","status-publish","hentry"],"yoast_head":"<!-- This site is optimized with the Yoast SEO plugin v27.4 - https:\/\/yoast.com\/product\/yoast-seo-wordpress\/ -->\n<title>Maison des familles - Communaut\u00e9 de Communes Sausseron Impressionnistes<\/title>\n<meta name=\"robots\" content=\"index, follow, max-snippet:-1, max-image-preview:large, max-video-preview:-1\" \/>\n<link rel=\"canonical\" href=\"https:\/\/www.sausseron-impressionnistes.fr\/index.php\/maison-des-familles\/\" \/>\n<meta property=\"og:locale\" content=\"fr_FR\" \/>\n<meta property=\"og:type\" content=\"article\" \/>\n<meta property=\"og:title\" content=\"Maison des familles - Communaut\u00e9 de Communes Sausseron Impressionnistes\" \/>\n<meta property=\"og:description\" content=\"La Maison des Familles est un espace d&rsquo;accueil d\u00e9di\u00e9 au soutien \u00e0 la parentalit\u00e9. Elle permet \u00e0 chacun et chacune de rencontrer des professionnels mais aussi d&rsquo;autres parents avec lesquels partager ses exp\u00e9riences. Ce que propose la Maison des familles : PROGRAMME informations Responsable : Sarah LEVARLET \/ TRAN VAN LOC Du lundi au vendredi &hellip; Continuer la lecture de &laquo;&nbsp;Maison des familles&nbsp;&raquo;\" \/>\n<meta property=\"og:url\" content=\"https:\/\/www.sausseron-impressionnistes.fr\/index.php\/maison-des-familles\/\" \/>\n<meta property=\"og:site_name\" content=\"Communaut\u00e9 de Communes Sausseron Impressionnistes\" \/>\n<meta property=\"article:modified_time\" content=\"2026-03-12T17:04:52+00:00\" \/>\n<meta property=\"og:image\" content=\"https:\/\/www.sausseron-impressionnistes.fr\/wp-content\/uploads\/2025\/01\/LOGO-MAISON-DES-FAMILLES.png\" \/>\n\t<meta property=\"og:image:width\" content=\"361\" \/>\n\t<meta property=\"og:image:height\" content=\"316\" \/>\n\t<meta property=\"og:image:type\" content=\"image\/png\" \/>\n<meta name=\"twitter:card\" content=\"summary_large_image\" \/>\n<meta name=\"twitter:label1\" content=\"Dur\u00e9e de lecture estim\u00e9e\" \/>\n\t<meta name=\"twitter:data1\" content=\"4 minutes\" \/>\n<script type=\"application\/ld+json\" class=\"yoast-schema-graph\">{\"@context\":\"https:\\\/\\\/schema.org\",\"@graph\":[{\"@type\":\"WebPage\",\"@id\":\"https:\\\/\\\/www.sausseron-impressionnistes.fr\\\/index.php\\\/maison-des-familles\\\/\",\"url\":\"https:\\\/\\\/www.sausseron-impressionnistes.fr\\\/index.php\\\/maison-des-familles\\\/\",\"name\":\"Maison des familles - Communaut\u00e9 de Communes Sausseron Impressionnistes\",\"isPartOf\":{\"@id\":\"https:\\\/\\\/www.sausseron-impressionnistes.fr\\\/#website\"},\"primaryImageOfPage\":{\"@id\":\"https:\\\/\\\/www.sausseron-impressionnistes.fr\\\/index.php\\\/maison-des-familles\\\/#primaryimage\"},\"image\":{\"@id\":\"https:\\\/\\\/www.sausseron-impressionnistes.fr\\\/index.php\\\/maison-des-familles\\\/#primaryimage\"},\"thumbnailUrl\":\"https:\\\/\\\/www.sausseron-impressionnistes.fr\\\/wp-content\\\/uploads\\\/2025\\\/01\\\/LOGO-MAISON-DES-FAMILLES.png\",\"datePublished\":\"2025-01-13T16:17:00+00:00\",\"dateModified\":\"2026-03-12T17:04:52+00:00\",\"breadcrumb\":{\"@id\":\"https:\\\/\\\/www.sausseron-impressionnistes.fr\\\/index.php\\\/maison-des-familles\\\/#breadcrumb\"},\"inLanguage\":\"fr-FR\",\"potentialAction\":[{\"@type\":\"ReadAction\",\"target\":[\"https:\\\/\\\/www.sausseron-impressionnistes.fr\\\/index.php\\\/maison-des-familles\\\/\"]}]},{\"@type\":\"ImageObject\",\"inLanguage\":\"fr-FR\",\"@id\":\"https:\\\/\\\/www.sausseron-impressionnistes.fr\\\/index.php\\\/maison-des-familles\\\/#primaryimage\",\"url\":\"https:\\\/\\\/www.sausseron-impressionnistes.fr\\\/wp-content\\\/uploads\\\/2025\\\/01\\\/LOGO-MAISON-DES-FAMILLES.png\",\"contentUrl\":\"https:\\\/\\\/www.sausseron-impressionnistes.fr\\\/wp-content\\\/uploads\\\/2025\\\/01\\\/LOGO-MAISON-DES-FAMILLES.png\",\"width\":361,\"height\":316},{\"@type\":\"BreadcrumbList\",\"@id\":\"https:\\\/\\\/www.sausseron-impressionnistes.fr\\\/index.php\\\/maison-des-familles\\\/#breadcrumb\",\"itemListElement\":[{\"@type\":\"ListItem\",\"position\":1,\"name\":\"Accueil\",\"item\":\"https:\\\/\\\/www.sausseron-impressionnistes.fr\\\/\"},{\"@type\":\"ListItem\",\"position\":2,\"name\":\"Maison des familles\"}]},{\"@type\":\"WebSite\",\"@id\":\"https:\\\/\\\/www.sausseron-impressionnistes.fr\\\/#website\",\"url\":\"https:\\\/\\\/www.sausseron-impressionnistes.fr\\\/\",\"name\":\"Communaut\u00e9 de Communes Sausseron Impressionnistes\",\"description\":\"\",\"potentialAction\":[{\"@type\":\"SearchAction\",\"target\":{\"@type\":\"EntryPoint\",\"urlTemplate\":\"https:\\\/\\\/www.sausseron-impressionnistes.fr\\\/?s={search_term_string}\"},\"query-input\":{\"@type\":\"PropertyValueSpecification\",\"valueRequired\":true,\"valueName\":\"search_term_string\"}}],\"inLanguage\":\"fr-FR\"}]}<\/script>\n<!-- \/ Yoast SEO plugin. -->","yoast_head_json":{"title":"Maison des familles - Communaut\u00e9 de Communes Sausseron Impressionnistes","robots":{"index":"index","follow":"follow","max-snippet":"max-snippet:-1","max-image-preview":"max-image-preview:large","max-video-preview":"max-video-preview:-1"},"canonical":"https:\/\/www.sausseron-impressionnistes.fr\/index.php\/maison-des-familles\/","og_locale":"fr_FR","og_type":"article","og_title":"Maison des familles - Communaut\u00e9 de Communes Sausseron Impressionnistes","og_description":"La Maison des Familles est un espace d&rsquo;accueil d\u00e9di\u00e9 au soutien \u00e0 la parentalit\u00e9. Elle permet \u00e0 chacun et chacune de rencontrer des professionnels mais aussi d&rsquo;autres parents avec lesquels partager ses exp\u00e9riences. Ce que propose la Maison des familles : PROGRAMME informations Responsable : Sarah LEVARLET \/ TRAN VAN LOC Du lundi au vendredi &hellip; Continuer la lecture de &laquo;&nbsp;Maison des familles&nbsp;&raquo;","og_url":"https:\/\/www.sausseron-impressionnistes.fr\/index.php\/maison-des-familles\/","og_site_name":"Communaut\u00e9 de Communes Sausseron Impressionnistes","article_modified_time":"2026-03-12T17:04:52+00:00","og_image":[{"width":361,"height":316,"url":"https:\/\/www.sausseron-impressionnistes.fr\/wp-content\/uploads\/2025\/01\/LOGO-MAISON-DES-FAMILLES.png","type":"image\/png"}],"twitter_card":"summary_large_image","twitter_misc":{"Dur\u00e9e de lecture estim\u00e9e":"4 minutes"},"schema":{"@context":"https:\/\/schema.org","@graph":[{"@type":"WebPage","@id":"https:\/\/www.sausseron-impressionnistes.fr\/index.php\/maison-des-familles\/","url":"https:\/\/www.sausseron-impressionnistes.fr\/index.php\/maison-des-familles\/","name":"Maison des familles - Communaut\u00e9 de Communes Sausseron Impressionnistes","isPartOf":{"@id":"https:\/\/www.sausseron-impressionnistes.fr\/#website"},"primaryImageOfPage":{"@id":"https:\/\/www.sausseron-impressionnistes.fr\/index.php\/maison-des-familles\/#primaryimage"},"image":{"@id":"https:\/\/www.sausseron-impressionnistes.fr\/index.php\/maison-des-familles\/#primaryimage"},"thumbnailUrl":"https:\/\/www.sausseron-impressionnistes.fr\/wp-content\/uploads\/2025\/01\/LOGO-MAISON-DES-FAMILLES.png","datePublished":"2025-01-13T16:17:00+00:00","dateModified":"2026-03-12T17:04:52+00:00","breadcrumb":{"@id":"https:\/\/www.sausseron-impressionnistes.fr\/index.php\/maison-des-familles\/#breadcrumb"},"inLanguage":"fr-FR","potentialAction":[{"@type":"ReadAction","target":["https:\/\/www.sausseron-impressionnistes.fr\/index.php\/maison-des-familles\/"]}]},{"@type":"ImageObject","inLanguage":"fr-FR","@id":"https:\/\/www.sausseron-impressionnistes.fr\/index.php\/maison-des-familles\/#primaryimage","url":"https:\/\/www.sausseron-impressionnistes.fr\/wp-content\/uploads\/2025\/01\/LOGO-MAISON-DES-FAMILLES.png","contentUrl":"https:\/\/www.sausseron-impressionnistes.fr\/wp-content\/uploads\/2025\/01\/LOGO-MAISON-DES-FAMILLES.png","width":361,"height":316},{"@type":"BreadcrumbList","@id":"https:\/\/www.sausseron-impressionnistes.fr\/index.php\/maison-des-familles\/#breadcrumb","itemListElement":[{"@type":"ListItem","position":1,"name":"Accueil","item":"https:\/\/www.sausseron-impressionnistes.fr\/"},{"@type":"ListItem","position":2,"name":"Maison des familles"}]},{"@type":"WebSite","@id":"https:\/\/www.sausseron-impressionnistes.fr\/#website","url":"https:\/\/www.sausseron-impressionnistes.fr\/","name":"Communaut\u00e9 de Communes Sausseron Impressionnistes","description":"","potentialAction":[{"@type":"SearchAction","target":{"@type":"EntryPoint","urlTemplate":"https:\/\/www.sausseron-impressionnistes.fr\/?s={search_term_string}"},"query-input":{"@type":"PropertyValueSpecification","valueRequired":true,"valueName":"search_term_string"}}],"inLanguage":"fr-FR"}]}},"_links":{"self":[{"href":"https:\/\/www.sausseron-impressionnistes.fr\/index.php\/wp-json\/wp\/v2\/pages\/2992","targetHints":{"allow":["GET"]}}],"collection":[{"href":"https:\/\/www.sausseron-impressionnistes.fr\/index.php\/wp-json\/wp\/v2\/pages"}],"about":[{"href":"https:\/\/www.sausseron-impressionnistes.fr\/index.php\/wp-json\/wp\/v2\/types\/page"}],"author":[{"embeddable":true,"href":"https:\/\/www.sausseron-impressionnistes.fr\/index.php\/wp-json\/wp\/v2\/users\/1"}],"replies":[{"embeddable":true,"href":"https:\/\/www.sausseron-impressionnistes.fr\/index.php\/wp-json\/wp\/v2\/comments?post=2992"}],"version-history":[{"count":20,"href":"https:\/\/www.sausseron-impressionnistes.fr\/index.php\/wp-json\/wp\/v2\/pages\/2992\/revisions"}],"predecessor-version":[{"id":3579,"href":"https:\/\/www.sausseron-impressionnistes.fr\/index.php\/wp-json\/wp\/v2\/pages\/2992\/revisions\/3579"}],"wp:attachment":[{"href":"https:\/\/www.sausseron-impressionnistes.fr\/index.php\/wp-json\/wp\/v2\/media?parent=2992"}],"curies":[{"name":"wp","href":"https:\/\/api.w.org\/{rel}","templated":true}]}}