{"id":296,"date":"2021-03-01T10:39:45","date_gmt":"2021-03-01T09:39:45","guid":{"rendered":"http:\/\/www.sausseron-impressionnistes.fr\/?page_id=296"},"modified":"2023-12-21T20:08:14","modified_gmt":"2023-12-21T19:08:14","slug":"environnement-cadre-de-vie","status":"publish","type":"page","link":"https:\/\/www.sausseron-impressionnistes.fr\/index.php\/environnement-cadre-de-vie\/","title":{"rendered":"Environnement &#8211; cadre de vie"},"content":{"rendered":"\n<p>(Pr\u00e9sident Alain Devillebichot)<\/p>\n\n\n\n<figure class=\"wp-block-table\"><table><tbody><tr><td class=\"has-text-align-center\" data-align=\"center\"><strong><span style=\"background-color:rgba(0, 0, 0, 0)\" class=\"has-inline-color has-luminous-vivid-amber-color\">AUVERS-SUR-OISE<br><\/span><\/strong>Oberti Jean-Pierre<br>Beaulieu Florent <\/td><td class=\"has-text-align-center\" data-align=\"center\"><strong><span class=\"has-inline-color has-luminous-vivid-amber-color\">H\u00c9DOUVILLE<\/span><\/strong><br>Jobard Guy<\/td><td class=\"has-text-align-center\" data-align=\"center\"><strong><span class=\"has-inline-color has-luminous-vivid-amber-color\">NESLES-LA-VALL\u00c9E<br><\/span><\/strong>Leplat J\u00e9r\u00f4me<\/td><\/tr><tr><td class=\"has-text-align-center\" data-align=\"center\"><strong><span class=\"has-inline-color has-luminous-vivid-amber-color\">ENNERY<br><\/span><\/strong>Pitois Marie-Agn\u00e8s<\/td><td class=\"has-text-align-center\" data-align=\"center\"><strong><span class=\"has-inline-color has-luminous-vivid-amber-color\">H\u00c9ROUVILLE-EN-VEXIN<br><\/span><\/strong>Lebecq Jacques<\/td><td class=\"has-text-align-center\" data-align=\"center\"><strong><span class=\"has-inline-color has-luminous-vivid-amber-color\">VALLANGOUJARD<\/span><\/strong><br>Vaillant Alain<\/td><\/tr><tr><td class=\"has-text-align-center\" data-align=\"center\"><strong><span class=\"has-inline-color has-luminous-vivid-amber-color\">\u00c9PIAIS-RHUS<br><\/span><\/strong>Moha Brahim<\/td><td class=\"has-text-align-center\" data-align=\"center\"><strong><span class=\"has-inline-color has-luminous-vivid-amber-color\">LABBEVILLE<\/span><\/strong><br>Richard Michel<\/td><td class=\"has-text-align-center\" data-align=\"center\"><strong><span class=\"has-inline-color has-luminous-vivid-amber-color\">VALMONDOIS<\/span><\/strong><br>Gasquet Pascal<\/td><\/tr><tr><td class=\"has-text-align-center\" data-align=\"center\"><strong><span class=\"has-inline-color has-luminous-vivid-amber-color\">G\u00c9NICOURT<br><\/span><\/strong>Metais Derry<\/td><td class=\"has-text-align-center\" data-align=\"center\"><strong><span class=\"has-inline-color has-luminous-vivid-amber-color\">M\u00c9NOUVILLE<\/span><\/strong><br>Pion Christian<br>Reol Philippe<\/td><td class=\"has-text-align-center\" data-align=\"center\"><strong><span style=\"background-color:rgba(0, 0, 0, 0)\" class=\"has-inline-color has-luminous-vivid-amber-color\">ARRONVILLE <\/span><\/strong><br>Pasquet Alain<\/td><\/tr><\/tbody><\/table><\/figure>\n","protected":false},"excerpt":{"rendered":"<p>(Pr\u00e9sident Alain Devillebichot) AUVERS-SUR-OISEOberti Jean-PierreBeaulieu Florent H\u00c9DOUVILLEJobard Guy NESLES-LA-VALL\u00c9ELeplat J\u00e9r\u00f4me ENNERYPitois Marie-Agn\u00e8s H\u00c9ROUVILLE-EN-VEXINLebecq Jacques VALLANGOUJARDVaillant Alain \u00c9PIAIS-RHUSMoha Brahim LABBEVILLERichard Michel VALMONDOISGasquet Pascal G\u00c9NICOURTMetais Derry M\u00c9NOUVILLEPion ChristianReol Philippe ARRONVILLE Pasquet Alain<\/p>\n","protected":false},"author":1,"featured_media":0,"parent":0,"menu_order":0,"comment_status":"closed","ping_status":"closed","template":"","meta":{"footnotes":""},"class_list":["post-296","page","type-page","status-publish","hentry"],"yoast_head":"<!-- This site is optimized with the Yoast SEO plugin v27.4 - https:\/\/yoast.com\/product\/yoast-seo-wordpress\/ -->\n<title>Environnement - cadre de vie - Communaut\u00e9 de Communes Sausseron Impressionnistes<\/title>\n<meta name=\"robots\" content=\"index, follow, max-snippet:-1, max-image-preview:large, max-video-preview:-1\" \/>\n<link rel=\"canonical\" href=\"https:\/\/www.sausseron-impressionnistes.fr\/index.php\/environnement-cadre-de-vie\/\" \/>\n<meta property=\"og:locale\" content=\"fr_FR\" \/>\n<meta property=\"og:type\" content=\"article\" \/>\n<meta property=\"og:title\" content=\"Environnement - cadre de vie - Communaut\u00e9 de Communes Sausseron Impressionnistes\" \/>\n<meta property=\"og:description\" content=\"(Pr\u00e9sident Alain Devillebichot) AUVERS-SUR-OISEOberti Jean-PierreBeaulieu Florent H\u00c9DOUVILLEJobard Guy NESLES-LA-VALL\u00c9ELeplat J\u00e9r\u00f4me ENNERYPitois Marie-Agn\u00e8s H\u00c9ROUVILLE-EN-VEXINLebecq Jacques VALLANGOUJARDVaillant Alain \u00c9PIAIS-RHUSMoha Brahim LABBEVILLERichard Michel VALMONDOISGasquet Pascal G\u00c9NICOURTMetais Derry M\u00c9NOUVILLEPion ChristianReol Philippe ARRONVILLE Pasquet Alain\" \/>\n<meta property=\"og:url\" content=\"https:\/\/www.sausseron-impressionnistes.fr\/index.php\/environnement-cadre-de-vie\/\" \/>\n<meta property=\"og:site_name\" content=\"Communaut\u00e9 de Communes Sausseron Impressionnistes\" \/>\n<meta property=\"article:modified_time\" content=\"2023-12-21T19:08:14+00:00\" \/>\n<meta name=\"twitter:card\" content=\"summary_large_image\" \/>\n<meta name=\"twitter:label1\" content=\"Dur\u00e9e de lecture estim\u00e9e\" \/>\n\t<meta name=\"twitter:data1\" content=\"1 minute\" \/>\n<script type=\"application\/ld+json\" class=\"yoast-schema-graph\">{\"@context\":\"https:\\\/\\\/schema.org\",\"@graph\":[{\"@type\":\"WebPage\",\"@id\":\"https:\\\/\\\/www.sausseron-impressionnistes.fr\\\/index.php\\\/environnement-cadre-de-vie\\\/\",\"url\":\"https:\\\/\\\/www.sausseron-impressionnistes.fr\\\/index.php\\\/environnement-cadre-de-vie\\\/\",\"name\":\"Environnement - cadre de vie - Communaut\u00e9 de Communes Sausseron Impressionnistes\",\"isPartOf\":{\"@id\":\"https:\\\/\\\/www.sausseron-impressionnistes.fr\\\/#website\"},\"datePublished\":\"2021-03-01T09:39:45+00:00\",\"dateModified\":\"2023-12-21T19:08:14+00:00\",\"breadcrumb\":{\"@id\":\"https:\\\/\\\/www.sausseron-impressionnistes.fr\\\/index.php\\\/environnement-cadre-de-vie\\\/#breadcrumb\"},\"inLanguage\":\"fr-FR\",\"potentialAction\":[{\"@type\":\"ReadAction\",\"target\":[\"https:\\\/\\\/www.sausseron-impressionnistes.fr\\\/index.php\\\/environnement-cadre-de-vie\\\/\"]}]},{\"@type\":\"BreadcrumbList\",\"@id\":\"https:\\\/\\\/www.sausseron-impressionnistes.fr\\\/index.php\\\/environnement-cadre-de-vie\\\/#breadcrumb\",\"itemListElement\":[{\"@type\":\"ListItem\",\"position\":1,\"name\":\"Accueil\",\"item\":\"https:\\\/\\\/www.sausseron-impressionnistes.fr\\\/\"},{\"@type\":\"ListItem\",\"position\":2,\"name\":\"Environnement &#8211; cadre de vie\"}]},{\"@type\":\"WebSite\",\"@id\":\"https:\\\/\\\/www.sausseron-impressionnistes.fr\\\/#website\",\"url\":\"https:\\\/\\\/www.sausseron-impressionnistes.fr\\\/\",\"name\":\"Communaut\u00e9 de Communes Sausseron Impressionnistes\",\"description\":\"\",\"potentialAction\":[{\"@type\":\"SearchAction\",\"target\":{\"@type\":\"EntryPoint\",\"urlTemplate\":\"https:\\\/\\\/www.sausseron-impressionnistes.fr\\\/?s={search_term_string}\"},\"query-input\":{\"@type\":\"PropertyValueSpecification\",\"valueRequired\":true,\"valueName\":\"search_term_string\"}}],\"inLanguage\":\"fr-FR\"}]}<\/script>\n<!-- \/ Yoast SEO plugin. -->","yoast_head_json":{"title":"Environnement - cadre de vie - Communaut\u00e9 de Communes Sausseron Impressionnistes","robots":{"index":"index","follow":"follow","max-snippet":"max-snippet:-1","max-image-preview":"max-image-preview:large","max-video-preview":"max-video-preview:-1"},"canonical":"https:\/\/www.sausseron-impressionnistes.fr\/index.php\/environnement-cadre-de-vie\/","og_locale":"fr_FR","og_type":"article","og_title":"Environnement - cadre de vie - Communaut\u00e9 de Communes Sausseron Impressionnistes","og_description":"(Pr\u00e9sident Alain Devillebichot) AUVERS-SUR-OISEOberti Jean-PierreBeaulieu Florent H\u00c9DOUVILLEJobard Guy NESLES-LA-VALL\u00c9ELeplat J\u00e9r\u00f4me ENNERYPitois Marie-Agn\u00e8s H\u00c9ROUVILLE-EN-VEXINLebecq Jacques VALLANGOUJARDVaillant Alain \u00c9PIAIS-RHUSMoha Brahim LABBEVILLERichard Michel VALMONDOISGasquet Pascal G\u00c9NICOURTMetais Derry M\u00c9NOUVILLEPion ChristianReol Philippe ARRONVILLE Pasquet Alain","og_url":"https:\/\/www.sausseron-impressionnistes.fr\/index.php\/environnement-cadre-de-vie\/","og_site_name":"Communaut\u00e9 de Communes Sausseron Impressionnistes","article_modified_time":"2023-12-21T19:08:14+00:00","twitter_card":"summary_large_image","twitter_misc":{"Dur\u00e9e de lecture estim\u00e9e":"1 minute"},"schema":{"@context":"https:\/\/schema.org","@graph":[{"@type":"WebPage","@id":"https:\/\/www.sausseron-impressionnistes.fr\/index.php\/environnement-cadre-de-vie\/","url":"https:\/\/www.sausseron-impressionnistes.fr\/index.php\/environnement-cadre-de-vie\/","name":"Environnement - cadre de vie - Communaut\u00e9 de Communes Sausseron Impressionnistes","isPartOf":{"@id":"https:\/\/www.sausseron-impressionnistes.fr\/#website"},"datePublished":"2021-03-01T09:39:45+00:00","dateModified":"2023-12-21T19:08:14+00:00","breadcrumb":{"@id":"https:\/\/www.sausseron-impressionnistes.fr\/index.php\/environnement-cadre-de-vie\/#breadcrumb"},"inLanguage":"fr-FR","potentialAction":[{"@type":"ReadAction","target":["https:\/\/www.sausseron-impressionnistes.fr\/index.php\/environnement-cadre-de-vie\/"]}]},{"@type":"BreadcrumbList","@id":"https:\/\/www.sausseron-impressionnistes.fr\/index.php\/environnement-cadre-de-vie\/#breadcrumb","itemListElement":[{"@type":"ListItem","position":1,"name":"Accueil","item":"https:\/\/www.sausseron-impressionnistes.fr\/"},{"@type":"ListItem","position":2,"name":"Environnement &#8211; cadre de vie"}]},{"@type":"WebSite","@id":"https:\/\/www.sausseron-impressionnistes.fr\/#website","url":"https:\/\/www.sausseron-impressionnistes.fr\/","name":"Communaut\u00e9 de Communes Sausseron Impressionnistes","description":"","potentialAction":[{"@type":"SearchAction","target":{"@type":"EntryPoint","urlTemplate":"https:\/\/www.sausseron-impressionnistes.fr\/?s={search_term_string}"},"query-input":{"@type":"PropertyValueSpecification","valueRequired":true,"valueName":"search_term_string"}}],"inLanguage":"fr-FR"}]}},"_links":{"self":[{"href":"https:\/\/www.sausseron-impressionnistes.fr\/index.php\/wp-json\/wp\/v2\/pages\/296","targetHints":{"allow":["GET"]}}],"collection":[{"href":"https:\/\/www.sausseron-impressionnistes.fr\/index.php\/wp-json\/wp\/v2\/pages"}],"about":[{"href":"https:\/\/www.sausseron-impressionnistes.fr\/index.php\/wp-json\/wp\/v2\/types\/page"}],"author":[{"embeddable":true,"href":"https:\/\/www.sausseron-impressionnistes.fr\/index.php\/wp-json\/wp\/v2\/users\/1"}],"replies":[{"embeddable":true,"href":"https:\/\/www.sausseron-impressionnistes.fr\/index.php\/wp-json\/wp\/v2\/comments?post=296"}],"version-history":[{"count":3,"href":"https:\/\/www.sausseron-impressionnistes.fr\/index.php\/wp-json\/wp\/v2\/pages\/296\/revisions"}],"predecessor-version":[{"id":2610,"href":"https:\/\/www.sausseron-impressionnistes.fr\/index.php\/wp-json\/wp\/v2\/pages\/296\/revisions\/2610"}],"wp:attachment":[{"href":"https:\/\/www.sausseron-impressionnistes.fr\/index.php\/wp-json\/wp\/v2\/media?parent=296"}],"curies":[{"name":"wp","href":"https:\/\/api.w.org\/{rel}","templated":true}]}}

<p>(Président Alain Devillebichot)</p>



<figure class="wp-block-table"><table><tbody><tr><td class="has-text-align-center" data-align="center"><strong><span style="background-color:rgba(0, 0, 0, 0)" class="has-inline-color has-luminous-vivid-amber-color">AUVERS-SUR-OISE<br></span></strong>Oberti Jean-Pierre<br>Beaulieu Florent </td><td class="has-text-align-center" data-align="center"><strong><span class="has-inline-color has-luminous-vivid-amber-color">HÉDOUVILLE</span></strong><br>Jobard Guy</td><td class="has-text-align-center" data-align="center"><strong><span class="has-inline-color has-luminous-vivid-amber-color">NESLES-LA-VALLÉE<br></span></strong>Leplat Jérôme</td></tr><tr><td class="has-text-align-center" data-align="center"><strong><span class="has-inline-color has-luminous-vivid-amber-color">ENNERY<br></span></strong>Pitois Marie-Agnès</td><td class="has-text-align-center" data-align="center"><strong><span class="has-inline-color has-luminous-vivid-amber-color">HÉROUVILLE-EN-VEXIN<br></span></strong>Lebecq Jacques</td><td class="has-text-align-center" data-align="center"><strong><span class="has-inline-color has-luminous-vivid-amber-color">VALLANGOUJARD</span></strong><br>Vaillant Alain</td></tr><tr><td class="has-text-align-center" data-align="center"><strong><span class="has-inline-color has-luminous-vivid-amber-color">ÉPIAIS-RHUS<br></span></strong>Moha Brahim</td><td class="has-text-align-center" data-align="center"><strong><span class="has-inline-color has-luminous-vivid-amber-color">LABBEVILLE</span></strong><br>Richard Michel</td><td class="has-text-align-center" data-align="center"><strong><span class="has-inline-color has-luminous-vivid-amber-color">VALMONDOIS</span></strong><br>Gasquet Pascal</td></tr><tr><td class="has-text-align-center" data-align="center"><strong><span class="has-inline-color has-luminous-vivid-amber-color">GÉNICOURT<br></span></strong>Metais Derry</td><td class="has-text-align-center" data-align="center"><strong><span class="has-inline-color has-luminous-vivid-amber-color">MÉNOUVILLE</span></strong><br>Pion Christian<br>Reol Philippe</td><td class="has-text-align-center" data-align="center"><strong><span style="background-color:rgba(0, 0, 0, 0)" class="has-inline-color has-luminous-vivid-amber-color">ARRONVILLE </span></strong><br>Pasquet Alain</td></tr></tbody></table></figure>

<p>(Président Alain Devillebichot) AUVERS-SUR-OISEOberti Jean-PierreBeaulieu Florent HÉDOUVILLEJobard Guy NESLES-LA-VALLÉELeplat Jérôme ENNERYPitois Marie-Agnès HÉROUVILLE-EN-VEXINLebecq Jacques VALLANGOUJARDVaillant Alain ÉPIAIS-RHUSMoha Brahim LABBEVILLERichard Michel VALMONDOISGasquet Pascal GÉNICOURTMetais Derry MÉNOUVILLEPion ChristianReol Philippe ARRONVILLE Pasquet Alain</p>

<!-- This site is optimized with the Yoast SEO plugin v27.4 - https://yoast.com/product/yoast-seo-wordpress/ -->
<title>Environnement - cadre de vie - Communauté de Communes Sausseron Impressionnistes</title>
<meta name="robots" content="index, follow, max-snippet:-1, max-image-preview:large, max-video-preview:-1" />
<link rel="canonical" href="https://www.sausseron-impressionnistes.fr/index.php/environnement-cadre-de-vie/" />
<meta property="og:locale" content="fr_FR" />
<meta property="og:type" content="article" />
<meta property="og:title" content="Environnement - cadre de vie - Communauté de Communes Sausseron Impressionnistes" />
<meta property="og:description" content="(Président Alain Devillebichot) AUVERS-SUR-OISEOberti Jean-PierreBeaulieu Florent HÉDOUVILLEJobard Guy NESLES-LA-VALLÉELeplat Jérôme ENNERYPitois Marie-Agnès HÉROUVILLE-EN-VEXINLebecq Jacques VALLANGOUJARDVaillant Alain ÉPIAIS-RHUSMoha Brahim LABBEVILLERichard Michel VALMONDOISGasquet Pascal GÉNICOURTMetais Derry MÉNOUVILLEPion ChristianReol Philippe ARRONVILLE Pasquet Alain" />
<meta property="og:url" content="https://www.sausseron-impressionnistes.fr/index.php/environnement-cadre-de-vie/" />
<meta property="og:site_name" content="Communauté de Communes Sausseron Impressionnistes" />
<meta property="article:modified_time" content="2023-12-21T19:08:14+00:00" />
<meta name="twitter:card" content="summary_large_image" />
<meta name="twitter:label1" content="Durée de lecture estimée" />
	<meta name="twitter:data1" content="1 minute" />
<script type="application/ld+json" class="yoast-schema-graph">{"@context":"https:\/\/schema.org","@graph":[{"@type":"WebPage","@id":"https:\/\/www.sausseron-impressionnistes.fr\/index.php\/environnement-cadre-de-vie\/","url":"https:\/\/www.sausseron-impressionnistes.fr\/index.php\/environnement-cadre-de-vie\/","name":"Environnement - cadre de vie - Communauté de Communes Sausseron Impressionnistes","isPartOf":{"@id":"https:\/\/www.sausseron-impressionnistes.fr\/#website"},"datePublished":"2021-03-01T09:39:45+00:00","dateModified":"2023-12-21T19:08:14+00:00","breadcrumb":{"@id":"https:\/\/www.sausseron-impressionnistes.fr\/index.php\/environnement-cadre-de-vie\/#breadcrumb"},"inLanguage":"fr-FR","potentialAction":[{"@type":"ReadAction","target":["https:\/\/www.sausseron-impressionnistes.fr\/index.php\/environnement-cadre-de-vie\/"]}]},{"@type":"BreadcrumbList","@id":"https:\/\/www.sausseron-impressionnistes.fr\/index.php\/environnement-cadre-de-vie\/#breadcrumb","itemListElement":[{"@type":"ListItem","position":1,"name":"Accueil","item":"https:\/\/www.sausseron-impressionnistes.fr\/"},{"@type":"ListItem","position":2,"name":"Environnement &#8211; cadre de vie"}]},{"@type":"WebSite","@id":"https:\/\/www.sausseron-impressionnistes.fr\/#website","url":"https:\/\/www.sausseron-impressionnistes.fr\/","name":"Communauté de Communes Sausseron Impressionnistes","description":"","potentialAction":[{"@type":"SearchAction","target":{"@type":"EntryPoint","urlTemplate":"https:\/\/www.sausseron-impressionnistes.fr\/?s={search_term_string}"},"query-input":{"@type":"PropertyValueSpecification","valueRequired":true,"valueName":"search_term_string"}}],"inLanguage":"fr-FR"}]}</script>
<!-- / Yoast SEO plugin. -->

Environnement - cadre de vie - Communauté de Communes Sausseron Impressionnistes

(Président Alain Devillebichot) AUVERS-SUR-OISEOberti Jean-PierreBeaulieu Florent HÉDOUVILLEJobard Guy NESLES-LA-VALLÉELeplat Jérôme ENNERYPitois Marie-Agnès HÉROUVILLE-EN-VEXINLebecq Jacques VALLANGOUJARDVaillant Alain ÉPIAIS-RHUSMoha Brahim LABBEVILLERichard Michel VALMONDOISGasquet Pascal GÉNICOURTMetais Derry MÉNOUVILLEPion ChristianReol Philippe ARRONVILLE Pasquet Alain

Communauté de Communes Sausseron Impressionnistes
