{"id":293,"date":"2021-03-01T10:39:45","date_gmt":"2021-03-01T09:39:45","guid":{"rendered":"http:\/\/www.sausseron-impressionnistes.fr\/?page_id=293"},"modified":"2023-12-21T20:02:54","modified_gmt":"2023-12-21T19:02:54","slug":"developpement-economique-3","status":"publish","type":"page","link":"https:\/\/www.sausseron-impressionnistes.fr\/index.php\/developpement-economique-3\/","title":{"rendered":"D\u00e9veloppement \u00e9conomique"},"content":{"rendered":"\n<p>(Pr\u00e9sident Christophe Buatois)<\/p>\n\n\n\n<figure class=\"wp-block-table\"><table><tbody><tr><td class=\"has-text-align-center\" data-align=\"center\"><strong><span class=\"has-inline-color has-luminous-vivid-amber-color\">AUVERS-SUR-OISE<br><\/span><\/strong>M\u00e9zi\u00e8res Christophe<\/td><td class=\"has-text-align-center\" data-align=\"center\"><strong><span class=\"has-inline-color has-luminous-vivid-amber-color\"><strong>G\u00c9NICOURT<\/strong><br><\/span><\/strong><span class=\"has-inline-color has-black-color\">Deslandes Olivier<\/span><\/td><td class=\"has-text-align-center\" data-align=\"center\"><span class=\"has-inline-color has-luminous-vivid-amber-color\"><strong><strong><strong><strong>LABEVILLE<\/strong><br><\/strong><\/strong><\/strong><\/span><span class=\"has-inline-color has-black-color\">Devillebichot Alain<br>Richard Michel<\/span><\/td><\/tr><tr><td class=\"has-text-align-center\" data-align=\"center\"><strong><span style=\"background-color:rgba(0, 0, 0, 0)\" class=\"has-inline-color has-luminous-vivid-amber-color\">ENNERY<\/span><\/strong><br>Laurent Matthieu<br>Demailly Benjamin<\/td><td class=\"has-text-align-center\" data-align=\"center\"><strong><span class=\"has-inline-color has-luminous-vivid-amber-color\"><strong><strong>H\u00c9ROUVILLE-EN-VEXIN<\/strong><br><\/strong><\/span><\/strong><span class=\"has-inline-color has-black-color\">Baert \u00c9ric<\/span><\/td><td class=\"has-text-align-center\" data-align=\"center\"><span style=\"color: rgb(85, 93, 102); font-size: 13px; font-style: italic; text-align: left;\"><\/span><\/td><\/tr><\/tbody><\/table><\/figure>\n\n\n\n<p><\/p>\n","protected":false},"excerpt":{"rendered":"<p>(Pr\u00e9sident Christophe Buatois) AUVERS-SUR-OISEM\u00e9zi\u00e8res Christophe G\u00c9NICOURTDeslandes Olivier LABEVILLEDevillebichot AlainRichard Michel ENNERYLaurent MatthieuDemailly Benjamin H\u00c9ROUVILLE-EN-VEXINBaert \u00c9ric<\/p>\n","protected":false},"author":1,"featured_media":0,"parent":0,"menu_order":0,"comment_status":"closed","ping_status":"closed","template":"","meta":{"footnotes":""},"class_list":["post-293","page","type-page","status-publish","hentry"],"yoast_head":"<!-- This site is optimized with the Yoast SEO plugin v27.5 - https:\/\/yoast.com\/product\/yoast-seo-wordpress\/ -->\n<title>D\u00e9veloppement \u00e9conomique - Communaut\u00e9 de Communes Sausseron Impressionnistes<\/title>\n<meta name=\"robots\" content=\"index, follow, max-snippet:-1, max-image-preview:large, max-video-preview:-1\" \/>\n<link rel=\"canonical\" href=\"https:\/\/www.sausseron-impressionnistes.fr\/index.php\/developpement-economique-3\/\" \/>\n<meta property=\"og:locale\" content=\"fr_FR\" \/>\n<meta property=\"og:type\" content=\"article\" \/>\n<meta property=\"og:title\" content=\"D\u00e9veloppement \u00e9conomique - Communaut\u00e9 de Communes Sausseron Impressionnistes\" \/>\n<meta property=\"og:description\" content=\"(Pr\u00e9sident Christophe Buatois) AUVERS-SUR-OISEM\u00e9zi\u00e8res Christophe G\u00c9NICOURTDeslandes Olivier LABEVILLEDevillebichot AlainRichard Michel ENNERYLaurent MatthieuDemailly Benjamin H\u00c9ROUVILLE-EN-VEXINBaert \u00c9ric\" \/>\n<meta property=\"og:url\" content=\"https:\/\/www.sausseron-impressionnistes.fr\/index.php\/developpement-economique-3\/\" \/>\n<meta property=\"og:site_name\" content=\"Communaut\u00e9 de Communes Sausseron Impressionnistes\" \/>\n<meta property=\"article:modified_time\" content=\"2023-12-21T19:02:54+00:00\" \/>\n<meta name=\"twitter:card\" content=\"summary_large_image\" \/>\n<meta name=\"twitter:label1\" content=\"Dur\u00e9e de lecture estim\u00e9e\" \/>\n\t<meta name=\"twitter:data1\" content=\"1 minute\" \/>\n<script type=\"application\/ld+json\" class=\"yoast-schema-graph\">{\"@context\":\"https:\\\/\\\/schema.org\",\"@graph\":[{\"@type\":\"WebPage\",\"@id\":\"https:\\\/\\\/www.sausseron-impressionnistes.fr\\\/index.php\\\/developpement-economique-3\\\/\",\"url\":\"https:\\\/\\\/www.sausseron-impressionnistes.fr\\\/index.php\\\/developpement-economique-3\\\/\",\"name\":\"D\u00e9veloppement \u00e9conomique - Communaut\u00e9 de Communes Sausseron Impressionnistes\",\"isPartOf\":{\"@id\":\"https:\\\/\\\/www.sausseron-impressionnistes.fr\\\/#website\"},\"datePublished\":\"2021-03-01T09:39:45+00:00\",\"dateModified\":\"2023-12-21T19:02:54+00:00\",\"breadcrumb\":{\"@id\":\"https:\\\/\\\/www.sausseron-impressionnistes.fr\\\/index.php\\\/developpement-economique-3\\\/#breadcrumb\"},\"inLanguage\":\"fr-FR\",\"potentialAction\":[{\"@type\":\"ReadAction\",\"target\":[\"https:\\\/\\\/www.sausseron-impressionnistes.fr\\\/index.php\\\/developpement-economique-3\\\/\"]}]},{\"@type\":\"BreadcrumbList\",\"@id\":\"https:\\\/\\\/www.sausseron-impressionnistes.fr\\\/index.php\\\/developpement-economique-3\\\/#breadcrumb\",\"itemListElement\":[{\"@type\":\"ListItem\",\"position\":1,\"name\":\"Accueil\",\"item\":\"https:\\\/\\\/www.sausseron-impressionnistes.fr\\\/\"},{\"@type\":\"ListItem\",\"position\":2,\"name\":\"D\u00e9veloppement \u00e9conomique\"}]},{\"@type\":\"WebSite\",\"@id\":\"https:\\\/\\\/www.sausseron-impressionnistes.fr\\\/#website\",\"url\":\"https:\\\/\\\/www.sausseron-impressionnistes.fr\\\/\",\"name\":\"Communaut\u00e9 de Communes Sausseron Impressionnistes\",\"description\":\"\",\"potentialAction\":[{\"@type\":\"SearchAction\",\"target\":{\"@type\":\"EntryPoint\",\"urlTemplate\":\"https:\\\/\\\/www.sausseron-impressionnistes.fr\\\/?s={search_term_string}\"},\"query-input\":{\"@type\":\"PropertyValueSpecification\",\"valueRequired\":true,\"valueName\":\"search_term_string\"}}],\"inLanguage\":\"fr-FR\"}]}<\/script>\n<!-- \/ Yoast SEO plugin. -->","yoast_head_json":{"title":"D\u00e9veloppement \u00e9conomique - Communaut\u00e9 de Communes Sausseron Impressionnistes","robots":{"index":"index","follow":"follow","max-snippet":"max-snippet:-1","max-image-preview":"max-image-preview:large","max-video-preview":"max-video-preview:-1"},"canonical":"https:\/\/www.sausseron-impressionnistes.fr\/index.php\/developpement-economique-3\/","og_locale":"fr_FR","og_type":"article","og_title":"D\u00e9veloppement \u00e9conomique - Communaut\u00e9 de Communes Sausseron Impressionnistes","og_description":"(Pr\u00e9sident Christophe Buatois) AUVERS-SUR-OISEM\u00e9zi\u00e8res Christophe G\u00c9NICOURTDeslandes Olivier LABEVILLEDevillebichot AlainRichard Michel ENNERYLaurent MatthieuDemailly Benjamin H\u00c9ROUVILLE-EN-VEXINBaert \u00c9ric","og_url":"https:\/\/www.sausseron-impressionnistes.fr\/index.php\/developpement-economique-3\/","og_site_name":"Communaut\u00e9 de Communes Sausseron Impressionnistes","article_modified_time":"2023-12-21T19:02:54+00:00","twitter_card":"summary_large_image","twitter_misc":{"Dur\u00e9e de lecture estim\u00e9e":"1 minute"},"schema":{"@context":"https:\/\/schema.org","@graph":[{"@type":"WebPage","@id":"https:\/\/www.sausseron-impressionnistes.fr\/index.php\/developpement-economique-3\/","url":"https:\/\/www.sausseron-impressionnistes.fr\/index.php\/developpement-economique-3\/","name":"D\u00e9veloppement \u00e9conomique - Communaut\u00e9 de Communes Sausseron Impressionnistes","isPartOf":{"@id":"https:\/\/www.sausseron-impressionnistes.fr\/#website"},"datePublished":"2021-03-01T09:39:45+00:00","dateModified":"2023-12-21T19:02:54+00:00","breadcrumb":{"@id":"https:\/\/www.sausseron-impressionnistes.fr\/index.php\/developpement-economique-3\/#breadcrumb"},"inLanguage":"fr-FR","potentialAction":[{"@type":"ReadAction","target":["https:\/\/www.sausseron-impressionnistes.fr\/index.php\/developpement-economique-3\/"]}]},{"@type":"BreadcrumbList","@id":"https:\/\/www.sausseron-impressionnistes.fr\/index.php\/developpement-economique-3\/#breadcrumb","itemListElement":[{"@type":"ListItem","position":1,"name":"Accueil","item":"https:\/\/www.sausseron-impressionnistes.fr\/"},{"@type":"ListItem","position":2,"name":"D\u00e9veloppement \u00e9conomique"}]},{"@type":"WebSite","@id":"https:\/\/www.sausseron-impressionnistes.fr\/#website","url":"https:\/\/www.sausseron-impressionnistes.fr\/","name":"Communaut\u00e9 de Communes Sausseron Impressionnistes","description":"","potentialAction":[{"@type":"SearchAction","target":{"@type":"EntryPoint","urlTemplate":"https:\/\/www.sausseron-impressionnistes.fr\/?s={search_term_string}"},"query-input":{"@type":"PropertyValueSpecification","valueRequired":true,"valueName":"search_term_string"}}],"inLanguage":"fr-FR"}]}},"_links":{"self":[{"href":"https:\/\/www.sausseron-impressionnistes.fr\/index.php\/wp-json\/wp\/v2\/pages\/293","targetHints":{"allow":["GET"]}}],"collection":[{"href":"https:\/\/www.sausseron-impressionnistes.fr\/index.php\/wp-json\/wp\/v2\/pages"}],"about":[{"href":"https:\/\/www.sausseron-impressionnistes.fr\/index.php\/wp-json\/wp\/v2\/types\/page"}],"author":[{"embeddable":true,"href":"https:\/\/www.sausseron-impressionnistes.fr\/index.php\/wp-json\/wp\/v2\/users\/1"}],"replies":[{"embeddable":true,"href":"https:\/\/www.sausseron-impressionnistes.fr\/index.php\/wp-json\/wp\/v2\/comments?post=293"}],"version-history":[{"count":5,"href":"https:\/\/www.sausseron-impressionnistes.fr\/index.php\/wp-json\/wp\/v2\/pages\/293\/revisions"}],"predecessor-version":[{"id":2607,"href":"https:\/\/www.sausseron-impressionnistes.fr\/index.php\/wp-json\/wp\/v2\/pages\/293\/revisions\/2607"}],"wp:attachment":[{"href":"https:\/\/www.sausseron-impressionnistes.fr\/index.php\/wp-json\/wp\/v2\/media?parent=293"}],"curies":[{"name":"wp","href":"https:\/\/api.w.org\/{rel}","templated":true}]}}

Développement économique

<p>(Président Christophe Buatois)</p>



<figure class="wp-block-table"><table><tbody><tr><td class="has-text-align-center" data-align="center"><strong><span class="has-inline-color has-luminous-vivid-amber-color">AUVERS-SUR-OISE<br></span></strong>Mézières Christophe</td><td class="has-text-align-center" data-align="center"><strong><span class="has-inline-color has-luminous-vivid-amber-color"><strong>GÉNICOURT</strong><br></span></strong><span class="has-inline-color has-black-color">Deslandes Olivier</span></td><td class="has-text-align-center" data-align="center"><span class="has-inline-color has-luminous-vivid-amber-color"><strong><strong><strong><strong>LABEVILLE</strong><br></strong></strong></strong></span><span class="has-inline-color has-black-color">Devillebichot Alain<br>Richard Michel</span></td></tr><tr><td class="has-text-align-center" data-align="center"><strong><span style="background-color:rgba(0, 0, 0, 0)" class="has-inline-color has-luminous-vivid-amber-color">ENNERY</span></strong><br>Laurent Matthieu<br>Demailly Benjamin</td><td class="has-text-align-center" data-align="center"><strong><span class="has-inline-color has-luminous-vivid-amber-color"><strong><strong>HÉROUVILLE-EN-VEXIN</strong><br></strong></span></strong><span class="has-inline-color has-black-color">Baert Éric</span></td><td class="has-text-align-center" data-align="center"><span style="color: rgb(85, 93, 102); font-size: 13px; font-style: italic; text-align: left;"></span></td></tr></tbody></table></figure>



<p></p>

<p>(Président Christophe Buatois) AUVERS-SUR-OISEMézières Christophe GÉNICOURTDeslandes Olivier LABEVILLEDevillebichot AlainRichard Michel ENNERYLaurent MatthieuDemailly Benjamin HÉROUVILLE-EN-VEXINBaert Éric</p>

<!-- This site is optimized with the Yoast SEO plugin v27.5 - https://yoast.com/product/yoast-seo-wordpress/ -->
<title>Développement économique - Communauté de Communes Sausseron Impressionnistes</title>
<meta name="robots" content="index, follow, max-snippet:-1, max-image-preview:large, max-video-preview:-1" />
<link rel="canonical" href="https://www.sausseron-impressionnistes.fr/index.php/developpement-economique-3/" />
<meta property="og:locale" content="fr_FR" />
<meta property="og:type" content="article" />
<meta property="og:title" content="Développement économique - Communauté de Communes Sausseron Impressionnistes" />
<meta property="og:description" content="(Président Christophe Buatois) AUVERS-SUR-OISEMézières Christophe GÉNICOURTDeslandes Olivier LABEVILLEDevillebichot AlainRichard Michel ENNERYLaurent MatthieuDemailly Benjamin HÉROUVILLE-EN-VEXINBaert Éric" />
<meta property="og:url" content="https://www.sausseron-impressionnistes.fr/index.php/developpement-economique-3/" />
<meta property="og:site_name" content="Communauté de Communes Sausseron Impressionnistes" />
<meta property="article:modified_time" content="2023-12-21T19:02:54+00:00" />
<meta name="twitter:card" content="summary_large_image" />
<meta name="twitter:label1" content="Durée de lecture estimée" />
	<meta name="twitter:data1" content="1 minute" />
<script type="application/ld+json" class="yoast-schema-graph">{"@context":"https:\/\/schema.org","@graph":[{"@type":"WebPage","@id":"https:\/\/www.sausseron-impressionnistes.fr\/index.php\/developpement-economique-3\/","url":"https:\/\/www.sausseron-impressionnistes.fr\/index.php\/developpement-economique-3\/","name":"Développement économique - Communauté de Communes Sausseron Impressionnistes","isPartOf":{"@id":"https:\/\/www.sausseron-impressionnistes.fr\/#website"},"datePublished":"2021-03-01T09:39:45+00:00","dateModified":"2023-12-21T19:02:54+00:00","breadcrumb":{"@id":"https:\/\/www.sausseron-impressionnistes.fr\/index.php\/developpement-economique-3\/#breadcrumb"},"inLanguage":"fr-FR","potentialAction":[{"@type":"ReadAction","target":["https:\/\/www.sausseron-impressionnistes.fr\/index.php\/developpement-economique-3\/"]}]},{"@type":"BreadcrumbList","@id":"https:\/\/www.sausseron-impressionnistes.fr\/index.php\/developpement-economique-3\/#breadcrumb","itemListElement":[{"@type":"ListItem","position":1,"name":"Accueil","item":"https:\/\/www.sausseron-impressionnistes.fr\/"},{"@type":"ListItem","position":2,"name":"Développement économique"}]},{"@type":"WebSite","@id":"https:\/\/www.sausseron-impressionnistes.fr\/#website","url":"https:\/\/www.sausseron-impressionnistes.fr\/","name":"Communauté de Communes Sausseron Impressionnistes","description":"","potentialAction":[{"@type":"SearchAction","target":{"@type":"EntryPoint","urlTemplate":"https:\/\/www.sausseron-impressionnistes.fr\/?s={search_term_string}"},"query-input":{"@type":"PropertyValueSpecification","valueRequired":true,"valueName":"search_term_string"}}],"inLanguage":"fr-FR"}]}</script>
<!-- / Yoast SEO plugin. -->

Développement économique - Communauté de Communes Sausseron Impressionnistes

(Président Christophe Buatois) AUVERS-SUR-OISEMézières Christophe GÉNICOURTDeslandes Olivier LABEVILLEDevillebichot AlainRichard Michel ENNERYLaurent MatthieuDemailly Benjamin HÉROUVILLE-EN-VEXINBaert Éric

Communauté de Communes Sausseron Impressionnistes
