{"id":2891,"date":"2024-10-15T11:57:55","date_gmt":"2024-10-15T09:57:55","guid":{"rendered":"https:\/\/www.sausseron-impressionnistes.fr\/?page_id=2891"},"modified":"2025-06-16T17:25:08","modified_gmt":"2025-06-16T15:25:08","slug":"declarer-son-hebergement","status":"publish","type":"page","link":"https:\/\/www.sausseron-impressionnistes.fr\/index.php\/declarer-son-hebergement\/","title":{"rendered":"D\u00e9clarer son h\u00e9bergement"},"content":{"rendered":"\n<h2 class=\"wp-block-heading\"><strong>D\u00e9clarer votre logement en mairie<\/strong><\/h2>\n\n\n\n<p>Les r\u00e8gles qui s\u2019appliquent sur le territoire de la communaut\u00e9 de communes :<\/p>\n\n\n\n<p>Arronville, Auvers-sur-Oise, Butry-sur-Oise, Ennery, Epiais-Rhus, Frouville, G\u00e9nicourt, H\u00e9douville, H\u00e9rouville, Labbeville, Livilliers, Menouville, Nesles-La-Vall\u00e9e, Vallangoujard, Valmondois<\/p>\n\n\n\n<p><strong>Pour les locations dans votre r\u00e9sidence principale&nbsp;<\/strong>\/ D\u00e9claration pr\u00e9alable aupr\u00e8s de la mairie de votre commune. Vous pouvez louer votre r\u00e9sidence principale pour une dur\u00e9e maximale de 120 jours par an (soit environ 4 mois) et vous devez collecter et reverser la taxe de s\u00e9jour \u00e0 la communaut\u00e9 de Communes Sausseron Impressionnistes. <\/p>\n\n\n\n<p><strong>Pour les locations dans votre r\u00e9sidence secondaire :<\/strong>\u00a0D\u00e9claration pr\u00e9alable aupr\u00e8s de la mairie de votre commune et vous devez collecter et reverser la taxe de s\u00e9jour \u00e0 la communaut\u00e9 de Communes Sausseron Impressionnistes.<\/p>\n\n\n\n<blockquote class=\"wp-block-quote is-layout-flow wp-block-quote-is-layout-flow\">\n<ul class=\"wp-block-list\">\n<li><strong>D\u00e9clarer une chambre d\u2019h\u00f4te&nbsp;ou un meubl\u00e9 de tourisme<\/strong> ( r\u00e9sidence principale ou secondaire)<\/li>\n\n\n\n<li>Cerfa ci-dessous \u00e0 remplir et \u00e0 d\u00e9poser dans votre mairie contre r\u00e9c\u00e9piss\u00e9.<\/li>\n\n\n\n<li>La mairie transmettra ensuite votre d\u00e9claration \u00e0 la Communaut\u00e9 de Communes (via son office de Tourisme).<\/li>\n<\/ul>\n\n\n\n<div data-wp-interactive=\"core\/file\" class=\"wp-block-file\"><object data-wp-bind--hidden=\"!state.hasPdfPreview\" hidden class=\"wp-block-file__embed\" data=\"https:\/\/www.sausseron-impressionnistes.fr\/wp-content\/uploads\/2025\/06\/cerfa_1400404_meubles.pdf\" type=\"application\/pdf\" style=\"width:100%;height:600px\" aria-label=\"Contenu embarqu\u00e9 cerfa_1400404_meubles.\"><\/object><a id=\"wp-block-file--media-725f82b2-af3b-49e8-8ac0-3601a98a16d2\" href=\"https:\/\/www.sausseron-impressionnistes.fr\/wp-content\/uploads\/2025\/06\/cerfa_1400404_meubles.pdf\">cerfa_1400404_meubles<\/a><a href=\"https:\/\/www.sausseron-impressionnistes.fr\/wp-content\/uploads\/2025\/06\/cerfa_1400404_meubles.pdf\" class=\"wp-block-file__button wp-element-button\" download aria-describedby=\"wp-block-file--media-725f82b2-af3b-49e8-8ac0-3601a98a16d2\">T\u00e9l\u00e9charger<\/a><\/div>\n<\/blockquote>\n\n\n\n<p><strong>BON A SAVOIR : Mise en place d\u2019un t\u00e9l\u00e9service national pour l\u2019enregistrement des locations de courte dur\u00e9e d\u2019ici janvier 2026<\/strong><\/p>\n\n\n\n<p>Dans le cadre de la r\u00e9gulation des locations de courte dur\u00e9e, un t\u00e9l\u00e9service national sera op\u00e9rationnel avant janvier 2026. Ce t\u00e9l\u00e9service permettra d\u2019harmoniser les d\u00e9marches d\u2019enregistrement des biens mis en location pour des courtes p\u00e9riodes (comme sur les plateformes type Airbnb), en facilitant l\u2019obtention du&nbsp;<strong>num\u00e9ro d\u2019enregistrement<\/strong>&nbsp;par les propri\u00e9taires et en centralisant les informations relatives aux locations.<\/p>\n\n\n\n<p>Cette initiative s\u2019inscrit dans le prolongement de la loi ELAN (2018), qui avait d\u00e9j\u00e0 introduit l\u2019obligation pour les municipalit\u00e9s de plus de 200 000 habitants d\u2019imposer un num\u00e9ro d\u2019enregistrement pour chaque bien lou\u00e9 en courte dur\u00e9e. Le t\u00e9l\u00e9service national vise \u00e0 :<\/p>\n\n\n\n<p>Renforcer les contr\u00f4les sur le respect des r\u00e8gles locales, notamment le respect des quotas de nuit\u00e9es.<\/p>\n\n\n\n<p><strong>Pour le moment, la mairie de votre commune n\u2019applique pas le num\u00e9ro d\u2019enregistrement&nbsp;<\/strong>( Si vous souhaitez louer votre logement sur la&nbsp;<strong>plateforme Airbnb,&nbsp;<\/strong>celle-ci vous permet de cocher une case indiquant que vous n\u2019\u00eates pas encore soumis \u00e0 cette obligation)<\/p>\n\n\n\n<p><\/p>\n\n\n\n<p><\/p>\n\n\n\n<h2 class=\"wp-block-heading\"><strong>D\u00e9clarer mon h\u00e9bergement touristique<\/strong><\/h2>\n\n\n\n<p>Comment et aupr\u00e8s de qui dois-je le d\u00e9clarer ? Retrouvez ici les d\u00e9marches \u00e0 suivre.<\/p>\n\n\n\n<p><object data=\"https:\/\/www.sausseron-impressionnistes.fr\/wp-content\/uploads\/2024\/09\/Guide_pratique_Meuble_de_Tourisme.pdf\" type=\"application\/pdf\"><\/object><a href=\"https:\/\/www.sausseron-impressionnistes.fr\/wp-content\/uploads\/2024\/09\/Guide_pratique_Meuble_de_Tourisme.pdf\" target=\"_blank\" rel=\"noreferrer noopener\">Guide_pratique_Meuble_de_Tourisme<\/a><a href=\"https:\/\/www.sausseron-impressionnistes.fr\/wp-content\/uploads\/2024\/09\/Guide_pratique_Meuble_de_Tourisme.pdf\">T\u00e9l\u00e9charger<\/a><\/p>\n","protected":false},"excerpt":{"rendered":"<p>D\u00e9clarer votre logement en mairie Les r\u00e8gles qui s\u2019appliquent sur le territoire de la communaut\u00e9 de communes : Arronville, Auvers-sur-Oise, Butry-sur-Oise, Ennery, Epiais-Rhus, Frouville, G\u00e9nicourt, H\u00e9douville, H\u00e9rouville, Labbeville, Livilliers, Menouville, Nesles-La-Vall\u00e9e, Vallangoujard, Valmondois Pour les locations dans votre r\u00e9sidence principale&nbsp;\/ D\u00e9claration pr\u00e9alable aupr\u00e8s de la mairie de votre commune. Vous pouvez louer votre r\u00e9sidence principale &hellip; <\/p>\n<p class=\"link-more\"><a href=\"https:\/\/www.sausseron-impressionnistes.fr\/index.php\/declarer-son-hebergement\/\" class=\"more-link\">Continuer la lecture<span class=\"screen-reader-text\"> de &laquo;&nbsp;D\u00e9clarer son h\u00e9bergement&nbsp;&raquo;<\/span><\/a><\/p>\n","protected":false},"author":1,"featured_media":0,"parent":0,"menu_order":0,"comment_status":"closed","ping_status":"closed","template":"","meta":{"footnotes":""},"class_list":["post-2891","page","type-page","status-publish","hentry"],"yoast_head":"<!-- This site is optimized with the Yoast SEO plugin v27.4 - https:\/\/yoast.com\/product\/yoast-seo-wordpress\/ -->\n<title>D\u00e9clarer son h\u00e9bergement - Communaut\u00e9 de Communes Sausseron Impressionnistes<\/title>\n<meta name=\"robots\" content=\"index, follow, max-snippet:-1, max-image-preview:large, max-video-preview:-1\" \/>\n<link rel=\"canonical\" href=\"https:\/\/www.sausseron-impressionnistes.fr\/index.php\/declarer-son-hebergement\/\" \/>\n<meta property=\"og:locale\" content=\"fr_FR\" \/>\n<meta property=\"og:type\" content=\"article\" \/>\n<meta property=\"og:title\" content=\"D\u00e9clarer son h\u00e9bergement - Communaut\u00e9 de Communes Sausseron Impressionnistes\" \/>\n<meta property=\"og:description\" content=\"D\u00e9clarer votre logement en mairie Les r\u00e8gles qui s\u2019appliquent sur le territoire de la communaut\u00e9 de communes : Arronville, Auvers-sur-Oise, Butry-sur-Oise, Ennery, Epiais-Rhus, Frouville, G\u00e9nicourt, H\u00e9douville, H\u00e9rouville, Labbeville, Livilliers, Menouville, Nesles-La-Vall\u00e9e, Vallangoujard, Valmondois Pour les locations dans votre r\u00e9sidence principale&nbsp;\/ D\u00e9claration pr\u00e9alable aupr\u00e8s de la mairie de votre commune. Vous pouvez louer votre r\u00e9sidence principale &hellip; Continuer la lecture de &laquo;&nbsp;D\u00e9clarer son h\u00e9bergement&nbsp;&raquo;\" \/>\n<meta property=\"og:url\" content=\"https:\/\/www.sausseron-impressionnistes.fr\/index.php\/declarer-son-hebergement\/\" \/>\n<meta property=\"og:site_name\" content=\"Communaut\u00e9 de Communes Sausseron Impressionnistes\" \/>\n<meta property=\"article:modified_time\" content=\"2025-06-16T15:25:08+00:00\" \/>\n<meta name=\"twitter:card\" content=\"summary_large_image\" \/>\n<meta name=\"twitter:label1\" content=\"Dur\u00e9e de lecture estim\u00e9e\" \/>\n\t<meta name=\"twitter:data1\" content=\"2 minutes\" \/>\n<script type=\"application\/ld+json\" class=\"yoast-schema-graph\">{\"@context\":\"https:\\\/\\\/schema.org\",\"@graph\":[{\"@type\":\"WebPage\",\"@id\":\"https:\\\/\\\/www.sausseron-impressionnistes.fr\\\/index.php\\\/declarer-son-hebergement\\\/\",\"url\":\"https:\\\/\\\/www.sausseron-impressionnistes.fr\\\/index.php\\\/declarer-son-hebergement\\\/\",\"name\":\"D\u00e9clarer son h\u00e9bergement - Communaut\u00e9 de Communes Sausseron Impressionnistes\",\"isPartOf\":{\"@id\":\"https:\\\/\\\/www.sausseron-impressionnistes.fr\\\/#website\"},\"datePublished\":\"2024-10-15T09:57:55+00:00\",\"dateModified\":\"2025-06-16T15:25:08+00:00\",\"breadcrumb\":{\"@id\":\"https:\\\/\\\/www.sausseron-impressionnistes.fr\\\/index.php\\\/declarer-son-hebergement\\\/#breadcrumb\"},\"inLanguage\":\"fr-FR\",\"potentialAction\":[{\"@type\":\"ReadAction\",\"target\":[\"https:\\\/\\\/www.sausseron-impressionnistes.fr\\\/index.php\\\/declarer-son-hebergement\\\/\"]}]},{\"@type\":\"BreadcrumbList\",\"@id\":\"https:\\\/\\\/www.sausseron-impressionnistes.fr\\\/index.php\\\/declarer-son-hebergement\\\/#breadcrumb\",\"itemListElement\":[{\"@type\":\"ListItem\",\"position\":1,\"name\":\"Accueil\",\"item\":\"https:\\\/\\\/www.sausseron-impressionnistes.fr\\\/\"},{\"@type\":\"ListItem\",\"position\":2,\"name\":\"D\u00e9clarer son h\u00e9bergement\"}]},{\"@type\":\"WebSite\",\"@id\":\"https:\\\/\\\/www.sausseron-impressionnistes.fr\\\/#website\",\"url\":\"https:\\\/\\\/www.sausseron-impressionnistes.fr\\\/\",\"name\":\"Communaut\u00e9 de Communes Sausseron Impressionnistes\",\"description\":\"\",\"potentialAction\":[{\"@type\":\"SearchAction\",\"target\":{\"@type\":\"EntryPoint\",\"urlTemplate\":\"https:\\\/\\\/www.sausseron-impressionnistes.fr\\\/?s={search_term_string}\"},\"query-input\":{\"@type\":\"PropertyValueSpecification\",\"valueRequired\":true,\"valueName\":\"search_term_string\"}}],\"inLanguage\":\"fr-FR\"}]}<\/script>\n<!-- \/ Yoast SEO plugin. -->","yoast_head_json":{"title":"D\u00e9clarer son h\u00e9bergement - Communaut\u00e9 de Communes Sausseron Impressionnistes","robots":{"index":"index","follow":"follow","max-snippet":"max-snippet:-1","max-image-preview":"max-image-preview:large","max-video-preview":"max-video-preview:-1"},"canonical":"https:\/\/www.sausseron-impressionnistes.fr\/index.php\/declarer-son-hebergement\/","og_locale":"fr_FR","og_type":"article","og_title":"D\u00e9clarer son h\u00e9bergement - Communaut\u00e9 de Communes Sausseron Impressionnistes","og_description":"D\u00e9clarer votre logement en mairie Les r\u00e8gles qui s\u2019appliquent sur le territoire de la communaut\u00e9 de communes : Arronville, Auvers-sur-Oise, Butry-sur-Oise, Ennery, Epiais-Rhus, Frouville, G\u00e9nicourt, H\u00e9douville, H\u00e9rouville, Labbeville, Livilliers, Menouville, Nesles-La-Vall\u00e9e, Vallangoujard, Valmondois Pour les locations dans votre r\u00e9sidence principale&nbsp;\/ D\u00e9claration pr\u00e9alable aupr\u00e8s de la mairie de votre commune. Vous pouvez louer votre r\u00e9sidence principale &hellip; Continuer la lecture de &laquo;&nbsp;D\u00e9clarer son h\u00e9bergement&nbsp;&raquo;","og_url":"https:\/\/www.sausseron-impressionnistes.fr\/index.php\/declarer-son-hebergement\/","og_site_name":"Communaut\u00e9 de Communes Sausseron Impressionnistes","article_modified_time":"2025-06-16T15:25:08+00:00","twitter_card":"summary_large_image","twitter_misc":{"Dur\u00e9e de lecture estim\u00e9e":"2 minutes"},"schema":{"@context":"https:\/\/schema.org","@graph":[{"@type":"WebPage","@id":"https:\/\/www.sausseron-impressionnistes.fr\/index.php\/declarer-son-hebergement\/","url":"https:\/\/www.sausseron-impressionnistes.fr\/index.php\/declarer-son-hebergement\/","name":"D\u00e9clarer son h\u00e9bergement - Communaut\u00e9 de Communes Sausseron Impressionnistes","isPartOf":{"@id":"https:\/\/www.sausseron-impressionnistes.fr\/#website"},"datePublished":"2024-10-15T09:57:55+00:00","dateModified":"2025-06-16T15:25:08+00:00","breadcrumb":{"@id":"https:\/\/www.sausseron-impressionnistes.fr\/index.php\/declarer-son-hebergement\/#breadcrumb"},"inLanguage":"fr-FR","potentialAction":[{"@type":"ReadAction","target":["https:\/\/www.sausseron-impressionnistes.fr\/index.php\/declarer-son-hebergement\/"]}]},{"@type":"BreadcrumbList","@id":"https:\/\/www.sausseron-impressionnistes.fr\/index.php\/declarer-son-hebergement\/#breadcrumb","itemListElement":[{"@type":"ListItem","position":1,"name":"Accueil","item":"https:\/\/www.sausseron-impressionnistes.fr\/"},{"@type":"ListItem","position":2,"name":"D\u00e9clarer son h\u00e9bergement"}]},{"@type":"WebSite","@id":"https:\/\/www.sausseron-impressionnistes.fr\/#website","url":"https:\/\/www.sausseron-impressionnistes.fr\/","name":"Communaut\u00e9 de Communes Sausseron Impressionnistes","description":"","potentialAction":[{"@type":"SearchAction","target":{"@type":"EntryPoint","urlTemplate":"https:\/\/www.sausseron-impressionnistes.fr\/?s={search_term_string}"},"query-input":{"@type":"PropertyValueSpecification","valueRequired":true,"valueName":"search_term_string"}}],"inLanguage":"fr-FR"}]}},"_links":{"self":[{"href":"https:\/\/www.sausseron-impressionnistes.fr\/index.php\/wp-json\/wp\/v2\/pages\/2891","targetHints":{"allow":["GET"]}}],"collection":[{"href":"https:\/\/www.sausseron-impressionnistes.fr\/index.php\/wp-json\/wp\/v2\/pages"}],"about":[{"href":"https:\/\/www.sausseron-impressionnistes.fr\/index.php\/wp-json\/wp\/v2\/types\/page"}],"author":[{"embeddable":true,"href":"https:\/\/www.sausseron-impressionnistes.fr\/index.php\/wp-json\/wp\/v2\/users\/1"}],"replies":[{"embeddable":true,"href":"https:\/\/www.sausseron-impressionnistes.fr\/index.php\/wp-json\/wp\/v2\/comments?post=2891"}],"version-history":[{"count":10,"href":"https:\/\/www.sausseron-impressionnistes.fr\/index.php\/wp-json\/wp\/v2\/pages\/2891\/revisions"}],"predecessor-version":[{"id":3279,"href":"https:\/\/www.sausseron-impressionnistes.fr\/index.php\/wp-json\/wp\/v2\/pages\/2891\/revisions\/3279"}],"wp:attachment":[{"href":"https:\/\/www.sausseron-impressionnistes.fr\/index.php\/wp-json\/wp\/v2\/media?parent=2891"}],"curies":[{"name":"wp","href":"https:\/\/api.w.org\/{rel}","templated":true}]}}