{"id":241,"date":"2021-03-01T10:28:20","date_gmt":"2021-03-01T09:28:20","guid":{"rendered":"http:\/\/www.sausseron-impressionnistes.fr\/?page_id=241"},"modified":"2021-03-01T14:12:21","modified_gmt":"2021-03-01T13:12:21","slug":"collecte-et-traitement-des-dechets-menagers-et-assimiles","status":"publish","type":"page","link":"https:\/\/www.sausseron-impressionnistes.fr\/index.php\/collecte-et-traitement-des-dechets-menagers-et-assimiles\/","title":{"rendered":"Collecte et traitement des d\u00e9chets m\u00e9nagers et assimil\u00e9s"},"content":{"rendered":"\n<p><strong>La Communaut\u00e9 d\u00e9l\u00e8gue \u00e0 trois syndicats intercommunaux la gestion des d\u00e9chets m\u00e9nagers.<\/strong><\/p>\n\n\n\n<p><strong><span class=\"has-inline-color has-pale-pink-color\">\u2022 Le syndicat TRI-ACTION <\/span><\/strong><\/p>\n\n\n\n<p>g\u00e8re la collecte et le traitement des d\u00e9chets de la ville d\u2019Auvers-sur-Oise.<\/p>\n\n\n\n<p><strong><span class=\"has-inline-color has-pale-pink-color\">\u2022 Le syndicat TRI-Or<\/span><\/strong><\/p>\n\n\n\n<p>g\u00e8re la collecte et le traitement des d\u00e9chets pour les villes d&rsquo;H\u00e9douville et Frouville.<\/p>\n\n\n\n<p><strong><span class=\"has-inline-color has-pale-pink-color\">\u2022 Le syndicat SMIRTOM<\/span><\/strong> (Syndicat Mixte de Ramassage et de Traitement des<\/p>\n\n\n\n<p>Ordures M\u00e9nag\u00e8res) g\u00e8re les d\u00e9chets des villes :<\/p>\n\n\n\n<p>Arronville, Butry-sur-Oise, Ennery, Epiais-Rhus, G\u00e9nicourt, H\u00e9rouville-en-Vexin, Labbeville, Livilliers, M\u00e9nouville, Nesles-la-Vall\u00e9e.<\/p>\n","protected":false},"excerpt":{"rendered":"<p>La Communaut\u00e9 d\u00e9l\u00e8gue \u00e0 trois syndicats intercommunaux la gestion des d\u00e9chets m\u00e9nagers. \u2022 Le syndicat TRI-ACTION g\u00e8re la collecte et le traitement des d\u00e9chets de la ville d\u2019Auvers-sur-Oise. \u2022 Le syndicat TRI-Or g\u00e8re la collecte et le traitement des d\u00e9chets pour les villes d&rsquo;H\u00e9douville et Frouville. \u2022 Le syndicat SMIRTOM (Syndicat Mixte de Ramassage et &hellip; <\/p>\n<p class=\"link-more\"><a href=\"https:\/\/www.sausseron-impressionnistes.fr\/index.php\/collecte-et-traitement-des-dechets-menagers-et-assimiles\/\" class=\"more-link\">Continuer la lecture<span class=\"screen-reader-text\"> de &laquo;&nbsp;Collecte et traitement des d\u00e9chets m\u00e9nagers et assimil\u00e9s&nbsp;&raquo;<\/span><\/a><\/p>\n","protected":false},"author":1,"featured_media":0,"parent":0,"menu_order":0,"comment_status":"closed","ping_status":"closed","template":"","meta":{"footnotes":""},"class_list":["post-241","page","type-page","status-publish","hentry"],"yoast_head":"<!-- This site is optimized with the Yoast SEO plugin v27.4 - https:\/\/yoast.com\/product\/yoast-seo-wordpress\/ -->\n<title>Collecte et traitement des d\u00e9chets m\u00e9nagers et assimil\u00e9s - Communaut\u00e9 de Communes Sausseron Impressionnistes<\/title>\n<meta name=\"robots\" content=\"index, follow, max-snippet:-1, max-image-preview:large, max-video-preview:-1\" \/>\n<link rel=\"canonical\" href=\"https:\/\/www.sausseron-impressionnistes.fr\/index.php\/collecte-et-traitement-des-dechets-menagers-et-assimiles\/\" \/>\n<meta property=\"og:locale\" content=\"fr_FR\" \/>\n<meta property=\"og:type\" content=\"article\" \/>\n<meta property=\"og:title\" content=\"Collecte et traitement des d\u00e9chets m\u00e9nagers et assimil\u00e9s - Communaut\u00e9 de Communes Sausseron Impressionnistes\" \/>\n<meta property=\"og:description\" content=\"La Communaut\u00e9 d\u00e9l\u00e8gue \u00e0 trois syndicats intercommunaux la gestion des d\u00e9chets m\u00e9nagers. \u2022 Le syndicat TRI-ACTION g\u00e8re la collecte et le traitement des d\u00e9chets de la ville d\u2019Auvers-sur-Oise. \u2022 Le syndicat TRI-Or g\u00e8re la collecte et le traitement des d\u00e9chets pour les villes d&rsquo;H\u00e9douville et Frouville. \u2022 Le syndicat SMIRTOM (Syndicat Mixte de Ramassage et &hellip; Continuer la lecture de &laquo;&nbsp;Collecte et traitement des d\u00e9chets m\u00e9nagers et assimil\u00e9s&nbsp;&raquo;\" \/>\n<meta property=\"og:url\" content=\"https:\/\/www.sausseron-impressionnistes.fr\/index.php\/collecte-et-traitement-des-dechets-menagers-et-assimiles\/\" \/>\n<meta property=\"og:site_name\" content=\"Communaut\u00e9 de Communes Sausseron Impressionnistes\" \/>\n<meta property=\"article:modified_time\" content=\"2021-03-01T13:12:21+00:00\" \/>\n<meta name=\"twitter:card\" content=\"summary_large_image\" \/>\n<script type=\"application\/ld+json\" class=\"yoast-schema-graph\">{\"@context\":\"https:\\\/\\\/schema.org\",\"@graph\":[{\"@type\":\"WebPage\",\"@id\":\"https:\\\/\\\/www.sausseron-impressionnistes.fr\\\/index.php\\\/collecte-et-traitement-des-dechets-menagers-et-assimiles\\\/\",\"url\":\"https:\\\/\\\/www.sausseron-impressionnistes.fr\\\/index.php\\\/collecte-et-traitement-des-dechets-menagers-et-assimiles\\\/\",\"name\":\"Collecte et traitement des d\u00e9chets m\u00e9nagers et assimil\u00e9s - Communaut\u00e9 de Communes Sausseron Impressionnistes\",\"isPartOf\":{\"@id\":\"https:\\\/\\\/www.sausseron-impressionnistes.fr\\\/#website\"},\"datePublished\":\"2021-03-01T09:28:20+00:00\",\"dateModified\":\"2021-03-01T13:12:21+00:00\",\"breadcrumb\":{\"@id\":\"https:\\\/\\\/www.sausseron-impressionnistes.fr\\\/index.php\\\/collecte-et-traitement-des-dechets-menagers-et-assimiles\\\/#breadcrumb\"},\"inLanguage\":\"fr-FR\",\"potentialAction\":[{\"@type\":\"ReadAction\",\"target\":[\"https:\\\/\\\/www.sausseron-impressionnistes.fr\\\/index.php\\\/collecte-et-traitement-des-dechets-menagers-et-assimiles\\\/\"]}]},{\"@type\":\"BreadcrumbList\",\"@id\":\"https:\\\/\\\/www.sausseron-impressionnistes.fr\\\/index.php\\\/collecte-et-traitement-des-dechets-menagers-et-assimiles\\\/#breadcrumb\",\"itemListElement\":[{\"@type\":\"ListItem\",\"position\":1,\"name\":\"Accueil\",\"item\":\"https:\\\/\\\/www.sausseron-impressionnistes.fr\\\/\"},{\"@type\":\"ListItem\",\"position\":2,\"name\":\"Collecte et traitement des d\u00e9chets m\u00e9nagers et assimil\u00e9s\"}]},{\"@type\":\"WebSite\",\"@id\":\"https:\\\/\\\/www.sausseron-impressionnistes.fr\\\/#website\",\"url\":\"https:\\\/\\\/www.sausseron-impressionnistes.fr\\\/\",\"name\":\"Communaut\u00e9 de Communes Sausseron Impressionnistes\",\"description\":\"\",\"potentialAction\":[{\"@type\":\"SearchAction\",\"target\":{\"@type\":\"EntryPoint\",\"urlTemplate\":\"https:\\\/\\\/www.sausseron-impressionnistes.fr\\\/?s={search_term_string}\"},\"query-input\":{\"@type\":\"PropertyValueSpecification\",\"valueRequired\":true,\"valueName\":\"search_term_string\"}}],\"inLanguage\":\"fr-FR\"}]}<\/script>\n<!-- \/ Yoast SEO plugin. -->","yoast_head_json":{"title":"Collecte et traitement des d\u00e9chets m\u00e9nagers et assimil\u00e9s - Communaut\u00e9 de Communes Sausseron Impressionnistes","robots":{"index":"index","follow":"follow","max-snippet":"max-snippet:-1","max-image-preview":"max-image-preview:large","max-video-preview":"max-video-preview:-1"},"canonical":"https:\/\/www.sausseron-impressionnistes.fr\/index.php\/collecte-et-traitement-des-dechets-menagers-et-assimiles\/","og_locale":"fr_FR","og_type":"article","og_title":"Collecte et traitement des d\u00e9chets m\u00e9nagers et assimil\u00e9s - Communaut\u00e9 de Communes Sausseron Impressionnistes","og_description":"La Communaut\u00e9 d\u00e9l\u00e8gue \u00e0 trois syndicats intercommunaux la gestion des d\u00e9chets m\u00e9nagers. \u2022 Le syndicat TRI-ACTION g\u00e8re la collecte et le traitement des d\u00e9chets de la ville d\u2019Auvers-sur-Oise. \u2022 Le syndicat TRI-Or g\u00e8re la collecte et le traitement des d\u00e9chets pour les villes d&rsquo;H\u00e9douville et Frouville. \u2022 Le syndicat SMIRTOM (Syndicat Mixte de Ramassage et &hellip; Continuer la lecture de &laquo;&nbsp;Collecte et traitement des d\u00e9chets m\u00e9nagers et assimil\u00e9s&nbsp;&raquo;","og_url":"https:\/\/www.sausseron-impressionnistes.fr\/index.php\/collecte-et-traitement-des-dechets-menagers-et-assimiles\/","og_site_name":"Communaut\u00e9 de Communes Sausseron Impressionnistes","article_modified_time":"2021-03-01T13:12:21+00:00","twitter_card":"summary_large_image","schema":{"@context":"https:\/\/schema.org","@graph":[{"@type":"WebPage","@id":"https:\/\/www.sausseron-impressionnistes.fr\/index.php\/collecte-et-traitement-des-dechets-menagers-et-assimiles\/","url":"https:\/\/www.sausseron-impressionnistes.fr\/index.php\/collecte-et-traitement-des-dechets-menagers-et-assimiles\/","name":"Collecte et traitement des d\u00e9chets m\u00e9nagers et assimil\u00e9s - Communaut\u00e9 de Communes Sausseron Impressionnistes","isPartOf":{"@id":"https:\/\/www.sausseron-impressionnistes.fr\/#website"},"datePublished":"2021-03-01T09:28:20+00:00","dateModified":"2021-03-01T13:12:21+00:00","breadcrumb":{"@id":"https:\/\/www.sausseron-impressionnistes.fr\/index.php\/collecte-et-traitement-des-dechets-menagers-et-assimiles\/#breadcrumb"},"inLanguage":"fr-FR","potentialAction":[{"@type":"ReadAction","target":["https:\/\/www.sausseron-impressionnistes.fr\/index.php\/collecte-et-traitement-des-dechets-menagers-et-assimiles\/"]}]},{"@type":"BreadcrumbList","@id":"https:\/\/www.sausseron-impressionnistes.fr\/index.php\/collecte-et-traitement-des-dechets-menagers-et-assimiles\/#breadcrumb","itemListElement":[{"@type":"ListItem","position":1,"name":"Accueil","item":"https:\/\/www.sausseron-impressionnistes.fr\/"},{"@type":"ListItem","position":2,"name":"Collecte et traitement des d\u00e9chets m\u00e9nagers et assimil\u00e9s"}]},{"@type":"WebSite","@id":"https:\/\/www.sausseron-impressionnistes.fr\/#website","url":"https:\/\/www.sausseron-impressionnistes.fr\/","name":"Communaut\u00e9 de Communes Sausseron Impressionnistes","description":"","potentialAction":[{"@type":"SearchAction","target":{"@type":"EntryPoint","urlTemplate":"https:\/\/www.sausseron-impressionnistes.fr\/?s={search_term_string}"},"query-input":{"@type":"PropertyValueSpecification","valueRequired":true,"valueName":"search_term_string"}}],"inLanguage":"fr-FR"}]}},"_links":{"self":[{"href":"https:\/\/www.sausseron-impressionnistes.fr\/index.php\/wp-json\/wp\/v2\/pages\/241","targetHints":{"allow":["GET"]}}],"collection":[{"href":"https:\/\/www.sausseron-impressionnistes.fr\/index.php\/wp-json\/wp\/v2\/pages"}],"about":[{"href":"https:\/\/www.sausseron-impressionnistes.fr\/index.php\/wp-json\/wp\/v2\/types\/page"}],"author":[{"embeddable":true,"href":"https:\/\/www.sausseron-impressionnistes.fr\/index.php\/wp-json\/wp\/v2\/users\/1"}],"replies":[{"embeddable":true,"href":"https:\/\/www.sausseron-impressionnistes.fr\/index.php\/wp-json\/wp\/v2\/comments?post=241"}],"version-history":[{"count":2,"href":"https:\/\/www.sausseron-impressionnistes.fr\/index.php\/wp-json\/wp\/v2\/pages\/241\/revisions"}],"predecessor-version":[{"id":356,"href":"https:\/\/www.sausseron-impressionnistes.fr\/index.php\/wp-json\/wp\/v2\/pages\/241\/revisions\/356"}],"wp:attachment":[{"href":"https:\/\/www.sausseron-impressionnistes.fr\/index.php\/wp-json\/wp\/v2\/media?parent=241"}],"curies":[{"name":"wp","href":"https:\/\/api.w.org\/{rel}","templated":true}]}}

Collecte et traitement des déchets ménagers et assimilés

<p><strong>La Communauté délègue à trois syndicats intercommunaux la gestion des déchets ménagers.</strong></p>



<p><strong><span class="has-inline-color has-pale-pink-color">• Le syndicat TRI-ACTION </span></strong></p>



<p>gère la collecte et le traitement des déchets de la ville d’Auvers-sur-Oise.</p>



<p><strong><span class="has-inline-color has-pale-pink-color">• Le syndicat TRI-Or</span></strong></p>



<p>gère la collecte et le traitement des déchets pour les villes d&rsquo;Hédouville et Frouville.</p>



<p><strong><span class="has-inline-color has-pale-pink-color">• Le syndicat SMIRTOM</span></strong> (Syndicat Mixte de Ramassage et de Traitement des</p>



<p>Ordures Ménagères) gère les déchets des villes :</p>



<p>Arronville, Butry-sur-Oise, Ennery, Epiais-Rhus, Génicourt, Hérouville-en-Vexin, Labbeville, Livilliers, Ménouville, Nesles-la-Vallée.</p>

<p>La Communauté délègue à trois syndicats intercommunaux la gestion des déchets ménagers. • Le syndicat TRI-ACTION gère la collecte et le traitement des déchets de la ville d’Auvers-sur-Oise. • Le syndicat TRI-Or gère la collecte et le traitement des déchets pour les villes d&rsquo;Hédouville et Frouville. • Le syndicat SMIRTOM (Syndicat Mixte de Ramassage et &hellip; </p>
<p class="link-more"><a href="https://www.sausseron-impressionnistes.fr/index.php/collecte-et-traitement-des-dechets-menagers-et-assimiles/" class="more-link">Continuer la lecture<span class="screen-reader-text"> de &laquo;&nbsp;Collecte et traitement des déchets ménagers et assimilés&nbsp;&raquo;</span></a></p>

<!-- This site is optimized with the Yoast SEO plugin v27.4 - https://yoast.com/product/yoast-seo-wordpress/ -->
<title>Collecte et traitement des déchets ménagers et assimilés - Communauté de Communes Sausseron Impressionnistes</title>
<meta name="robots" content="index, follow, max-snippet:-1, max-image-preview:large, max-video-preview:-1" />
<link rel="canonical" href="https://www.sausseron-impressionnistes.fr/index.php/collecte-et-traitement-des-dechets-menagers-et-assimiles/" />
<meta property="og:locale" content="fr_FR" />
<meta property="og:type" content="article" />
<meta property="og:title" content="Collecte et traitement des déchets ménagers et assimilés - Communauté de Communes Sausseron Impressionnistes" />
<meta property="og:description" content="La Communauté délègue à trois syndicats intercommunaux la gestion des déchets ménagers. • Le syndicat TRI-ACTION gère la collecte et le traitement des déchets de la ville d’Auvers-sur-Oise. • Le syndicat TRI-Or gère la collecte et le traitement des déchets pour les villes d&rsquo;Hédouville et Frouville. • Le syndicat SMIRTOM (Syndicat Mixte de Ramassage et &hellip; Continuer la lecture de &laquo;&nbsp;Collecte et traitement des déchets ménagers et assimilés&nbsp;&raquo;" />
<meta property="og:url" content="https://www.sausseron-impressionnistes.fr/index.php/collecte-et-traitement-des-dechets-menagers-et-assimiles/" />
<meta property="og:site_name" content="Communauté de Communes Sausseron Impressionnistes" />
<meta property="article:modified_time" content="2021-03-01T13:12:21+00:00" />
<meta name="twitter:card" content="summary_large_image" />
<script type="application/ld+json" class="yoast-schema-graph">{"@context":"https:\/\/schema.org","@graph":[{"@type":"WebPage","@id":"https:\/\/www.sausseron-impressionnistes.fr\/index.php\/collecte-et-traitement-des-dechets-menagers-et-assimiles\/","url":"https:\/\/www.sausseron-impressionnistes.fr\/index.php\/collecte-et-traitement-des-dechets-menagers-et-assimiles\/","name":"Collecte et traitement des déchets ménagers et assimilés - Communauté de Communes Sausseron Impressionnistes","isPartOf":{"@id":"https:\/\/www.sausseron-impressionnistes.fr\/#website"},"datePublished":"2021-03-01T09:28:20+00:00","dateModified":"2021-03-01T13:12:21+00:00","breadcrumb":{"@id":"https:\/\/www.sausseron-impressionnistes.fr\/index.php\/collecte-et-traitement-des-dechets-menagers-et-assimiles\/#breadcrumb"},"inLanguage":"fr-FR","potentialAction":[{"@type":"ReadAction","target":["https:\/\/www.sausseron-impressionnistes.fr\/index.php\/collecte-et-traitement-des-dechets-menagers-et-assimiles\/"]}]},{"@type":"BreadcrumbList","@id":"https:\/\/www.sausseron-impressionnistes.fr\/index.php\/collecte-et-traitement-des-dechets-menagers-et-assimiles\/#breadcrumb","itemListElement":[{"@type":"ListItem","position":1,"name":"Accueil","item":"https:\/\/www.sausseron-impressionnistes.fr\/"},{"@type":"ListItem","position":2,"name":"Collecte et traitement des déchets ménagers et assimilés"}]},{"@type":"WebSite","@id":"https:\/\/www.sausseron-impressionnistes.fr\/#website","url":"https:\/\/www.sausseron-impressionnistes.fr\/","name":"Communauté de Communes Sausseron Impressionnistes","description":"","potentialAction":[{"@type":"SearchAction","target":{"@type":"EntryPoint","urlTemplate":"https:\/\/www.sausseron-impressionnistes.fr\/?s={search_term_string}"},"query-input":{"@type":"PropertyValueSpecification","valueRequired":true,"valueName":"search_term_string"}}],"inLanguage":"fr-FR"}]}</script>
<!-- / Yoast SEO plugin. -->

Collecte et traitement des déchets ménagers et assimilés - Communauté de Communes Sausseron Impressionnistes

La Communauté délègue à trois syndicats intercommunaux la gestion des déchets ménagers. • Le syndicat TRI-ACTION gère la collecte et le traitement des déchets de la ville d’Auvers-sur-Oise. • Le syndicat TRI-Or gère la collecte et le traitement des déchets pour les villes d&rsquo;Hédouville et Frouville. • Le syndicat SMIRTOM (Syndicat Mixte de Ramassage et &hellip; Continuer la lecture de &laquo;&nbsp;Collecte et traitement des déchets ménagers et assimilés&nbsp;&raquo;

Communauté de Communes Sausseron Impressionnistes
