{"id":239,"date":"2021-03-01T10:28:20","date_gmt":"2021-03-01T09:28:20","guid":{"rendered":"http:\/\/www.sausseron-impressionnistes.fr\/?page_id=239"},"modified":"2021-03-01T18:01:49","modified_gmt":"2021-03-01T17:01:49","slug":"gestion-des-aires-daccueil-des-gens-du-voyage-2","status":"publish","type":"page","link":"https:\/\/www.sausseron-impressionnistes.fr\/index.php\/gestion-des-aires-daccueil-des-gens-du-voyage-2\/","title":{"rendered":"Gestion des aires d&rsquo;accueil des gens du voyage"},"content":{"rendered":"\n<p>La comp\u00e9tence a \u00e9t\u00e9 transf\u00e9r\u00e9e \u00e0 la CCSI en janvier 2017. Le Sch\u00e9ma D\u00e9partemental d&rsquo;Accueil et d&rsquo;Habitat des Gens du Voyage (SDAHGV) de 2020 inscrit au moins une aire d\u2019accueil par Communaut\u00e9 de Communes.<\/p>\n\n\n\n<p><strong><span style=\"color:#10d56c\" class=\"has-inline-color\">Les besoins identifi\u00e9s par l&rsquo;\u00c9tat sont :<\/span><\/strong><\/p>\n\n\n\n<p>Des petits passages relev\u00e9s sur deux communes, notamment \u00e0 Ennery et \u00e0 Nesles-la-Vall\u00e9e.Des m\u00e9nages sont install\u00e9s \u00e0 Livilliers.<\/p>\n\n\n\n<p><strong><span style=\"color:#10d56c\" class=\"has-inline-color\">La prescriptions du sch\u00e9ma r\u00e9vis\u00e9 est de :<\/span><\/strong><\/p>\n\n\n\n<p>\u2022 10 places de terrains familiaux locatifs<\/p>\n\n\n\n<p>\u2022 Une aire permanente d\u2019accueil de 16 places<\/p>\n\n\n\n<p>La Communaut\u00e9 sera charg\u00e9e de mettre en oeuvre les dispositions du Sch\u00e9ma D\u00e9partemental et contribuer financi\u00e8rement \u00e0 l\u2019am\u00e9nagement et \u00e0 l\u2019entretien de l&rsquo;aire d\u2019accueil.<\/p>\n","protected":false},"excerpt":{"rendered":"<p>La comp\u00e9tence a \u00e9t\u00e9 transf\u00e9r\u00e9e \u00e0 la CCSI en janvier 2017. Le Sch\u00e9ma D\u00e9partemental d&rsquo;Accueil et d&rsquo;Habitat des Gens du Voyage (SDAHGV) de 2020 inscrit au moins une aire d\u2019accueil par Communaut\u00e9 de Communes. Les besoins identifi\u00e9s par l&rsquo;\u00c9tat sont : Des petits passages relev\u00e9s sur deux communes, notamment \u00e0 Ennery et \u00e0 Nesles-la-Vall\u00e9e.Des m\u00e9nages &hellip; <\/p>\n<p class=\"link-more\"><a href=\"https:\/\/www.sausseron-impressionnistes.fr\/index.php\/gestion-des-aires-daccueil-des-gens-du-voyage-2\/\" class=\"more-link\">Continuer la lecture<span class=\"screen-reader-text\"> de &laquo;&nbsp;Gestion des aires d&rsquo;accueil des gens du voyage&nbsp;&raquo;<\/span><\/a><\/p>\n","protected":false},"author":1,"featured_media":0,"parent":0,"menu_order":0,"comment_status":"closed","ping_status":"closed","template":"","meta":{"footnotes":""},"class_list":["post-239","page","type-page","status-publish","hentry"],"yoast_head":"<!-- This site is optimized with the Yoast SEO plugin v27.4 - https:\/\/yoast.com\/product\/yoast-seo-wordpress\/ -->\n<title>Gestion des aires d&#039;accueil des gens du voyage - Communaut\u00e9 de Communes Sausseron Impressionnistes<\/title>\n<meta name=\"robots\" content=\"index, follow, max-snippet:-1, max-image-preview:large, max-video-preview:-1\" \/>\n<link rel=\"canonical\" href=\"https:\/\/www.sausseron-impressionnistes.fr\/index.php\/gestion-des-aires-daccueil-des-gens-du-voyage-2\/\" \/>\n<meta property=\"og:locale\" content=\"fr_FR\" \/>\n<meta property=\"og:type\" content=\"article\" \/>\n<meta property=\"og:title\" content=\"Gestion des aires d&#039;accueil des gens du voyage - Communaut\u00e9 de Communes Sausseron Impressionnistes\" \/>\n<meta property=\"og:description\" content=\"La comp\u00e9tence a \u00e9t\u00e9 transf\u00e9r\u00e9e \u00e0 la CCSI en janvier 2017. Le Sch\u00e9ma D\u00e9partemental d&rsquo;Accueil et d&rsquo;Habitat des Gens du Voyage (SDAHGV) de 2020 inscrit au moins une aire d\u2019accueil par Communaut\u00e9 de Communes. Les besoins identifi\u00e9s par l&rsquo;\u00c9tat sont : Des petits passages relev\u00e9s sur deux communes, notamment \u00e0 Ennery et \u00e0 Nesles-la-Vall\u00e9e.Des m\u00e9nages &hellip; Continuer la lecture de &laquo;&nbsp;Gestion des aires d&rsquo;accueil des gens du voyage&nbsp;&raquo;\" \/>\n<meta property=\"og:url\" content=\"https:\/\/www.sausseron-impressionnistes.fr\/index.php\/gestion-des-aires-daccueil-des-gens-du-voyage-2\/\" \/>\n<meta property=\"og:site_name\" content=\"Communaut\u00e9 de Communes Sausseron Impressionnistes\" \/>\n<meta property=\"article:modified_time\" content=\"2021-03-01T17:01:49+00:00\" \/>\n<meta name=\"twitter:card\" content=\"summary_large_image\" \/>\n<meta name=\"twitter:label1\" content=\"Dur\u00e9e de lecture estim\u00e9e\" \/>\n\t<meta name=\"twitter:data1\" content=\"1 minute\" \/>\n<script type=\"application\/ld+json\" class=\"yoast-schema-graph\">{\"@context\":\"https:\\\/\\\/schema.org\",\"@graph\":[{\"@type\":\"WebPage\",\"@id\":\"https:\\\/\\\/www.sausseron-impressionnistes.fr\\\/index.php\\\/gestion-des-aires-daccueil-des-gens-du-voyage-2\\\/\",\"url\":\"https:\\\/\\\/www.sausseron-impressionnistes.fr\\\/index.php\\\/gestion-des-aires-daccueil-des-gens-du-voyage-2\\\/\",\"name\":\"Gestion des aires d'accueil des gens du voyage - Communaut\u00e9 de Communes Sausseron Impressionnistes\",\"isPartOf\":{\"@id\":\"https:\\\/\\\/www.sausseron-impressionnistes.fr\\\/#website\"},\"datePublished\":\"2021-03-01T09:28:20+00:00\",\"dateModified\":\"2021-03-01T17:01:49+00:00\",\"breadcrumb\":{\"@id\":\"https:\\\/\\\/www.sausseron-impressionnistes.fr\\\/index.php\\\/gestion-des-aires-daccueil-des-gens-du-voyage-2\\\/#breadcrumb\"},\"inLanguage\":\"fr-FR\",\"potentialAction\":[{\"@type\":\"ReadAction\",\"target\":[\"https:\\\/\\\/www.sausseron-impressionnistes.fr\\\/index.php\\\/gestion-des-aires-daccueil-des-gens-du-voyage-2\\\/\"]}]},{\"@type\":\"BreadcrumbList\",\"@id\":\"https:\\\/\\\/www.sausseron-impressionnistes.fr\\\/index.php\\\/gestion-des-aires-daccueil-des-gens-du-voyage-2\\\/#breadcrumb\",\"itemListElement\":[{\"@type\":\"ListItem\",\"position\":1,\"name\":\"Accueil\",\"item\":\"https:\\\/\\\/www.sausseron-impressionnistes.fr\\\/\"},{\"@type\":\"ListItem\",\"position\":2,\"name\":\"Gestion des aires d&rsquo;accueil des gens du voyage\"}]},{\"@type\":\"WebSite\",\"@id\":\"https:\\\/\\\/www.sausseron-impressionnistes.fr\\\/#website\",\"url\":\"https:\\\/\\\/www.sausseron-impressionnistes.fr\\\/\",\"name\":\"Communaut\u00e9 de Communes Sausseron Impressionnistes\",\"description\":\"\",\"potentialAction\":[{\"@type\":\"SearchAction\",\"target\":{\"@type\":\"EntryPoint\",\"urlTemplate\":\"https:\\\/\\\/www.sausseron-impressionnistes.fr\\\/?s={search_term_string}\"},\"query-input\":{\"@type\":\"PropertyValueSpecification\",\"valueRequired\":true,\"valueName\":\"search_term_string\"}}],\"inLanguage\":\"fr-FR\"}]}<\/script>\n<!-- \/ Yoast SEO plugin. -->","yoast_head_json":{"title":"Gestion des aires d'accueil des gens du voyage - Communaut\u00e9 de Communes Sausseron Impressionnistes","robots":{"index":"index","follow":"follow","max-snippet":"max-snippet:-1","max-image-preview":"max-image-preview:large","max-video-preview":"max-video-preview:-1"},"canonical":"https:\/\/www.sausseron-impressionnistes.fr\/index.php\/gestion-des-aires-daccueil-des-gens-du-voyage-2\/","og_locale":"fr_FR","og_type":"article","og_title":"Gestion des aires d'accueil des gens du voyage - Communaut\u00e9 de Communes Sausseron Impressionnistes","og_description":"La comp\u00e9tence a \u00e9t\u00e9 transf\u00e9r\u00e9e \u00e0 la CCSI en janvier 2017. Le Sch\u00e9ma D\u00e9partemental d&rsquo;Accueil et d&rsquo;Habitat des Gens du Voyage (SDAHGV) de 2020 inscrit au moins une aire d\u2019accueil par Communaut\u00e9 de Communes. Les besoins identifi\u00e9s par l&rsquo;\u00c9tat sont : Des petits passages relev\u00e9s sur deux communes, notamment \u00e0 Ennery et \u00e0 Nesles-la-Vall\u00e9e.Des m\u00e9nages &hellip; Continuer la lecture de &laquo;&nbsp;Gestion des aires d&rsquo;accueil des gens du voyage&nbsp;&raquo;","og_url":"https:\/\/www.sausseron-impressionnistes.fr\/index.php\/gestion-des-aires-daccueil-des-gens-du-voyage-2\/","og_site_name":"Communaut\u00e9 de Communes Sausseron Impressionnistes","article_modified_time":"2021-03-01T17:01:49+00:00","twitter_card":"summary_large_image","twitter_misc":{"Dur\u00e9e de lecture estim\u00e9e":"1 minute"},"schema":{"@context":"https:\/\/schema.org","@graph":[{"@type":"WebPage","@id":"https:\/\/www.sausseron-impressionnistes.fr\/index.php\/gestion-des-aires-daccueil-des-gens-du-voyage-2\/","url":"https:\/\/www.sausseron-impressionnistes.fr\/index.php\/gestion-des-aires-daccueil-des-gens-du-voyage-2\/","name":"Gestion des aires d'accueil des gens du voyage - Communaut\u00e9 de Communes Sausseron Impressionnistes","isPartOf":{"@id":"https:\/\/www.sausseron-impressionnistes.fr\/#website"},"datePublished":"2021-03-01T09:28:20+00:00","dateModified":"2021-03-01T17:01:49+00:00","breadcrumb":{"@id":"https:\/\/www.sausseron-impressionnistes.fr\/index.php\/gestion-des-aires-daccueil-des-gens-du-voyage-2\/#breadcrumb"},"inLanguage":"fr-FR","potentialAction":[{"@type":"ReadAction","target":["https:\/\/www.sausseron-impressionnistes.fr\/index.php\/gestion-des-aires-daccueil-des-gens-du-voyage-2\/"]}]},{"@type":"BreadcrumbList","@id":"https:\/\/www.sausseron-impressionnistes.fr\/index.php\/gestion-des-aires-daccueil-des-gens-du-voyage-2\/#breadcrumb","itemListElement":[{"@type":"ListItem","position":1,"name":"Accueil","item":"https:\/\/www.sausseron-impressionnistes.fr\/"},{"@type":"ListItem","position":2,"name":"Gestion des aires d&rsquo;accueil des gens du voyage"}]},{"@type":"WebSite","@id":"https:\/\/www.sausseron-impressionnistes.fr\/#website","url":"https:\/\/www.sausseron-impressionnistes.fr\/","name":"Communaut\u00e9 de Communes Sausseron Impressionnistes","description":"","potentialAction":[{"@type":"SearchAction","target":{"@type":"EntryPoint","urlTemplate":"https:\/\/www.sausseron-impressionnistes.fr\/?s={search_term_string}"},"query-input":{"@type":"PropertyValueSpecification","valueRequired":true,"valueName":"search_term_string"}}],"inLanguage":"fr-FR"}]}},"_links":{"self":[{"href":"https:\/\/www.sausseron-impressionnistes.fr\/index.php\/wp-json\/wp\/v2\/pages\/239","targetHints":{"allow":["GET"]}}],"collection":[{"href":"https:\/\/www.sausseron-impressionnistes.fr\/index.php\/wp-json\/wp\/v2\/pages"}],"about":[{"href":"https:\/\/www.sausseron-impressionnistes.fr\/index.php\/wp-json\/wp\/v2\/types\/page"}],"author":[{"embeddable":true,"href":"https:\/\/www.sausseron-impressionnistes.fr\/index.php\/wp-json\/wp\/v2\/users\/1"}],"replies":[{"embeddable":true,"href":"https:\/\/www.sausseron-impressionnistes.fr\/index.php\/wp-json\/wp\/v2\/comments?post=239"}],"version-history":[{"count":3,"href":"https:\/\/www.sausseron-impressionnistes.fr\/index.php\/wp-json\/wp\/v2\/pages\/239\/revisions"}],"predecessor-version":[{"id":457,"href":"https:\/\/www.sausseron-impressionnistes.fr\/index.php\/wp-json\/wp\/v2\/pages\/239\/revisions\/457"}],"wp:attachment":[{"href":"https:\/\/www.sausseron-impressionnistes.fr\/index.php\/wp-json\/wp\/v2\/media?parent=239"}],"curies":[{"name":"wp","href":"https:\/\/api.w.org\/{rel}","templated":true}]}}