{"id":2120,"date":"2023-01-09T18:57:30","date_gmt":"2023-01-09T17:57:30","guid":{"rendered":"https:\/\/www.sausseron-impressionnistes.fr\/?page_id=2120"},"modified":"2023-01-10T13:54:45","modified_gmt":"2023-01-10T12:54:45","slug":"zac-parc-dactivites-des-portes-du-vexin","status":"publish","type":"page","link":"https:\/\/www.sausseron-impressionnistes.fr\/index.php\/zac-parc-dactivites-des-portes-du-vexin\/","title":{"rendered":"ZAC Parc d&rsquo;activit\u00e9s des portes du Vexin"},"content":{"rendered":"\n<p><strong>La Communaut\u00e9 de Communes, gestionnaire du Parc d\u2019Activit\u00e9s \u00ab\u00a0Les portes du Vexin\u00a0\u00bb \u00e0 Ennery, a fait l&rsquo;aquisition d&rsquo;une parcelle de 4370m2 pour y construire trois nouveaux b\u00e2timents.<\/strong><\/p>\n\n\n\n<figure class=\"wp-block-image size-full\"><img decoding=\"async\" width=\"849\" height=\"669\" src=\"https:\/\/www.sausseron-impressionnistes.fr\/wp-content\/uploads\/2023\/01\/Capture-decran-2023-01-10-135327.jpg\" alt=\"\" class=\"wp-image-2159\" srcset=\"https:\/\/www.sausseron-impressionnistes.fr\/wp-content\/uploads\/2023\/01\/Capture-decran-2023-01-10-135327.jpg 849w, https:\/\/www.sausseron-impressionnistes.fr\/wp-content\/uploads\/2023\/01\/Capture-decran-2023-01-10-135327-300x236.jpg 300w, https:\/\/www.sausseron-impressionnistes.fr\/wp-content\/uploads\/2023\/01\/Capture-decran-2023-01-10-135327-768x605.jpg 768w\" sizes=\"(max-width: 706px) 89vw, (max-width: 767px) 82vw, 740px\" \/><\/figure>\n\n\n\n<p><br><strong>LE PROGRAMME<\/strong><br>&#8211; <strong>2 b\u00e2timents : 9 ateliers destin\u00e9s \u00e0 la location<\/strong> (TPE\/PME) d\u2019une surface utile comprise entre 130 et 200 m2, avec acc\u00e8s poids lourds, espace de travail de plain-pied et espace bureau en \u00e9tage.<br>&#8211; <strong>1 b\u00e2timent : espaces de travail collaboratif<\/strong>, un accueil, une grande salle de r\u00e9union modulable (180m), un plateau de bureaux modulables, une caf\u00e9t\u00e9ria \u2026.<\/p>\n\n\n\n<p><strong><br>UN PROJET ARCHITECTURAL ADAPT\u00c9<\/strong><br>La r\u00e9ponse architecturale est adapt\u00e9e au site et \u00e0 ses caract\u00e9ristiques afin de garantir l\u2019insertion du projet dans son environnement. <\/p>\n\n\n\n<p>Plus g\u00e9n\u00e9ralement, les diff\u00e9rentes prescriptions et recommandations architecturales, paysag\u00e8res et environnementales respecteront la charte de qualit\u00e9 environnementale du Parc d&rsquo;activit\u00e9s.<\/p>\n\n\n\n<p><br><strong>Les travaux de VRD (voirie et r\u00e9seaux divers) sont lanc\u00e9s. Pose de la premi\u00e8re pierre en janvier 2023.<\/strong><\/p>\n\n\n\n<figure class=\"wp-block-image size-full\"><img decoding=\"async\" width=\"648\" height=\"951\" src=\"https:\/\/www.sausseron-impressionnistes.fr\/wp-content\/uploads\/2023\/01\/Capture-decran-2023-01-09-120132-1.jpg\" alt=\"\" class=\"wp-image-2157\" srcset=\"https:\/\/www.sausseron-impressionnistes.fr\/wp-content\/uploads\/2023\/01\/Capture-decran-2023-01-09-120132-1.jpg 648w, https:\/\/www.sausseron-impressionnistes.fr\/wp-content\/uploads\/2023\/01\/Capture-decran-2023-01-09-120132-1-204x300.jpg 204w\" sizes=\"(max-width: 648px) 100vw, 648px\" \/><\/figure>\n","protected":false},"excerpt":{"rendered":"<p>La Communaut\u00e9 de Communes, gestionnaire du Parc d\u2019Activit\u00e9s \u00ab\u00a0Les portes du Vexin\u00a0\u00bb \u00e0 Ennery, a fait l&rsquo;aquisition d&rsquo;une parcelle de 4370m2 pour y construire trois nouveaux b\u00e2timents. LE PROGRAMME&#8211; 2 b\u00e2timents : 9 ateliers destin\u00e9s \u00e0 la location (TPE\/PME) d\u2019une surface utile comprise entre 130 et 200 m2, avec acc\u00e8s poids lourds, espace de travail &hellip; <\/p>\n<p class=\"link-more\"><a href=\"https:\/\/www.sausseron-impressionnistes.fr\/index.php\/zac-parc-dactivites-des-portes-du-vexin\/\" class=\"more-link\">Continuer la lecture<span class=\"screen-reader-text\"> de &laquo;&nbsp;ZAC Parc d&rsquo;activit\u00e9s des portes du Vexin&nbsp;&raquo;<\/span><\/a><\/p>\n","protected":false},"author":1,"featured_media":0,"parent":0,"menu_order":0,"comment_status":"closed","ping_status":"closed","template":"","meta":{"footnotes":""},"class_list":["post-2120","page","type-page","status-publish","hentry"],"yoast_head":"<!-- This site is optimized with the Yoast SEO plugin v27.4 - https:\/\/yoast.com\/product\/yoast-seo-wordpress\/ -->\n<title>ZAC Parc d&#039;activit\u00e9s des portes du Vexin - Communaut\u00e9 de Communes Sausseron Impressionnistes<\/title>\n<meta name=\"robots\" content=\"index, follow, max-snippet:-1, max-image-preview:large, max-video-preview:-1\" \/>\n<link rel=\"canonical\" href=\"https:\/\/www.sausseron-impressionnistes.fr\/index.php\/zac-parc-dactivites-des-portes-du-vexin\/\" \/>\n<meta property=\"og:locale\" content=\"fr_FR\" \/>\n<meta property=\"og:type\" content=\"article\" \/>\n<meta property=\"og:title\" content=\"ZAC Parc d&#039;activit\u00e9s des portes du Vexin - Communaut\u00e9 de Communes Sausseron Impressionnistes\" \/>\n<meta property=\"og:description\" content=\"La Communaut\u00e9 de Communes, gestionnaire du Parc d\u2019Activit\u00e9s \u00ab\u00a0Les portes du Vexin\u00a0\u00bb \u00e0 Ennery, a fait l&rsquo;aquisition d&rsquo;une parcelle de 4370m2 pour y construire trois nouveaux b\u00e2timents. LE PROGRAMME&#8211; 2 b\u00e2timents : 9 ateliers destin\u00e9s \u00e0 la location (TPE\/PME) d\u2019une surface utile comprise entre 130 et 200 m2, avec acc\u00e8s poids lourds, espace de travail &hellip; Continuer la lecture de &laquo;&nbsp;ZAC Parc d&rsquo;activit\u00e9s des portes du Vexin&nbsp;&raquo;\" \/>\n<meta property=\"og:url\" content=\"https:\/\/www.sausseron-impressionnistes.fr\/index.php\/zac-parc-dactivites-des-portes-du-vexin\/\" \/>\n<meta property=\"og:site_name\" content=\"Communaut\u00e9 de Communes Sausseron Impressionnistes\" \/>\n<meta property=\"article:modified_time\" content=\"2023-01-10T12:54:45+00:00\" \/>\n<meta property=\"og:image\" content=\"https:\/\/www.sausseron-impressionnistes.fr\/wp-content\/uploads\/2023\/01\/Capture-decran-2023-01-10-135327.jpg\" \/>\n<meta name=\"twitter:card\" content=\"summary_large_image\" \/>\n<meta name=\"twitter:label1\" content=\"Dur\u00e9e de lecture estim\u00e9e\" \/>\n\t<meta name=\"twitter:data1\" content=\"2 minutes\" \/>\n<script type=\"application\/ld+json\" class=\"yoast-schema-graph\">{\"@context\":\"https:\\\/\\\/schema.org\",\"@graph\":[{\"@type\":\"WebPage\",\"@id\":\"https:\\\/\\\/www.sausseron-impressionnistes.fr\\\/index.php\\\/zac-parc-dactivites-des-portes-du-vexin\\\/\",\"url\":\"https:\\\/\\\/www.sausseron-impressionnistes.fr\\\/index.php\\\/zac-parc-dactivites-des-portes-du-vexin\\\/\",\"name\":\"ZAC Parc d'activit\u00e9s des portes du Vexin - Communaut\u00e9 de Communes Sausseron Impressionnistes\",\"isPartOf\":{\"@id\":\"https:\\\/\\\/www.sausseron-impressionnistes.fr\\\/#website\"},\"primaryImageOfPage\":{\"@id\":\"https:\\\/\\\/www.sausseron-impressionnistes.fr\\\/index.php\\\/zac-parc-dactivites-des-portes-du-vexin\\\/#primaryimage\"},\"image\":{\"@id\":\"https:\\\/\\\/www.sausseron-impressionnistes.fr\\\/index.php\\\/zac-parc-dactivites-des-portes-du-vexin\\\/#primaryimage\"},\"thumbnailUrl\":\"https:\\\/\\\/www.sausseron-impressionnistes.fr\\\/wp-content\\\/uploads\\\/2023\\\/01\\\/Capture-decran-2023-01-10-135327.jpg\",\"datePublished\":\"2023-01-09T17:57:30+00:00\",\"dateModified\":\"2023-01-10T12:54:45+00:00\",\"breadcrumb\":{\"@id\":\"https:\\\/\\\/www.sausseron-impressionnistes.fr\\\/index.php\\\/zac-parc-dactivites-des-portes-du-vexin\\\/#breadcrumb\"},\"inLanguage\":\"fr-FR\",\"potentialAction\":[{\"@type\":\"ReadAction\",\"target\":[\"https:\\\/\\\/www.sausseron-impressionnistes.fr\\\/index.php\\\/zac-parc-dactivites-des-portes-du-vexin\\\/\"]}]},{\"@type\":\"ImageObject\",\"inLanguage\":\"fr-FR\",\"@id\":\"https:\\\/\\\/www.sausseron-impressionnistes.fr\\\/index.php\\\/zac-parc-dactivites-des-portes-du-vexin\\\/#primaryimage\",\"url\":\"https:\\\/\\\/www.sausseron-impressionnistes.fr\\\/wp-content\\\/uploads\\\/2023\\\/01\\\/Capture-decran-2023-01-10-135327.jpg\",\"contentUrl\":\"https:\\\/\\\/www.sausseron-impressionnistes.fr\\\/wp-content\\\/uploads\\\/2023\\\/01\\\/Capture-decran-2023-01-10-135327.jpg\",\"width\":849,\"height\":669},{\"@type\":\"BreadcrumbList\",\"@id\":\"https:\\\/\\\/www.sausseron-impressionnistes.fr\\\/index.php\\\/zac-parc-dactivites-des-portes-du-vexin\\\/#breadcrumb\",\"itemListElement\":[{\"@type\":\"ListItem\",\"position\":1,\"name\":\"Accueil\",\"item\":\"https:\\\/\\\/www.sausseron-impressionnistes.fr\\\/\"},{\"@type\":\"ListItem\",\"position\":2,\"name\":\"ZAC Parc d&rsquo;activit\u00e9s des portes du Vexin\"}]},{\"@type\":\"WebSite\",\"@id\":\"https:\\\/\\\/www.sausseron-impressionnistes.fr\\\/#website\",\"url\":\"https:\\\/\\\/www.sausseron-impressionnistes.fr\\\/\",\"name\":\"Communaut\u00e9 de Communes Sausseron Impressionnistes\",\"description\":\"\",\"potentialAction\":[{\"@type\":\"SearchAction\",\"target\":{\"@type\":\"EntryPoint\",\"urlTemplate\":\"https:\\\/\\\/www.sausseron-impressionnistes.fr\\\/?s={search_term_string}\"},\"query-input\":{\"@type\":\"PropertyValueSpecification\",\"valueRequired\":true,\"valueName\":\"search_term_string\"}}],\"inLanguage\":\"fr-FR\"}]}<\/script>\n<!-- \/ Yoast SEO plugin. -->","yoast_head_json":{"title":"ZAC Parc d'activit\u00e9s des portes du Vexin - Communaut\u00e9 de Communes Sausseron Impressionnistes","robots":{"index":"index","follow":"follow","max-snippet":"max-snippet:-1","max-image-preview":"max-image-preview:large","max-video-preview":"max-video-preview:-1"},"canonical":"https:\/\/www.sausseron-impressionnistes.fr\/index.php\/zac-parc-dactivites-des-portes-du-vexin\/","og_locale":"fr_FR","og_type":"article","og_title":"ZAC Parc d'activit\u00e9s des portes du Vexin - Communaut\u00e9 de Communes Sausseron Impressionnistes","og_description":"La Communaut\u00e9 de Communes, gestionnaire du Parc d\u2019Activit\u00e9s \u00ab\u00a0Les portes du Vexin\u00a0\u00bb \u00e0 Ennery, a fait l&rsquo;aquisition d&rsquo;une parcelle de 4370m2 pour y construire trois nouveaux b\u00e2timents. LE PROGRAMME&#8211; 2 b\u00e2timents : 9 ateliers destin\u00e9s \u00e0 la location (TPE\/PME) d\u2019une surface utile comprise entre 130 et 200 m2, avec acc\u00e8s poids lourds, espace de travail &hellip; Continuer la lecture de &laquo;&nbsp;ZAC Parc d&rsquo;activit\u00e9s des portes du Vexin&nbsp;&raquo;","og_url":"https:\/\/www.sausseron-impressionnistes.fr\/index.php\/zac-parc-dactivites-des-portes-du-vexin\/","og_site_name":"Communaut\u00e9 de Communes Sausseron Impressionnistes","article_modified_time":"2023-01-10T12:54:45+00:00","og_image":[{"url":"https:\/\/www.sausseron-impressionnistes.fr\/wp-content\/uploads\/2023\/01\/Capture-decran-2023-01-10-135327.jpg","type":"","width":"","height":""}],"twitter_card":"summary_large_image","twitter_misc":{"Dur\u00e9e de lecture estim\u00e9e":"2 minutes"},"schema":{"@context":"https:\/\/schema.org","@graph":[{"@type":"WebPage","@id":"https:\/\/www.sausseron-impressionnistes.fr\/index.php\/zac-parc-dactivites-des-portes-du-vexin\/","url":"https:\/\/www.sausseron-impressionnistes.fr\/index.php\/zac-parc-dactivites-des-portes-du-vexin\/","name":"ZAC Parc d'activit\u00e9s des portes du Vexin - Communaut\u00e9 de Communes Sausseron Impressionnistes","isPartOf":{"@id":"https:\/\/www.sausseron-impressionnistes.fr\/#website"},"primaryImageOfPage":{"@id":"https:\/\/www.sausseron-impressionnistes.fr\/index.php\/zac-parc-dactivites-des-portes-du-vexin\/#primaryimage"},"image":{"@id":"https:\/\/www.sausseron-impressionnistes.fr\/index.php\/zac-parc-dactivites-des-portes-du-vexin\/#primaryimage"},"thumbnailUrl":"https:\/\/www.sausseron-impressionnistes.fr\/wp-content\/uploads\/2023\/01\/Capture-decran-2023-01-10-135327.jpg","datePublished":"2023-01-09T17:57:30+00:00","dateModified":"2023-01-10T12:54:45+00:00","breadcrumb":{"@id":"https:\/\/www.sausseron-impressionnistes.fr\/index.php\/zac-parc-dactivites-des-portes-du-vexin\/#breadcrumb"},"inLanguage":"fr-FR","potentialAction":[{"@type":"ReadAction","target":["https:\/\/www.sausseron-impressionnistes.fr\/index.php\/zac-parc-dactivites-des-portes-du-vexin\/"]}]},{"@type":"ImageObject","inLanguage":"fr-FR","@id":"https:\/\/www.sausseron-impressionnistes.fr\/index.php\/zac-parc-dactivites-des-portes-du-vexin\/#primaryimage","url":"https:\/\/www.sausseron-impressionnistes.fr\/wp-content\/uploads\/2023\/01\/Capture-decran-2023-01-10-135327.jpg","contentUrl":"https:\/\/www.sausseron-impressionnistes.fr\/wp-content\/uploads\/2023\/01\/Capture-decran-2023-01-10-135327.jpg","width":849,"height":669},{"@type":"BreadcrumbList","@id":"https:\/\/www.sausseron-impressionnistes.fr\/index.php\/zac-parc-dactivites-des-portes-du-vexin\/#breadcrumb","itemListElement":[{"@type":"ListItem","position":1,"name":"Accueil","item":"https:\/\/www.sausseron-impressionnistes.fr\/"},{"@type":"ListItem","position":2,"name":"ZAC Parc d&rsquo;activit\u00e9s des portes du Vexin"}]},{"@type":"WebSite","@id":"https:\/\/www.sausseron-impressionnistes.fr\/#website","url":"https:\/\/www.sausseron-impressionnistes.fr\/","name":"Communaut\u00e9 de Communes Sausseron Impressionnistes","description":"","potentialAction":[{"@type":"SearchAction","target":{"@type":"EntryPoint","urlTemplate":"https:\/\/www.sausseron-impressionnistes.fr\/?s={search_term_string}"},"query-input":{"@type":"PropertyValueSpecification","valueRequired":true,"valueName":"search_term_string"}}],"inLanguage":"fr-FR"}]}},"_links":{"self":[{"href":"https:\/\/www.sausseron-impressionnistes.fr\/index.php\/wp-json\/wp\/v2\/pages\/2120","targetHints":{"allow":["GET"]}}],"collection":[{"href":"https:\/\/www.sausseron-impressionnistes.fr\/index.php\/wp-json\/wp\/v2\/pages"}],"about":[{"href":"https:\/\/www.sausseron-impressionnistes.fr\/index.php\/wp-json\/wp\/v2\/types\/page"}],"author":[{"embeddable":true,"href":"https:\/\/www.sausseron-impressionnistes.fr\/index.php\/wp-json\/wp\/v2\/users\/1"}],"replies":[{"embeddable":true,"href":"https:\/\/www.sausseron-impressionnistes.fr\/index.php\/wp-json\/wp\/v2\/comments?post=2120"}],"version-history":[{"count":3,"href":"https:\/\/www.sausseron-impressionnistes.fr\/index.php\/wp-json\/wp\/v2\/pages\/2120\/revisions"}],"predecessor-version":[{"id":2160,"href":"https:\/\/www.sausseron-impressionnistes.fr\/index.php\/wp-json\/wp\/v2\/pages\/2120\/revisions\/2160"}],"wp:attachment":[{"href":"https:\/\/www.sausseron-impressionnistes.fr\/index.php\/wp-json\/wp\/v2\/media?parent=2120"}],"curies":[{"name":"wp","href":"https:\/\/api.w.org\/{rel}","templated":true}]}}