{"id":1131,"date":"2021-12-30T17:39:15","date_gmt":"2021-12-30T16:39:15","guid":{"rendered":"https:\/\/www.sausseron-impressionnistes.fr\/?page_id=1131"},"modified":"2025-08-27T11:10:58","modified_gmt":"2025-08-27T09:10:58","slug":"instruction-du-droit-des-sols","status":"publish","type":"page","link":"https:\/\/www.sausseron-impressionnistes.fr\/index.php\/instruction-du-droit-des-sols\/","title":{"rendered":"Instruction du droit des sols"},"content":{"rendered":"\n<p>L&rsquo;instruction des autorisations du droit des sols est g\u00e9r\u00e9e par la CCSI depuis 2016 et est mutualis\u00e9e pour les quinze communes du territoire.<\/p>\n\n\n\n<p>Le service instructeur est compos\u00e9 de deux agents dont les locaux se situe  au 38, rue du G\u00e9n\u00e9ral de Gaulle \u00e0 Auvers-sur-Oise.<\/p>\n\n\n\n<p>Le service a vocation \u00e0 instruire pour l\u2019ensemble des communes appartenant au territoire Sausseron Impressionnistes. Les maires des communes membres gardent la comp\u00e9tence en mati\u00e8re de droit des sols et pourront s\u2019appuyer sur ce service qui aura pour objectif d\u2019apporter aux communes un conseil en amont et d\u2019\u00eatre le plus r\u00e9actif possible aux demandes des p\u00e9titionnaires.<\/p>\n\n\n\n<p><strong><span class=\"has-inline-color has-luminous-vivid-orange-color\">MISSION DU SERVICE<\/span><\/strong><\/p>\n\n\n\n<p>La mission principale d\u2019instruction consiste \u00e0 v\u00e9rifier la conformit\u00e9 des demandes d\u2019autorisations avec les r\u00e8gles d\u2019urbanisme applicable au territoire de la commune concern\u00e9e et de proposer un projet d\u2019avis au maire.<\/p>\n\n\n\n<p><strong><span class=\"has-inline-color has-luminous-vivid-orange-color\">MODE D&rsquo;EMPLOI<\/span><\/strong><\/p>\n\n\n\n<p>Sur tout le territoire,<strong>&nbsp;particuliers ou professionnels,<\/strong>&nbsp;vous aurez la possibilit\u00e9 de transmettre de mani\u00e8re d\u00e9mat\u00e9rialis\u00e9e&nbsp;<strong>toute demande d\u2019autorisation relative au droit des sols<\/strong>&nbsp;(permis de construire, permis d\u2018am\u00e9nager, d\u00e9claration pr\u00e9alable, certificat d\u2019urbanisme\u2026)&nbsp;<strong>\u00e0 l\u2019ensemble des 15 communes<\/strong>.&nbsp;<\/p>\n\n\n\n<p><strong>N\u00e9anmoins, le d\u00e9p\u00f4t en mairie d\u2019un dossier au format papier est toujours possible.<\/strong><\/p>\n\n\n\n<p>Pour d\u00e9poser une demande d&rsquo;autorisation d&rsquo;urbanisme cliquez <strong><a href=\"https:\/\/gnau31.operis.fr\/ccsi\/gnau\" target=\"_blank\" rel=\"noreferrer noopener\">ICI<\/a> <\/strong><\/p>\n\n\n\n<p>Votre mairie reste votre interlocuteur pour toutes questions relatives \u00e0 vos travaux.<\/p>\n\n\n\n<p>La CCSI est uniquement charg\u00e9e de l&rsquo;instruction des dossiers qui lui sont confi\u00e9s.<\/p>\n\n\n\n<p><strong><span class=\"has-inline-color has-luminous-vivid-orange-color\">CONTACT<\/span><\/strong><\/p>\n\n\n\n<p>Camille Demontrond : <a href=\"mailto:urbanisme@sausseron-impressionnistes.fr\">urbanisme@sausseron-impressionnistes.fr<\/a> <\/p>\n\n\n\n<p> : <a href=\"mailto:urbanisme2@sausseron-impressionnistes.fr\">urbanisme2@sausseron-impressionnistes.fr<\/a><\/p>\n\n\n\n<p><strong>T\u00e9l\u00e9phone unique : 06.31.57.13.86.<\/strong><\/p>\n\n\n\n<p><em>Horaires d&rsquo;ouvertures :<\/em><\/p>\n\n\n\n<p><em>Du lundi  au vendredi de 8h30 \u00e0 12h00 et de 13h30 \u00e0  17h.<\/em><\/p>\n\n\n\n<p><strong><span class=\"has-inline-color has-luminous-vivid-orange-color\">FORMULAIRES<\/span><\/strong><\/p>\n\n\n\n<p>Pour plus de renseignements sur les autorisations du sols ou pour t\u00e9l\u00e9charger les formulaires, vous pouvez vous rendre sur le site du <a href=\"https:\/\/www.service-public.fr\/particuliers\/vosdroits\/N319\" target=\"_blank\" rel=\"noreferrer noopener\"><strong>Service Public<\/strong><\/a><\/p>\n\n\n\n<p><strong><span class=\"has-inline-color has-luminous-vivid-orange-color\">PERMANCES DE L&rsquo;ARCHITECTE DES B\u00c2TIMENTS DE FRANCE (ABF)<\/span><\/strong><\/p>\n\n\n\n<p>Dans le cas o\u00f9 vous souhaiteriez d\u00e9poser un dossier concernant la construction d\u2019une maison, il vous est conseill\u00e9, avant de finaliser votre permis de construire, de&nbsp;<strong>prendre contact avec l\u2019Architecte des B\u00e2timents de France<\/strong>&nbsp;qui vous orientera au mieux. Ce dernier&nbsp;assure une permanence un mardi matin par mois au service instructeur \u00e0 Auvers-sur-Oise.<strong>&nbsp;<\/strong><\/p>\n\n\n\n<p><strong>Il est imp\u00e9ratif de prendre rendez-vous au 01.85.38.03.72.\u00a0<\/strong><\/p>\n\n\n\n<p class=\"has-text-align-center\"><strong><span class=\"has-inline-color has-luminous-vivid-orange-color\">VID\u00c9OS EXPLICATIVES<\/span><\/strong><\/p>\n\n\n\n<p><strong>Vous \u00eates un professionnel de la construction, du b\u00e2timent ou de l\u2019immobilier&nbsp;:<\/strong><\/p>\n\n\n\n<figure class=\"wp-block-embed is-type-video is-provider-dailymotion wp-block-embed-dailymotion wp-embed-aspect-16-9 wp-has-aspect-ratio\"><div class=\"wp-block-embed__wrapper\">\n<iframe loading=\"lazy\" title=\"La d\u00e9mat\u00e9rialisation du permis de construire pour les professionnels\" frameborder=\"0\" width=\"525\" height=\"295\" src=\"https:\/\/geo.dailymotion.com\/player.html?video=x84zamm&#038;\" allowfullscreen allow=\"autoplay; fullscreen; picture-in-picture; web-share\"><\/iframe>\n<\/div><\/figure>\n\n\n\n<p><strong>Vous \u00eates une collectivit\u00e9&nbsp;:<\/strong><\/p>\n\n\n\n<figure class=\"wp-block-embed is-type-video is-provider-dailymotion wp-block-embed-dailymotion wp-embed-aspect-16-9 wp-has-aspect-ratio\"><div class=\"wp-block-embed__wrapper\">\n<iframe loading=\"lazy\" title=\"Mon permis de construire en ligne pour les collectivit\u00e9s\" frameborder=\"0\" width=\"525\" height=\"295\" src=\"https:\/\/geo.dailymotion.com\/player.html?video=x8150xr&#038;\" allowfullscreen allow=\"autoplay; fullscreen; picture-in-picture; web-share\"><\/iframe>\n<\/div><\/figure>\n\n\n\n<p><a href=\"https:\/\/www.sausseron-impressionnistes.fr\/wp-content\/uploads\/2022\/03\/CGU-URBA-DEMAT.pdf\" target=\"_blank\" rel=\"noreferrer noopener\"><strong><span class=\"has-inline-color has-vivid-green-cyan-color\">CONDITIONS G\u00c9N\u00c9RALES D&rsquo;UTILISATION DU GNAU<\/span><\/strong><\/a><\/p>\n","protected":false},"excerpt":{"rendered":"<p>L&rsquo;instruction des autorisations du droit des sols est g\u00e9r\u00e9e par la CCSI depuis 2016 et est mutualis\u00e9e pour les quinze communes du territoire. Le service instructeur est compos\u00e9 de deux agents dont les locaux se situe au 38, rue du G\u00e9n\u00e9ral de Gaulle \u00e0 Auvers-sur-Oise. Le service a vocation \u00e0 instruire pour l\u2019ensemble des communes &hellip; <\/p>\n<p class=\"link-more\"><a href=\"https:\/\/www.sausseron-impressionnistes.fr\/index.php\/instruction-du-droit-des-sols\/\" class=\"more-link\">Continuer la lecture<span class=\"screen-reader-text\"> de &laquo;&nbsp;Instruction du droit des sols&nbsp;&raquo;<\/span><\/a><\/p>\n","protected":false},"author":1,"featured_media":0,"parent":0,"menu_order":0,"comment_status":"closed","ping_status":"closed","template":"","meta":{"footnotes":""},"class_list":["post-1131","page","type-page","status-publish","hentry"],"yoast_head":"<!-- This site is optimized with the Yoast SEO plugin v27.5 - https:\/\/yoast.com\/product\/yoast-seo-wordpress\/ -->\n<title>Instruction du droit des sols - Communaut\u00e9 de Communes Sausseron Impressionnistes<\/title>\n<meta name=\"robots\" content=\"index, follow, max-snippet:-1, max-image-preview:large, max-video-preview:-1\" \/>\n<link rel=\"canonical\" href=\"https:\/\/www.sausseron-impressionnistes.fr\/index.php\/instruction-du-droit-des-sols\/\" \/>\n<meta property=\"og:locale\" content=\"fr_FR\" \/>\n<meta property=\"og:type\" content=\"article\" \/>\n<meta property=\"og:title\" content=\"Instruction du droit des sols - Communaut\u00e9 de Communes Sausseron Impressionnistes\" \/>\n<meta property=\"og:description\" content=\"L&rsquo;instruction des autorisations du droit des sols est g\u00e9r\u00e9e par la CCSI depuis 2016 et est mutualis\u00e9e pour les quinze communes du territoire. Le service instructeur est compos\u00e9 de deux agents dont les locaux se situe au 38, rue du G\u00e9n\u00e9ral de Gaulle \u00e0 Auvers-sur-Oise. Le service a vocation \u00e0 instruire pour l\u2019ensemble des communes &hellip; Continuer la lecture de &laquo;&nbsp;Instruction du droit des sols&nbsp;&raquo;\" \/>\n<meta property=\"og:url\" content=\"https:\/\/www.sausseron-impressionnistes.fr\/index.php\/instruction-du-droit-des-sols\/\" \/>\n<meta property=\"og:site_name\" content=\"Communaut\u00e9 de Communes Sausseron Impressionnistes\" \/>\n<meta property=\"article:modified_time\" content=\"2025-08-27T09:10:58+00:00\" \/>\n<meta name=\"twitter:card\" content=\"summary_large_image\" \/>\n<meta name=\"twitter:label1\" content=\"Dur\u00e9e de lecture estim\u00e9e\" \/>\n\t<meta name=\"twitter:data1\" content=\"2 minutes\" \/>\n<script type=\"application\/ld+json\" class=\"yoast-schema-graph\">{\"@context\":\"https:\\\/\\\/schema.org\",\"@graph\":[{\"@type\":\"WebPage\",\"@id\":\"https:\\\/\\\/www.sausseron-impressionnistes.fr\\\/index.php\\\/instruction-du-droit-des-sols\\\/\",\"url\":\"https:\\\/\\\/www.sausseron-impressionnistes.fr\\\/index.php\\\/instruction-du-droit-des-sols\\\/\",\"name\":\"Instruction du droit des sols - Communaut\u00e9 de Communes Sausseron Impressionnistes\",\"isPartOf\":{\"@id\":\"https:\\\/\\\/www.sausseron-impressionnistes.fr\\\/#website\"},\"datePublished\":\"2021-12-30T16:39:15+00:00\",\"dateModified\":\"2025-08-27T09:10:58+00:00\",\"breadcrumb\":{\"@id\":\"https:\\\/\\\/www.sausseron-impressionnistes.fr\\\/index.php\\\/instruction-du-droit-des-sols\\\/#breadcrumb\"},\"inLanguage\":\"fr-FR\",\"potentialAction\":[{\"@type\":\"ReadAction\",\"target\":[\"https:\\\/\\\/www.sausseron-impressionnistes.fr\\\/index.php\\\/instruction-du-droit-des-sols\\\/\"]}]},{\"@type\":\"BreadcrumbList\",\"@id\":\"https:\\\/\\\/www.sausseron-impressionnistes.fr\\\/index.php\\\/instruction-du-droit-des-sols\\\/#breadcrumb\",\"itemListElement\":[{\"@type\":\"ListItem\",\"position\":1,\"name\":\"Accueil\",\"item\":\"https:\\\/\\\/www.sausseron-impressionnistes.fr\\\/\"},{\"@type\":\"ListItem\",\"position\":2,\"name\":\"Instruction du droit des sols\"}]},{\"@type\":\"WebSite\",\"@id\":\"https:\\\/\\\/www.sausseron-impressionnistes.fr\\\/#website\",\"url\":\"https:\\\/\\\/www.sausseron-impressionnistes.fr\\\/\",\"name\":\"Communaut\u00e9 de Communes Sausseron Impressionnistes\",\"description\":\"\",\"potentialAction\":[{\"@type\":\"SearchAction\",\"target\":{\"@type\":\"EntryPoint\",\"urlTemplate\":\"https:\\\/\\\/www.sausseron-impressionnistes.fr\\\/?s={search_term_string}\"},\"query-input\":{\"@type\":\"PropertyValueSpecification\",\"valueRequired\":true,\"valueName\":\"search_term_string\"}}],\"inLanguage\":\"fr-FR\"}]}<\/script>\n<!-- \/ Yoast SEO plugin. -->","yoast_head_json":{"title":"Instruction du droit des sols - Communaut\u00e9 de Communes Sausseron Impressionnistes","robots":{"index":"index","follow":"follow","max-snippet":"max-snippet:-1","max-image-preview":"max-image-preview:large","max-video-preview":"max-video-preview:-1"},"canonical":"https:\/\/www.sausseron-impressionnistes.fr\/index.php\/instruction-du-droit-des-sols\/","og_locale":"fr_FR","og_type":"article","og_title":"Instruction du droit des sols - Communaut\u00e9 de Communes Sausseron Impressionnistes","og_description":"L&rsquo;instruction des autorisations du droit des sols est g\u00e9r\u00e9e par la CCSI depuis 2016 et est mutualis\u00e9e pour les quinze communes du territoire. Le service instructeur est compos\u00e9 de deux agents dont les locaux se situe au 38, rue du G\u00e9n\u00e9ral de Gaulle \u00e0 Auvers-sur-Oise. Le service a vocation \u00e0 instruire pour l\u2019ensemble des communes &hellip; Continuer la lecture de &laquo;&nbsp;Instruction du droit des sols&nbsp;&raquo;","og_url":"https:\/\/www.sausseron-impressionnistes.fr\/index.php\/instruction-du-droit-des-sols\/","og_site_name":"Communaut\u00e9 de Communes Sausseron Impressionnistes","article_modified_time":"2025-08-27T09:10:58+00:00","twitter_card":"summary_large_image","twitter_misc":{"Dur\u00e9e de lecture estim\u00e9e":"2 minutes"},"schema":{"@context":"https:\/\/schema.org","@graph":[{"@type":"WebPage","@id":"https:\/\/www.sausseron-impressionnistes.fr\/index.php\/instruction-du-droit-des-sols\/","url":"https:\/\/www.sausseron-impressionnistes.fr\/index.php\/instruction-du-droit-des-sols\/","name":"Instruction du droit des sols - Communaut\u00e9 de Communes Sausseron Impressionnistes","isPartOf":{"@id":"https:\/\/www.sausseron-impressionnistes.fr\/#website"},"datePublished":"2021-12-30T16:39:15+00:00","dateModified":"2025-08-27T09:10:58+00:00","breadcrumb":{"@id":"https:\/\/www.sausseron-impressionnistes.fr\/index.php\/instruction-du-droit-des-sols\/#breadcrumb"},"inLanguage":"fr-FR","potentialAction":[{"@type":"ReadAction","target":["https:\/\/www.sausseron-impressionnistes.fr\/index.php\/instruction-du-droit-des-sols\/"]}]},{"@type":"BreadcrumbList","@id":"https:\/\/www.sausseron-impressionnistes.fr\/index.php\/instruction-du-droit-des-sols\/#breadcrumb","itemListElement":[{"@type":"ListItem","position":1,"name":"Accueil","item":"https:\/\/www.sausseron-impressionnistes.fr\/"},{"@type":"ListItem","position":2,"name":"Instruction du droit des sols"}]},{"@type":"WebSite","@id":"https:\/\/www.sausseron-impressionnistes.fr\/#website","url":"https:\/\/www.sausseron-impressionnistes.fr\/","name":"Communaut\u00e9 de Communes Sausseron Impressionnistes","description":"","potentialAction":[{"@type":"SearchAction","target":{"@type":"EntryPoint","urlTemplate":"https:\/\/www.sausseron-impressionnistes.fr\/?s={search_term_string}"},"query-input":{"@type":"PropertyValueSpecification","valueRequired":true,"valueName":"search_term_string"}}],"inLanguage":"fr-FR"}]}},"_links":{"self":[{"href":"https:\/\/www.sausseron-impressionnistes.fr\/index.php\/wp-json\/wp\/v2\/pages\/1131","targetHints":{"allow":["GET"]}}],"collection":[{"href":"https:\/\/www.sausseron-impressionnistes.fr\/index.php\/wp-json\/wp\/v2\/pages"}],"about":[{"href":"https:\/\/www.sausseron-impressionnistes.fr\/index.php\/wp-json\/wp\/v2\/types\/page"}],"author":[{"embeddable":true,"href":"https:\/\/www.sausseron-impressionnistes.fr\/index.php\/wp-json\/wp\/v2\/users\/1"}],"replies":[{"embeddable":true,"href":"https:\/\/www.sausseron-impressionnistes.fr\/index.php\/wp-json\/wp\/v2\/comments?post=1131"}],"version-history":[{"count":9,"href":"https:\/\/www.sausseron-impressionnistes.fr\/index.php\/wp-json\/wp\/v2\/pages\/1131\/revisions"}],"predecessor-version":[{"id":3347,"href":"https:\/\/www.sausseron-impressionnistes.fr\/index.php\/wp-json\/wp\/v2\/pages\/1131\/revisions\/3347"}],"wp:attachment":[{"href":"https:\/\/www.sausseron-impressionnistes.fr\/index.php\/wp-json\/wp\/v2\/media?parent=1131"}],"curies":[{"name":"wp","href":"https:\/\/api.w.org\/{rel}","templated":true}]}}